000
CXUS52 KJAX 081943
CF6CRG
PRELIMINARY LOCAL CLIMATOLOGICAL DATA (WS FORM: F-6)
STATION: CRAIG EXEC ARPT
MONTH: NOVEMBER
YEAR: 2023
LATITUDE: 30 19 N
LONGITUDE: 81 31 W
TEMPERATURE IN F: :PCPN: SNOW: WIND :SUNSHINE: SKY :PK WND
================================================================================
1 2 3 4 5 6A 6B 7 8 9 10 11 12 13 14 15 16 17 18
12Z AVG MX 2MIN
DY MAX MIN AVG DEP HDD CDD WTR SNW DPTH SPD SPD DIR MIN PSBL S-S WX SPD DR
================================================================================
1 69 52 61 -6 4 0 0.00 0.0 0 13.2 22 20 M M 6 31 10
2 72 51 62 -5 3 0 0.03 0.0 0 13.8 23 30 M M 7 1 36 40
3 71 55 63 -3 2 0 0.23 0.0 0 11.6 17 40 M M 7 1 26 30
4 76 57 67 1 0 2 0.00 0.0 0 7.7 17 30 M M 5 24 20
5 79 53 66 0 0 1 0.00 0.0 0 5.4 13 340 M M 0 18 350
6 79 48 64 -2 1 0 0.00 0.0 0 2.0 10 80 M M 0 1 15 80
7 83 50 67 2 0 2 0.00 0.0 0 2.0 9 100 M M 0 1 13 130
8 81 51 66 1 0 1 0.00 0.0 0 2.5 10 230 M M 0 15 210
9 81 54 68 3 0 3 0.00 0.0 0 2.7 9 240 M M 0 12 15 240
10 85 58 72 8 0 7 0.00 0.0 0 3.1 13 230 M M 6 12 18 220
11 80 64 72 8 0 7 0.02 0.0 0 7.8 18 20 M M 7 1 27 40
12 65 58 62 -2 3 0 0.00 0.0 0 10.1 16 20 M M 10 12 25 10
13 66 59 63 -1 2 0 0.00 0.0 0 12.4 20 20 M M 10 1 30 30
14 72 65 69 5 0 4 0.05 0.0 0 12.1 20 60 M M 8 1 28 60
15 73 67 70 7 0 5 1.35 0.0 0 10.5 23 120 M M 8 1 35 130
16 71 67 69 6 0 4 0.31 0.0 0 8.3 16 30 M M 7 1 26 40
17 72 67 70 7 0 5 0.17 0.0 0 9.6 18 30 M M 10 1 30 50
18 78 60 69 6 0 4 0.00 0.0 0 6.0 13 320 M M 4 1 16 340
19 76 57 67 5 0 2 0.00 0.0 0 3.5 12 60 M M 0 1 18 60
20 75 58 67 5 0 2 0.00 0.0 0 5.8 15 140 M M 5 12 24 130
21 81 68 75 13 0 10 T 0.0 0 8.2 18 140 M M 4 1 25 160
22 74 54 64 2 1 0 0.05 0.0 0 11.1 20 290 M M 6 1 30 210
23 63 47 55 -7 10 0 0.00 0.0 0 5.1 15 330 M M 0 20 330
24 61 53 57 -4 8 0 0.15 0.0 0 5.4 14 320 M M 4 1 18 340
25 69 54 62 1 3 0 0.02 0.0 0 10.0 14 60 M M 1 1 21 60
26 66 57 62 1 3 0 1.42 0.0 0 12.1 20 10 M M 5 1 29 10
27 64 51 58 -3 7 0 0.00 0.0 0 11.1 17 330 M M 1 1 26 330
28 58 39 49 -12 16 0 0.00 0.0 0 9.6 17 330 M M 0 25 330
29 60 37 49 -11 16 0 0.00 0.0 0 4.5 12 350 M M 0 17 350
30 68 36 52 -8 13 0 0.00 0.0 0 3.5 13 40 M M 0 1 17 30
================================================================================
SM 2168 1647 92 59 3.80 0.0 230.7 M 121
================================================================================
AV 72.3 54.9 7.7 FASTST M M 4 MAX(MPH)
MISC ----> # 23 30 36 40
================================================================================
NOTES:
# LAST OF SEVERAL OCCURRENCES
COLUMN 17 PEAK WIND IN M.P.H.
PRELIMINARY LOCAL CLIMATOLOGICAL DATA (WS FORM: F-6) , PAGE 2
STATION: CRAIG EXEC ARPT
MONTH: NOVEMBER
YEAR: 2023
LATITUDE: 30 19 N
LONGITUDE: 81 31 W
[TEMPERATURE DATA] [PRECIPITATION DATA] SYMBOLS USED IN COLUMN 16
AVERAGE MONTHLY: 63.6 TOTAL FOR MONTH: 3.80 1 = FOG OR MIST
DPTR FM NORMAL: 0.3 DPTR FM NORMAL: 1.25 2 = FOG REDUCING VISIBILITY
HIGHEST: 85 ON 10 GRTST 24HR 1.50 ON 15-16 TO 1/4 MILE OR LESS
LOWEST: 36 ON 30 3 = THUNDER
SNOW, ICE PELLETS, HAIL 4 = ICE PELLETS
TOTAL MONTH: 0.0 INCH 5 = HAIL
GRTST 24HR 0.0 6 = FREEZING RAIN OR DRIZZLE
GRTST DEPTH: 0 7 = DUSTSTORM OR SANDSTORM:
VSBY 1/2 MILE OR LESS
8 = SMOKE OR HAZE
[NO. OF DAYS WITH] [WEATHER - DAYS WITH] 9 = BLOWING SNOW
X = TORNADO
MAX 32 OR BELOW: 0 0.01 INCH OR MORE: 11
MAX 90 OR ABOVE: 0 0.10 INCH OR MORE: 6
MIN 32 OR BELOW: 0 0.50 INCH OR MORE: 2
MIN 0 OR BELOW: 0 1.00 INCH OR MORE: 2
[HDD (BASE 65) ]
TOTAL THIS MO. 92 CLEAR (SCALE 0-3) 12
DPTR FM NORMAL -23 PTCLDY (SCALE 4-7) 15
TOTAL FM JUL 1 98 CLOUDY (SCALE 8-10) 3
DPTR FM NORMAL -35
[CDD (BASE 65) ]
TOTAL THIS MO. 59
DPTR FM NORMAL -7 [PRESSURE DATA]
TOTAL FM JAN 1 3336 HIGHEST SLP 30.28 ON 29
DPTR FM NORMAL 602 LOWEST SLP 29.74 ON 18
[REMARKS]
#FINAL-11-23#