000
CXUS56 KSGX 011045
CF6CRQ
PRELIMINARY LOCAL CLIMATOLOGICAL DATA (WS FORM: F-6)
STATION: CARLSBAD PALOMAR AIRPORT CA
MONTH: AUGUST
YEAR: 2022
LATITUDE: 33 7 N
LONGITUDE: 117 17 W
TEMPERATURE IN F: :PCPN: SNOW: WIND :SUNSHINE: SKY :PK WND
================================================================================
1 2 3 4 5 6A 6B 7 8 9 10 11 12 13 14 15 16 17 18
12Z AVG MX 2MIN
DY MAX MIN AVG DEP HDD CDD WTR SNW DPTH SPD SPD DIR MIN PSBL S-S WX SPD DR
================================================================================
1 79 70 75 5 0 10 0.00 M M 5.1 13 250 M M 1 17 250
2 77 67 72 2 0 7 0.00 M M 3.9 13 240 M M 1 18 240
3 75 68 72 2 0 7 0.00 M M 4.5 13 240 M M 3 19 260
4 77 68 73 3 0 8 0.00 M M 4.1 13 260 M M 3 16 240
5 79 67 73 3 0 8 0.00 M M 4.1 12 260 M M 1 17 280
6 76 66 71 1 0 6 0.00 M M 4.1 12 260 M M 0 17 270
7 78 65 72 2 0 7 0.00 M M 5.2 10 240 M M 0 14 260
8 80 67 74 4 0 9 T M M 4.8 12 240 M M 1 1 14 230
9 82 70 76 6 0 11 0.00 M M 3.8 13 240 M M 0 8 17 240
10 82 70 76 6 0 11 0.00 M M 3.8 13 250 M M 0 18 250
11 82 69 76 6 0 11 0.00 M M 3.2 13 260 M M 0 17 270
12 78 67 73 3 0 8 0.00 M M 4.9 12 220 M M 1 1 16 230
13 79 69 74 4 0 9 0.00 M M 4.2 12 230 M M 0 1 15 270
14 79 69 74 4 0 9 0.00 M M 3.7 10 240 M M 0 1 15 260
15 76 69 73 2 0 8 0.00 M M 4.1 12 260 M M 4 18 17 250
16 78 65 72 1 0 7 0.00 M M 4.4 12 250 M M 4 128 17 250
17 78 67 73 2 0 8 0.00 M M 4.5 13 240 M M 3 1 17 250
18 77 68 73 2 0 8 0.00 M M 4.1 12 250 M M 3 17 280
19 75 67 71 0 0 6 0.00 M M 5.7 13 230 M M 4 18 270
20 74 67 71 0 0 6 0.00 M M 6.6 14 230 M M 7 19 230
21 73 67 70 -1 0 5 0.00 M M 4.8 12 240 M M 8 15 260
22 76 67 72 1 0 7 0.00 M M 4.0 12 240 M M 8 19 260
23 74 66 70 -1 0 5 0.00 M M 4.7 13 230 M M 4 1 19 250
24 77 67 72 1 0 7 0.00 M M 5.0 13 240 M M 3 17 220
25 77 68 73 2 0 8 0.00 M M 4.0 12 250 M M 3 16 230
26 77 69 73 2 0 8 0.00 M M 4.5 12 250 M M 4 18 260
27 75 68 72 1 0 7 0.00 M M 5.9 13 250 M M 7 18 230
28 74 68 71 0 0 6 0.00 M M 4.7 13 240 M M 7 19 260
29 76 69 73 2 0 8 0.00 M M 4.8 12 260 M M 5 18 260
30 78 67 73 2 0 8 0.00 M M 4.1 12 260 M M 0 16 250
31 83 68 76 5 0 11 0.00 M M 3.3 10 280 M M 0 16 300
================================================================================
SM 2401 2099 0 244 T M 138.6 M 85
================================================================================
AV 77.5 67.7 4.5 FASTST M M 3 MAX(MPH)
MISC ----> 14 230 # 19 260
================================================================================
NOTES:
# LAST OF SEVERAL OCCURRENCES
COLUMN 17 PEAK WIND IN M.P.H.
PRELIMINARY LOCAL CLIMATOLOGICAL DATA (WS FORM: F-6) , PAGE 2
STATION: CARLSBAD PALOMAR AIRPORT CA
MONTH: AUGUST
YEAR: 2022
LATITUDE: 33 7 N
LONGITUDE: 117 17 W
[TEMPERATURE DATA] [PRECIPITATION DATA] SYMBOLS USED IN COLUMN 16
AVERAGE MONTHLY: 72.6 TOTAL FOR MONTH: T 1 = FOG OR MIST
DPTR FM NORMAL: 2.1 DPTR FM NORMAL: -0.03 2 = FOG REDUCING VISIBILITY
HIGHEST: 83 ON 31 GRTST 24HR T ON 8- 8 TO 1/4 MILE OR LESS
LOWEST: 65 ON 16, 7 3 = THUNDER
SNOW, ICE PELLETS, HAIL 4 = ICE PELLETS
TOTAL MONTH: M 5 = HAIL
GRTST 24HR M ON M 6 = FREEZING RAIN OR DRIZZLE
GRTST DEPTH: M ON M 7 = DUSTSTORM OR SANDSTORM:
VSBY 1/2 MILE OR LESS
8 = SMOKE OR HAZE
[NO. OF DAYS WITH] [WEATHER - DAYS WITH] 9 = BLOWING SNOW
X = TORNADO
MAX 32 OR BELOW: 0 0.01 INCH OR MORE: 0
MAX 90 OR ABOVE: 0 0.10 INCH OR MORE: 0
MIN 32 OR BELOW: 0 0.50 INCH OR MORE: 0
MIN 0 OR BELOW: 0 1.00 INCH OR MORE: 0
[HDD (BASE 65) ]
TOTAL THIS MO. 0 CLEAR (SCALE 0-3) 18
DPTR FM NORMAL 0 PTCLDY (SCALE 4-7) 13
TOTAL FM JUL 1 0 CLOUDY (SCALE 8-10) 0
DPTR FM NORMAL -2
[CDD (BASE 65) ]
TOTAL THIS MO. 244
DPTR FM NORMAL 72 [PRESSURE DATA]
TOTAL FM JAN 1 481 HIGHEST SLP 30.05 ON 21
DPTR FM NORMAL 112 LOWEST SLP 29.74 ON 31
[REMARKS]
#FINAL-08-22#