000
CXUS55 KOHX 011110
CF6CSV
PRELIMINARY LOCAL CLIMATOLOGICAL DATA (WS FORM: F-6)
STATION: CROSSVILLE
MONTH: MARCH
YEAR: 2024
LATITUDE: 35 57 N
LONGITUDE: 85 5 W
TEMPERATURE IN F: :PCPN: SNOW: WIND :SUNSHINE: SKY :PK WND
================================================================================
1 2 3 4 5 6A 6B 7 8 9 10 11 12 13 14 15 16 17 18
12Z AVG MX 2MIN
DY MAX MIN AVG DEP HDD CDD WTR SNW DPTH SPD SPD DIR MIN PSBL S-S WX SPD DR
================================================================================
1 46 36 41 -1 24 0 0.27 M M 5.9 13 190 M M 10 1 22 150
2 60 43 52 10 13 0 0.01 M M 4.5 12 270 M M 8 12 15 150
3 66 47 57 15 8 0 0.00 M M 5.8 12 180 M M 6 1 19 210
4 66 56 61 18 4 0 0.00 M M 5.8 12 180 M M 7 23 180
5 63 52 58 15 7 0 0.43 M M 5.8 15 190 M M 8 1 25 200
6 56 50 53 10 12 0 0.86 M M 5.3 13 360 M M 10 1 18 350
7 66 50 58 14 7 0 0.00 M M 3.7 8 20 M M 6 1 12 350
8 61 49 55 11 10 0 0.08 M M 7.5 21 150 M M 9 1 35 150
9 56 38 47 3 18 0 0.26 M M 8.5 21 280 M M 10 1 29 280
10 47 31 39 -5 26 0 0.00 M M 9.2 20 340 M M 1 32 330
11 60 26 43 -1 22 0 0.00 M M 3.5 12 270 M M 0 16 250
12 66 29 48 3 17 0 0.00 M M 2.3 13 260 M M 0 20 260
13 70 38 54 9 11 0 0.00 M M 4.1 14 280 M M 1 23 260
14 74 50 62 17 3 0 T M M 6.4 16 220 M M 4 30 220
15 65 50 58 12 7 0 1.09 M M 5.7 15 230 M M 9 13 30 230
16 64 44 54 8 11 0 0.00 M M 5.3 16 280 M M 4 1 22 250
17 59 37 48 2 17 0 0.00 M M 8.3 20 290 M M 4 27 300
18 43 26 35 -11 30 0 0.00 M M 9.5 23 280 M M 3 34 330
19 50 21 36 -11 29 0 0.00 M M 6.8 20 260 M M 0 30 270
20 65 40 53 6 12 0 0.00 M M 8.2 20 260 M M 1 28 260
21 66 37 52 5 13 0 0.00 M M 4.6 9 60 M M 0 15 10
22 69 47 58 10 7 0 0.54 M M 5.6 15 170 M M 7 1 28 190
23 54 34 44 -4 21 0 0.10 M M 10.5 20 340 M M 5 18 30 20
24 63 28 46 -2 19 0 0.00 M M 7.2 15 110 M M 0 23 120
25 62 45 54 6 11 0 0.00 M M 11.9 24 160 M M 1 3 43 140
26 57 48 53 4 12 0 1.37 M M 6.8 20 150 M M 7 13 38 130
27 59 38 49 0 16 0 0.00 M M 6.2 16 270 M M 1 24 290
28 56 34 45 -5 20 0 0.00 M M 7.6 21 320 M M 0 28 310
29 65 31 48 -2 17 0 0.00 M M 4.7 18 270 M M 0 23 270
30 71 48 60 10 5 0 0.00 M M 7.7 23 260 M M 0 33 240
31 73 48 61 11 4 0 0.00 M M 6.1 16 270 M M 4 25 250
================================================================================
SM 1898 1251 433 0 5.01 M 201.0 M 126
================================================================================
AV 61.2 40.4 6.5 FASTST M M 4 MAX(MPH)
MISC ----> 24 160 43 140
================================================================================
NOTES:
# LAST OF SEVERAL OCCURRENCES
COLUMN 17 PEAK WIND IN M.P.H.
PRELIMINARY LOCAL CLIMATOLOGICAL DATA (WS FORM: F-6) , PAGE 2
STATION: CROSSVILLE
MONTH: MARCH
YEAR: 2024
LATITUDE: 35 57 N
LONGITUDE: 85 5 W
[TEMPERATURE DATA] [PRECIPITATION DATA] SYMBOLS USED IN COLUMN 16
AVERAGE MONTHLY: 50.8 TOTAL FOR MONTH: 5.01 1 = FOG OR MIST
DPTR FM NORMAL: 4.8 DPTR FM NORMAL: -0.43 2 = FOG REDUCING VISIBILITY
HIGHEST: 74 ON 14 GRTST 24HR 1.37 ON 26-26 TO 1/4 MILE OR LESS
LOWEST: 21 ON 19 3 = THUNDER
SNOW, ICE PELLETS, HAIL 4 = ICE PELLETS
TOTAL MONTH: M 5 = HAIL
GRTST 24HR M ON M 6 = FREEZING RAIN OR DRIZZLE
GRTST DEPTH: M ON M 7 = DUSTSTORM OR SANDSTORM:
VSBY 1/2 MILE OR LESS
8 = SMOKE OR HAZE
[NO. OF DAYS WITH] [WEATHER - DAYS WITH] 9 = BLOWING SNOW
X = TORNADO
MAX 32 OR BELOW: 0 0.01 INCH OR MORE: 10
MAX 90 OR ABOVE: 0 0.10 INCH OR MORE: 8
MIN 32 OR BELOW: 7 0.50 INCH OR MORE: 4
MIN 0 OR BELOW: 0 1.00 INCH OR MORE: 2
[HDD (BASE 65) ]
TOTAL THIS MO. 433 CLEAR (SCALE 0-3) 14
DPTR FM NORMAL -157 PTCLDY (SCALE 4-7) 12
TOTAL FM JUL 1 3471 CLOUDY (SCALE 8-10) 5
DPTR FM NORMAL -493
[CDD (BASE 65) ]
TOTAL THIS MO. 0
DPTR FM NORMAL -1 [PRESSURE DATA]
TOTAL FM JAN 1 0 HIGHEST SLP 30.33 ON 11
DPTR FM NORMAL -1 LOWEST SLP 29.73 ON 26
[REMARKS]
#FINAL-03-24#