000
CXUS55 KOHX 011110
CF6CSV
PRELIMINARY LOCAL CLIMATOLOGICAL DATA (WS FORM: F-6)
STATION: CROSSVILLE
MONTH: AUGUST
YEAR: 2022
LATITUDE: 35 57 N
LONGITUDE: 85 5 W
TEMPERATURE IN F: :PCPN: SNOW: WIND :SUNSHINE: SKY :PK WND
================================================================================
1 2 3 4 5 6A 6B 7 8 9 10 11 12 13 14 15 16 17 18
12Z AVG MX 2MIN
DY MAX MIN AVG DEP HDD CDD WTR SNW DPTH SPD SPD DIR MIN PSBL S-S WX SPD DR
================================================================================
1 76 69 73 -1 0 8 0.08 M M 6.3 15 260 M M 9 1 24 260
2 84 68 76 2 0 11 0.00 M M 4.1 14 280 M M 2 19 290
3 87 65 76 2 0 11 0.00 M M 3.0 13 80 M M 2 13 18 170
4 83 67 75 1 0 10 0.00 M M 3.9 12 160 M M 2 21 160
5 81 69 75 1 0 10 0.37 M M 4.1 10 210 M M 4 13 19 190
6 84 66 75 1 0 10 0.12 M M 3.9 13 260 M M 2 138 21 200
7 83 65 74 0 0 9 T M M 2.5 15 310 M M 2 13 22 320
8 85 65 75 1 0 10 0.03 M M 2.5 9 140 M M 1 13 15 190
9 84 68 76 2 0 11 0.09 M M 3.6 12 260 M M 2 138 17 280
10 81 67 74 0 0 9 0.75 M M 1.5 9 190 M M 4 13 22 200
11 79 65 72 -2 0 7 0.38 M M 2.1 13 310 M M 8 123 17 310
12 80 60 70 -3 0 5 0.00 M M 4.5 16 20 M M 1 1 22 50
13 81 57 69 -4 0 4 0.00 M M 3.1 8 20 M M 3 1 13 260
14 81 64 73 0 0 8 0.00 M M 3.0 10 210 M M 3 12 20 180
15 81 65 73 0 0 8 0.00 M M 5.4 14 290 M M 3 1 20 290
16 74 64 69 -4 0 4 0.01 M M 5.2 8 30 M M 8 1 17 60
17 80 58 69 -4 0 4 0.00 M M 2.5 9 50 M M 3 12 14 60
18 80 58 69 -4 0 4 0.00 M M 0.9 8 20 M M 1 1 12 10
19 79 60 70 -3 0 5 0.00 M M 2.0 9 140 M M 3 1 16 130
20 79 66 73 0 0 8 1.84 M M 4.4 28 270 M M 7 123 46 270
21 78 67 73 0 0 8 0.68 M M 4.4 13 270 M M 7 123 28 280
22 80 63 72 0 0 7 0.00 M M 3.9 12 280 M M 4 1 16 260
23 81 60 71 -1 0 6 0.00 M M 1.6 8 320 M M 2 1 12 320
24 83 60 72 0 0 7 0.00 M M 1.2 7 80 M M 3 1 10 70
25 83 63 73 1 0 8 0.32 M M 2.2 16 310 M M 4 13 23 320
26 80 63 72 0 0 7 0.82 M M 2.2 15 40 M M 5 123 20 30
27 86 60 73 1 0 8 0.00 M M 2.0 7 100 M M 3 12 11 80
28 83 65 74 2 0 9 0.00 M M 2.8 13 140 M M 0 1 20 150
29 84 67 76 4 0 11 0.00 M M 2.6 9 180 M M 1 1 14 200
30 81 63 72 1 0 7 T M M 4.5 13 280 M M 3 1 19 300
31 81 58 70 -1 0 5 0.00 M M 2.6 9 260 M M 0 12 14 280
================================================================================
SM 2522 1975 0 239 5.49 M 98.5 M 102
================================================================================
AV 81.4 63.7 3.2 FASTST M M 3 MAX(MPH)
MISC ----> 28 270 46 270
================================================================================
NOTES:
# LAST OF SEVERAL OCCURRENCES
COLUMN 17 PEAK WIND IN M.P.H.
PRELIMINARY LOCAL CLIMATOLOGICAL DATA (WS FORM: F-6) , PAGE 2
STATION: CROSSVILLE
MONTH: AUGUST
YEAR: 2022
LATITUDE: 35 57 N
LONGITUDE: 85 5 W
[TEMPERATURE DATA] [PRECIPITATION DATA] SYMBOLS USED IN COLUMN 16
AVERAGE MONTHLY: 72.5 TOTAL FOR MONTH: 5.49 1 = FOG OR MIST
DPTR FM NORMAL: -0.4 DPTR FM NORMAL: 1.88 2 = FOG REDUCING VISIBILITY
HIGHEST: 87 ON 3 GRTST 24HR 2.51 ON 20-21 TO 1/4 MILE OR LESS
LOWEST: 57 ON 13 3 = THUNDER
SNOW, ICE PELLETS, HAIL 4 = ICE PELLETS
TOTAL MONTH: M 5 = HAIL
GRTST 24HR M ON M 6 = FREEZING RAIN OR DRIZZLE
GRTST DEPTH: M ON M 7 = DUSTSTORM OR SANDSTORM:
VSBY 1/2 MILE OR LESS
8 = SMOKE OR HAZE
[NO. OF DAYS WITH] [WEATHER - DAYS WITH] 9 = BLOWING SNOW
X = TORNADO
MAX 32 OR BELOW: 0 0.01 INCH OR MORE: 12
MAX 90 OR ABOVE: 0 0.10 INCH OR MORE: 8
MIN 32 OR BELOW: 0 0.50 INCH OR MORE: 4
MIN 0 OR BELOW: 0 1.00 INCH OR MORE: 1
[HDD (BASE 65) ]
TOTAL THIS MO. 0 CLEAR (SCALE 0-3) 18
DPTR FM NORMAL -2 PTCLDY (SCALE 4-7) 12
TOTAL FM JUL 1 0 CLOUDY (SCALE 8-10) 1
DPTR FM NORMAL -1
[CDD (BASE 65) ]
TOTAL THIS MO. 239
DPTR FM NORMAL -8 [PRESSURE DATA]
TOTAL FM JAN 1 888 HIGHEST SLP 30.26 ON 7
DPTR FM NORMAL 122 LOWEST SLP 29.88 ON 15
[REMARKS]
#FINAL-08-22#