000
CXUS53 KUNR 011721
CLMCUT
CLIMATE REPORT
NATIONAL WEATHER SERVICE RAPID CITY SD
1121 AM MDT MON MAY 01 2023
...................................
...THE CUSTER COUNTY AIRPORT SD CLIMATE SUMMARY FOR THE MONTH OF APRIL 2023...
CLIMATE NORMAL PERIOD 1991 TO 2020
CLIMATE RECORD PERIOD 9999 TO 9999
WEATHER OBSERVED NORMAL DEPART LAST YEAR`S
VALUE DATE(S) VALUE FROM VALUE DATE(S)
NORMAL
................................................................
TEMPERATURE (F)
HIGHEST 74 04/11 69 04/19
LOWEST 7 04/05 4 04/13
AVG. MAXIMUM 49.2 50.1 -0.9 46.9
AVG. MINIMUM 25.6 28.5 -2.9 23.1
MEAN 37.4 39.3 -1.9 35.0
DAYS MAX >= 90 0 0
DAYS MAX <= 32 4 4
DAYS MIN <= 32 24 28
DAYS MIN <= 0 0 0
PRECIPITATION (INCHES)
TOTALS 1.00 2.42 -1.42 2.17
DAILY AVG. 0.03 0.08 -0.05 0.07
DAYS >= .01 5 11
DAYS >= .10 3 7
DAYS >= .50 1 1
DAYS >= 1.00 0 0
GREATEST
24 HR. TOTAL 0.83 04/03 TO 04/04 1.10
DEGREE DAYS
HEATING TOTAL 824 771 53 893
SINCE 7/1 7673 7431 242 MM
COOLING TOTAL 0 0 0 0
SINCE 1/1 0 0 0 MM
................................................................
WIND (MPH)
AVERAGE WIND SPEED 8.0
HIGHEST WIND SPEED/DIRECTION 30/270 DATE 04/20
HIGHEST GUST SPEED/DIRECTION 49/230 DATE 04/11
AVERAGE RH (PERCENT) 54
WEATHER CONDITIONS. NUMBER OF DAYS WITH
THUNDERSTORM 1 MIXED PRECIP 0
HEAVY RAIN 0 RAIN 1
LIGHT RAIN 2 FREEZING RAIN 0
LT FREEZING RAIN 0 HAIL 0
HEAVY SNOW 2 SNOW 2
LIGHT SNOW 7 SLEET 0
FOG 7 FOG W/VIS <= 1/4 MILE 2
HAZE 2
- INDICATES NEGATIVE NUMBERS.
R INDICATES RECORD WAS SET OR TIED.
MM INDICATES DATA IS MISSING.
T INDICATES TRACE AMOUNT.
$$