000
CXUS54 KHGX 011410
CF6CXO
PRELIMINARY LOCAL CLIMATOLOGICAL DATA (WS FORM: F-6)
STATION: CONROE
MONTH: SEPTEMBER
YEAR: 2021
LATITUDE: 30 21 N
LONGITUDE: 95 25 W
TEMPERATURE IN F: :PCPN: SNOW: WIND :SUNSHINE: SKY :PK WND
================================================================================
1 2 3 4 5 6A 6B 7 8 9 10 11 12 13 14 15 16 17 18
12Z AVG MX 2MIN
DY MAX MIN AVG DEP HDD CDD WTR SNW DPTH SPD SPD DIR MIN PSBL S-S WX SPD DR
================================================================================
1 95 73 84 3 0 19 0.00 0.0 0 2.9 15 160 M M 1 138 19 250
2 95 72 84 3 0 19 0.00 0.0 0 2.9 18 160 M M 1 13 24 170
3 94 72 83 2 0 18 T 0.0 0 3.0 22 160 M M 1 13 26 160
4 95 71 83 3 0 18 0.00 0.0 0 4.1 13 210 M M 1 1 18 200
5 97 75 86 6 0 21 0.00 0.0 0 5.0 13 230 M M 1 17 270
6 93 70 82 2 0 17 0.00 0.0 0 5.6 15 200 M M 3 3 18 200
7 93 63 78 -2 0 13 0.00 0.0 0 3.7 12 340 M M 1 1 15 330
8 96 60 78 -2 0 13 0.00 0.0 0 3.5 14 340 M M 0 1 18 80
9 95 63 79 -1 0 14 0.00 0.0 0 3.9 14 80 M M 0 1 18 20
10 90 59 75 -4 0 10 0.00 0.0 0 3.5 13 140 M M 0 18 130
11 91 54 73 -6 0 8 0.00 0.0 0 3.9 12 180 M M 0 14 130
12 91 60 76 -3 0 11 0.00 0.0 0 4.6 15 130 M M 1 21 110
13 81 71 76 -3 0 11 0.18 0.0 0 7.2 21 150 M M 6 1 31 160
14 74 67 71 -7 0 6 1.75 0.0 0 11.0 25 110 M M 9 1 41 100
15 84 69 77 -1 0 12 0.00 0.0 0 5.9 14 10 M M 8 1 22 350
16 81 67 74 -4 0 9 T 0.0 0 3.1 8 350 M M 8 18 13 10
17 87 71 79 1 0 14 T 0.0 0 1.9 10 280 M M 6 1 12 280
18 89 69 79 1 0 14 0.19 0.0 0 2.5 12 360 M M 3 138 19 50
19 92 68 80 3 0 15 0.00 0.0 0 2.0 8 160 M M 2 1 11 140
20 93 70 82 5 0 17 0.00 0.0 0 4.5 12 180 M M 2 1 16 200
21 95 71 83 6 0 18 T 0.0 0 5.3 16 10 M M 4 1238 28 10
22 83 53 68 -9 0 3 0.00 0.0 0 7.7 17 10 M M 0 28 20
23 82 50 66 -10 0 1 0.00 0.0 0 3.0 9 50 M M 0 14 170
24 83 51 67 -9 0 2 0.00 0.0 0 2.5 13 140 M M 0 17 140
25 86 53 70 -6 0 5 0.00 0.0 0 1.9 10 60 M M 0 1 16 10
26 86 54 70 -6 0 5 0.00 0.0 0 2.6 10 160 M M 0 1 16 150
27 89 60 75 0 0 10 0.00 0.0 0 3.5 10 150 M M 2 1 15 220
28 88 70 79 4 0 14 0.02 0.0 0 4.1 16 130 M M 7 123 20 140
29 82 66 74 -1 0 9 1.67 0.0 0 3.3 18 290 M M 5 13 24 230
30 88 67 78 4 0 13 0.03 0.0 0 3.4 26 180 M M 6 123 35 180
================================================================================
SM 2668 1939 0 359 3.84 0.0 122.0 M 78
================================================================================
AV 88.9 64.6 4.1 FASTST M M 3 MAX(MPH)
MISC ----> 26 180 41 100
================================================================================
NOTES:
# LAST OF SEVERAL OCCURRENCES
COLUMN 17 PEAK WIND IN M.P.H.
PRELIMINARY LOCAL CLIMATOLOGICAL DATA (WS FORM: F-6) , PAGE 2
STATION: CONROE
MONTH: SEPTEMBER
YEAR: 2021
LATITUDE: 30 21 N
LONGITUDE: 95 25 W
[TEMPERATURE DATA] [PRECIPITATION DATA] SYMBOLS USED IN COLUMN 16
AVERAGE MONTHLY: 76.8 TOTAL FOR MONTH: 3.84 1 = FOG OR MIST
DPTR FM NORMAL: -1.2 DPTR FM NORMAL: 0.24 2 = FOG REDUCING VISIBILITY
HIGHEST: 97 ON 5 GRTST 24HR 1.86 ON 13-14 TO 1/4 MILE OR LESS
LOWEST: 50 ON 23 3 = THUNDER
SNOW, ICE PELLETS, HAIL 4 = ICE PELLETS
TOTAL MONTH: 0.0 INCH 5 = HAIL
GRTST 24HR 0.0 6 = FREEZING RAIN OR DRIZZLE
GRTST DEPTH: 0 7 = DUSTSTORM OR SANDSTORM:
VSBY 1/2 MILE OR LESS
8 = SMOKE OR HAZE
[NO. OF DAYS WITH] [WEATHER - DAYS WITH] 9 = BLOWING SNOW
X = TORNADO
MAX 32 OR BELOW: 0 0.01 INCH OR MORE: 6
MAX 90 OR ABOVE: 15 0.10 INCH OR MORE: 4
MIN 32 OR BELOW: 0 0.50 INCH OR MORE: 2
MIN 0 OR BELOW: 0 1.00 INCH OR MORE: 2
[HDD (BASE 65) ]
TOTAL THIS MO. 0 CLEAR (SCALE 0-3) 20
DPTR FM NORMAL -1 PTCLDY (SCALE 4-7) 8
TOTAL FM JUL 1 0 CLOUDY (SCALE 8-10) 2
DPTR FM NORMAL 0
[CDD (BASE 65) ]
TOTAL THIS MO. 359
DPTR FM NORMAL -32 [PRESSURE DATA]
TOTAL FM JAN 1 2492 HIGHEST SLP 30.26 ON 22
DPTR FM NORMAL 2 LOWEST SLP 29.74 ON 14
[REMARKS]
#FINAL-09-21#