000
CXUS55 KCYS 011732
CF6CYS
PRELIMINARY LOCAL CLIMATOLOGICAL DATA (WS FORM: F-6)
STATION: CHEYENNE WYOMING AIRPORT
MONTH: NOVEMBER
YEAR: 2023
LATITUDE: 41 9 N
LONGITUDE: 104 49 W
TEMPERATURE IN F: :PCPN: SNOW: WIND :SUNSHINE: SKY :PK WND
================================================================================
1 2 3 4 5 6A 6B 7 8 9 10 11 12 13 14 15 16 17 18
12Z AVG MX 2MIN
DY MAX MIN AVG DEP HDD CDD WTR SNW DPTH SPD SPD DIR MIN PSBL S-S WX SPD DR
================================================================================
1 60 33 47 6 18 0 0.00 0.0 0 12.8 24 270 M M 1 32 270
2 60 32 46 5 19 0 0.00 0.0 0 19.1 35 270 M M 0 46 270
3 61 46 54 14 11 0 T 0.0 0 11.6 28 270 M M 4 36 260
4 64 33 49 9 16 0 0.00 0.0 0 9.5 21 190 M M 1 28 190
5 70 42 56 16 9 0 0.00 0.0 0 15.2 37 260 M M 0 54 240
6 65 38 52 13 13 0 0.00 0.0 0 8.4 23 200 M M 0 29 200
7 65 33 49 10 16 0 T 0.0 0 9.7 26 270 M M 3 37 270
8 43 23 33 -6 32 0 0.03 T 0 11.6 22 350 M M 5 1 33 330
9 43 22 33 -5 32 0 0.00 0.0 0 8.6 21 330 M M 0 28 350
10 53 17 35 -3 30 0 0.00 0.0 0 9.4 21 260 M M 0 29 270
11 55 26 41 3 24 0 0.00 0.0 0 15.8 32 260 M M 0 42 270
12 62 34 48 11 17 0 0.00 0.0 0 10.7 32 290 M M 0 45 280
13 63 23 43 6 22 0 0.00 0.0 0 8.4 15 180 M M 0 19 170
14 65 38 52 15 13 0 0.00 0.0 0 11.1 23 280 M M 0 32 280
15 62 31 47 11 18 0 0.00 0.0 0 9.1 17 180 M M 0 24 180
16 59 31 45 9 20 0 T 0.0 0 10.9 37 280 M M 4 48 270
17 61 26 44 8 21 0 0.00 0.0 0 7.8 21 280 M M 2 1 26 280
18 59 28 44 9 21 0 0.00 0.0 0 7.7 29 270 M M 1 37 270
19 51 34 43 8 22 0 0.00 0.0 0 11.4 22 330 M M 3 31 340
20 39 30 35 1 30 0 T T 0 18.3 33 350 M M 5 1 50 350
21 51 26 39 5 26 0 0.00 0.0 0 13.0 24 310 M M 1 35 330
22 63 36 50 16 15 0 0.00 0.0 0 14.2 37 270 M M 0 51 260
23 40 17 29 -5 36 0 0.25 3.1 0 9.2 17 70 M M 7 1 24 10
24 17 9 13 -20 52 0 0.42 5.4 5 10.9 18 160 M M 10 1 25 120
25 24 8 16 -17 49 0 0.01 0.2 7 11.0 24 310 M M 6 18 37 300
26 32 13 23 -9 42 0 0.00 0.0 5 12.7 25 310 M M 1 42 290
27 38 12 25 -7 40 0 0.00 0.0 4 11.2 20 280 M M 0 27 290
28 47 24 36 4 29 0 0.00 0.0 3 10.1 29 280 M M 0 38 270
29 50 19 35 4 30 0 0.00 0.0 2 9.0 20 250 M M 0 26 250
30 30 16 23 -8 42 0 T T 1 8.0 15 200 M M 2 20 190
================================================================================
SM 1552 800 765 0 0.71 8.7 336.4 M 56
================================================================================
AV 51.7 26.7 11.2 FASTST M M 2 MAX(MPH)
MISC ----> # 37 260 54 240
================================================================================
NOTES:
# LAST OF SEVERAL OCCURRENCES
COLUMN 17 PEAK WIND IN M.P.H.
PRELIMINARY LOCAL CLIMATOLOGICAL DATA (WS FORM: F-6) , PAGE 2
STATION: CHEYENNE WYOMING AIRPORT
MONTH: NOVEMBER
YEAR: 2023
LATITUDE: 41 9 N
LONGITUDE: 104 49 W
[TEMPERATURE DATA] [PRECIPITATION DATA] SYMBOLS USED IN COLUMN 16
AVERAGE MONTHLY: 39.2 TOTAL FOR MONTH: 0.71 1 = FOG OR MIST
DPTR FM NORMAL: 3.1 DPTR FM NORMAL: 0.10 2 = FOG REDUCING VISIBILITY
HIGHEST: 70 ON 5 GRTST 24HR 0.58 ON 23-24 TO 1/4 MILE OR LESS
LOWEST: 8 ON 25 3 = THUNDER
SNOW, ICE PELLETS, HAIL 4 = ICE PELLETS
TOTAL MONTH: 8.7 INCHES 5 = HAIL
GRTST 24HR 5.4 ON 24-24 6 = FREEZING RAIN OR DRIZZLE
GRTST DEPTH: 7 ON 25 7 = DUSTSTORM OR SANDSTORM:
VSBY 1/2 MILE OR LESS
8 = SMOKE OR HAZE
[NO. OF DAYS WITH] [WEATHER - DAYS WITH] 9 = BLOWING SNOW
X = TORNADO
MAX 32 OR BELOW: 4 0.01 INCH OR MORE: 4
MAX 90 OR ABOVE: 0 0.10 INCH OR MORE: 2
MIN 32 OR BELOW: 20 0.50 INCH OR MORE: 0
MIN 0 OR BELOW: 0 1.00 INCH OR MORE: 0
[HDD (BASE 65) ]
TOTAL THIS MO. 765 CLEAR (SCALE 0-3) 22
DPTR FM NORMAL -102 PTCLDY (SCALE 4-7) 7
TOTAL FM JUL 1 1442 CLOUDY (SCALE 8-10) 1
DPTR FM NORMAL -246
[CDD (BASE 65) ]
TOTAL THIS MO. 0
DPTR FM NORMAL 0 [PRESSURE DATA]
TOTAL FM JAN 1 383 HIGHEST SLP 30.56 ON 20
DPTR FM NORMAL -14 LOWEST SLP 29.62 ON 7
[REMARKS]
#FINAL-11-23#
NOVEMBER 3... RECORD HIGH MINIMUM TEMPERATURE: 46F (PREVIOUS: 45F IN 1894)
NOVEMBER 23... COOP BACKUP USED FOR PRECIPITATION TO BE CONSISTENT WITH SNOWFALL
NOVEMBER 24... COOP BACKUP USED FOR PRECIPITATION TO BE CONSISTENT WITH SNOWFALL
NOVEMBER 24... RECORD DAILY PRECIPITATION: 0.42" (PREVIOUS: 0.40" IN 1944)
NOVEMBER 24... RECORD DAILY SNOWFALL: 5.4" (PREVIOUS: 5.2" IN 2002)