000
CXUS53 KUNR 011030
CF6D07
PRELIMINARY LOCAL CLIMATOLOGICAL DATA (WS FORM: F-6)
STATION: FAITH SD
MONTH: JANUARY
YEAR: 2022
LATITUDE: 45 1 N
LONGITUDE: 102 1 W
TEMPERATURE IN F: :PCPN: SNOW: WIND :SUNSHINE: SKY :PK WND
================================================================================
1 2 3 4 5 6A 6B 7 8 9 10 11 12 13 14 15 16 17 18
12Z AVG MX 2MIN
DY MAX MIN AVG DEP HDD CDD WTR SNW DPTH SPD SPD DIR MIN PSBL S-S WX SPD DR
================================================================================
1 0 -11 -5 -25 70 0 0.00 M M 7.9 18 190 M M M 19 190
2 32 -9 12 -8 53 0 0.00 M M 11.3 17 240 M M M 23 270
3 32 12 22 2 43 0 0.00 M M 9.0 23 150 M M M 29 160
4 28 -9 10 -10 55 0 0.00 M M 24.8 49 330 M M M 65 330
5 -7 -15 -11 -31 76 0 0.00 M M 22.0 33 320 M M M 44 310
6 -2 -17 -9 -29 74 0 0.00 M M 10.1 18 310 M M M 24 320
7 31 -4 14 -6 51 0 0.00 M M 12.7 21 150 M M M 27 150
8 34 -2 16 -4 49 0 0.00 M M 18.1 38 320 M M M 48 330
9 32 -6 13 -7 52 0 0.00 M M 10.0 20 190 M M M 24 280
10 32 2 17 -3 48 0 0.00 M M 13.1 21 170 M M M 24 180
11 45 29 37 17 28 0 0.00 M M 15.9 25 300 M M M 33 290
12 50 34 42 22 23 0 0.00 M M 14.7 21 280 M M M 28 280
13 43 29 36 16 29 0 0.00 M M 12.2 24 160 M M M 31 140
14 36 17 27 7 38 0 0.00 M M 18.1 41 330 M M M 53 330
15 40 14 27 7 38 0 0.00 M M 15.3 28 190 M M M 34 190
16 44 24 34 15 31 0 0.00 M M 16.2 33 320 M M M 43 310
17 54 24 39 20 26 0 0.00 M M 12.4 22 290 M M M 26 290
18 43 6 25 6 40 0 0.00 M M 22.7 38 330 M M M 48 340
19 10 -6 2 -17 63 0 0.00 M M 12.7 26 340 M M M 36 330
20 23 -10 7 -12 58 0 0.00 M M 16.9 24 170 M M M 30 170
21 41 15 28 9 37 0 0.05 M M 18.9 40 310 M M M 53 310
22 45 16 31 12 34 0 0.02 M M 17.2 38 300 M M M 48 300
23 53 19 36 17 29 0 0.02 M M 17.8 32 290 M M M 41 300
24 38 23 31 12 34 0 0.02 M M 16.8 21 340 M M M 37 330
25 14 -1 7 -13 58 0 0.02 M M 10.2 20 200 M M M 24 190
26 42 3 23 3 42 0 0.00 M M 19.1 33 310 M M M 45 320
27 32 20 26 6 39 0 0.01 M M 11.0 24 320 M M M 31 320
28 47 19 33 13 32 0 0.00 M M 14.2 24 310 M M M 31 300
29 48 23 36 16 29 0 0.00 M M 14.0 25 300 M M M 33 300
30 51 18 35 15 30 0 0.00 M M 12.9 28 310 M M M 36 300
31 49 18 34 14 31 0 0.00 M M 20.2 48 300 M M M 63 310
================================================================================
SM 1060 275 1340 0 0.14 M 468.4 M M
================================================================================
AV 34.2 8.9 15.1 FASTST M M M MAX(MPH)
MISC ----> 49 330 65 330
================================================================================
NOTES:
# LAST OF SEVERAL OCCURRENCES
COLUMN 17 PEAK WIND IN M.P.H.
PRELIMINARY LOCAL CLIMATOLOGICAL DATA (WS FORM: F-6) , PAGE 2
STATION: FAITH SD
MONTH: JANUARY
YEAR: 2022
LATITUDE: 45 1 N
LONGITUDE: 102 1 W
[TEMPERATURE DATA] [PRECIPITATION DATA] SYMBOLS USED IN COLUMN 16
AVERAGE MONTHLY: 21.5 TOTAL FOR MONTH: 0.14 1 = FOG OR MIST
DPTR FM NORMAL: 1.9 DPTR FM NORMAL: -0.24 2 = FOG REDUCING VISIBILITY
HIGHEST: 54 ON 17 GRTST 24HR 0.05 ON 21-21 TO 1/4 MILE OR LESS
LOWEST: -17 ON 6 3 = THUNDER
SNOW, ICE PELLETS, HAIL 4 = ICE PELLETS
TOTAL MONTH: M 5 = HAIL
GRTST 24HR M ON M 6 = FREEZING RAIN OR DRIZZLE
GRTST DEPTH: M ON M 7 = DUSTSTORM OR SANDSTORM:
VSBY 1/2 MILE OR LESS
8 = SMOKE OR HAZE
[NO. OF DAYS WITH] [WEATHER - DAYS WITH] 9 = BLOWING SNOW
X = TORNADO
MAX 32 OR BELOW: 13 0.01 INCH OR MORE: 6
MAX 90 OR ABOVE: 0 0.10 INCH OR MORE: 0
MIN 32 OR BELOW: 30 0.50 INCH OR MORE: 0
MIN 0 OR BELOW: 11 1.00 INCH OR MORE: 0
[HDD (BASE 65) ]
TOTAL THIS MO. 1340 CLEAR (SCALE 0-3) 0
DPTR FM NORMAL -67 PTCLDY (SCALE 4-7) 0
TOTAL FM JUL 1 3881 CLOUDY (SCALE 8-10) 31
DPTR FM NORMAL -555
[CDD (BASE 65) ]
TOTAL THIS MO. 0
DPTR FM NORMAL 0 [PRESSURE DATA]
TOTAL FM JAN 1 0 HIGHEST SLP 30.78 ON 19
DPTR FM NORMAL 0 LOWEST SLP 29.45 ON 31
[REMARKS]
#FINAL-01-22#