000
CXUS53 KUNR 011534
CLMD07
CLIMATE REPORT
NATIONAL WEATHER SERVICE RAPID CITY SD
934 AM MDT SAT JUL 01 2023
...................................
...THE FAITH SD CLIMATE SUMMARY FOR THE MONTH OF JUNE 2023...
CLIMATE NORMAL PERIOD 1991 TO 2020
CLIMATE RECORD PERIOD 9999 TO 9999
WEATHER OBSERVED NORMAL DEPART LAST YEAR`S
VALUE DATE(S) VALUE FROM VALUE DATE(S)
NORMAL
................................................................
TEMPERATURE (F)
HIGHEST 95 06/19 101 06/29
06/12
LOWEST 45 06/11 40 06/01
AVG. MAXIMUM 81.8 77.5 4.3 79.0
AVG. MINIMUM 56.2 53.2 3.0 53.9
MEAN 69.0 65.3 3.7 66.4
DAYS MAX >= 90 4 MM
DAYS MAX <= 32 0 MM
DAYS MIN <= 32 0 MM
DAYS MIN <= 0 0 MM
PRECIPITATION (INCHES)
TOTALS 7.19 2.68 4.51 1.67
DAILY AVG. 0.24 0.09 0.15 0.06
DAYS >= .01 9 MM
DAYS >= .10 8 MM
DAYS >= .50 2 MM
DAYS >= 1.00 2 MM
GREATEST
24 HR. TOTAL 3.04 06/21 TO 06/21 0.31
DEGREE DAYS
HEATING TOTAL 23 82 -59 73
SINCE 7/1 7762 7631 131 MM
COOLING TOTAL 150 92 58 120
SINCE 1/1 182 106 76 MM
................................................................
WIND (MPH)
AVERAGE WIND SPEED 10.5
HIGHEST WIND SPEED/DIRECTION 40/050 DATE 06/24
HIGHEST GUST SPEED/DIRECTION 53/040 DATE 06/24
AVERAGE RH (PERCENT) 64
- INDICATES NEGATIVE NUMBERS.
R INDICATES RECORD WAS SET OR TIED.
MM INDICATES DATA IS MISSING.
T INDICATES TRACE AMOUNT.
$$