000
CXUS52 KMLB 010734
CF6DAB
PRELIMINARY LOCAL CLIMATOLOGICAL DATA (WS FORM: F-6)
STATION: DAYTONA BEACH
MONTH: DECEMBER
YEAR: 2020
LATITUDE: 29 10 N
LONGITUDE: 81 3 W
TEMPERATURE IN F: :PCPN: SNOW: WIND :SUNSHINE: SKY :PK WND
================================================================================
1 2 3 4 5 6A 6B 7 8 9 10 11 12 13 14 15 16 17 18
12Z AVG MX 2MIN
DY MAX MIN AVG DEP HDD CDD WTR SNW DPTH SPD SPD DIR MIN PSBL S-S WX SPD DR
================================================================================
1 55 40 48 -15 17 0 0.00 0.0 0 8.7 22 280 M M 2 28 290
2 59 39 49 -14 16 0 0.00 0.0 0 7.7 17 10 M M 2 22 360
3 72 45 59 -4 6 0 0.00 0.0 0 3.4 16 80 M M 7 21 80
4 76 59 68 5 0 3 0.00 0.0 0 3.5 15 210 M M 8 19 200
5 70 51 61 -2 4 0 T 0.0 0 5.4 12 330 M M 4 1 17 330
6 71 49 60 -2 5 0 0.03 0.0 0 3.8 9 320 M M 7 1 12 330
7 62 49 56 -6 9 0 0.10 0.0 0 8.6 21 310 M M 6 1 27 320
8 58 40 49 -13 16 0 0.00 0.0 0 8.2 14 310 M M 0 19 300
9 61 37 49 -13 16 0 0.00 0.0 0 5.6 14 280 M M 0 M M
10 71 43 57 -5 8 0 0.00 0.0 0 2.4 9 80 M M 2 1 10 100
11 72 45 59 -2 6 0 0.00 0.0 0 2.2 9 70 M M 1 1 12 60
12 71 51 61 0 4 0 0.02 0.0 0 2.1 10 90 M M 8 1 14 160
13 76 57 67 6 0 2 0.00 0.0 0 2.8 9 70 M M 7 12 12 50
14 80 62 71 10 0 6 0.00 0.0 0 8.7 21 240 M M 5 1 27 230
15 75 54 65 4 0 0 0.00 0.0 0 6.7 17 20 M M 6 1 20 350
16 72 57 65 5 0 0 0.17 0.0 0 5.8 14 220 M M 10 1 20 170
17 67 44 56 -4 9 0 T 0.0 0 8.1 16 290 M M 6 1 23 300
18 56 37 47 -13 18 0 0.00 0.0 0 9.0 16 30 M M 3 23 10
19 72 47 60 0 5 0 0.00 0.0 0 4.9 13 90 M M 6 1 19 90
20 73 52 63 3 2 0 0.01 0.0 0 3.1 12 210 M M 7 1 16 210
21 70 49 60 1 5 0 0.00 0.0 0 8.2 20 250 M M 7 1 28 300
22 70 46 58 -1 7 0 0.00 0.0 0 4.2 12 310 M M 5 1 16 310
23 78 44 61 2 4 0 0.00 0.0 0 2.4 12 70 M M 1 1 14 60
24 81 53 67 8 0 2 0.14 0.0 0 10.3 33 280 M M 6 1 50 280
25 53 36 45 -14 20 0 0.09 0.0 0 11.1 25 310 M M 4 1 33 320
26 53 33 43 -16 22 0 0.00 0.0 0 5.2 12 330 M M 4 15 330
27 66 35 51 -8 14 0 0.00 0.0 0 4.8 14 30 M M 1 19 10
28 71 46 59 1 6 0 0.00 0.0 0 6.4 18 20 M M 2 1 22 10
29 72 49 61 3 4 0 0.00 0.0 0 5.5 20 20 M M 4 1 27 40
30 76 51 64 6 1 0 T 0.0 0 4.2 15 110 M M 5 1 21 110
31 80 63 72 14 0 7 0.00 0.0 0 7.6 22 160 M M 5 30 160
================================================================================
SM 2139 1463 224 20 0.56 0.0 180.6 M 141
================================================================================
AV 69.0 47.2 5.8 FASTST M M 5 MAX(MPH)
MISC ----> 33 280 50 280
================================================================================
NOTES:
# LAST OF SEVERAL OCCURRENCES
COLUMN 17 PEAK WIND IN M.P.H.
PRELIMINARY LOCAL CLIMATOLOGICAL DATA (WS FORM: F-6) , PAGE 2
STATION: DAYTONA BEACH
MONTH: DECEMBER
YEAR: 2020
LATITUDE: 29 10 N
LONGITUDE: 81 3 W
[TEMPERATURE DATA] [PRECIPITATION DATA] SYMBOLS USED IN COLUMN 16
AVERAGE MONTHLY: 58.1 TOTAL FOR MONTH: 0.56 1 = FOG OR MIST
DPTR FM NORMAL: -2.4 DPTR FM NORMAL: -2.07 2 = FOG REDUCING VISIBILITY
HIGHEST: 81 ON 24 GRTST 24HR 0.23 ON 24-25 TO 1/4 MILE OR LESS
LOWEST: 33 ON 26 3 = THUNDER
SNOW, ICE PELLETS, HAIL 4 = ICE PELLETS
TOTAL MONTH: 0.0 INCH 5 = HAIL
GRTST 24HR 0.0 6 = FREEZING RAIN OR DRIZZLE
GRTST DEPTH: 0 7 = DUSTSTORM OR SANDSTORM:
VSBY 1/2 MILE OR LESS
8 = SMOKE OR HAZE
[NO. OF DAYS WITH] [WEATHER - DAYS WITH] 9 = BLOWING SNOW
X = TORNADO
MAX 32 OR BELOW: 0 0.01 INCH OR MORE: 7
MAX 90 OR ABOVE: 0 0.10 INCH OR MORE: 3
MIN 32 OR BELOW: 0 0.50 INCH OR MORE: 0
MIN 0 OR BELOW: 0 1.00 INCH OR MORE: 0
[HDD (BASE 65) ]
TOTAL THIS MO. 224 CLEAR (SCALE 0-3) 9
DPTR FM NORMAL 32 PTCLDY (SCALE 4-7) 21
TOTAL FM JUL 1 228 CLOUDY (SCALE 8-10) 1
DPTR FM NORMAL -38
[CDD (BASE 65) ]
TOTAL THIS MO. 20
DPTR FM NORMAL -31 [PRESSURE DATA]
TOTAL FM JAN 1 3606 HIGHEST SLP M ON M
DPTR FM NORMAL 643 LOWEST SLP 29.75 ON 7
[REMARKS]
#FINAL-12-20#