000
CXUS54 KFWD 031148
CF6DAL
PRELIMINARY LOCAL CLIMATOLOGICAL DATA (WS FORM: F-6)
STATION: DALLAS LOVE FIELD
MONTH: MARCH
YEAR: 2020
LATITUDE: 32 50 N
LONGITUDE: 96 51 W
TEMPERATURE IN F: :PCPN: SNOW: WIND :SUNSHINE: SKY :PK WND
================================================================================
1 2 3 4 5 6A 6B 7 8 9 10 11 12 13 14 15 16 17 18
12Z AVG MX 2MIN
DY MAX MIN AVG DEP HDD CDD WTR SNW DPTH SPD SPD DIR MIN PSBL S-S WX SPD DR
================================================================================
1 73 59 66 12 0 1 0.00 0.0 0 12.6 23 180 M M 8 37 180
2 71 59 65 10 0 0 0.00 0.0 0 6.9 16 170 M M 10 25 160
3 69 57 63 8 2 0 T 0.0 0 4.6 12 50 M M 10 30 270
4 60 51 56 1 9 0 0.93 0.0 0 10.3 22 90 M M 10 13 37 40
5 74 44 59 3 6 0 0.03 0.0 0 7.4 18 330 M M 1 1 30 10
6 69 41 55 -1 10 0 0.00 0.0 0 5.7 14 30 M M 3 23 50
7 64 47 56 0 9 0 0.00 0.0 0 10.0 20 150 M M 6 27 160
8 71 49 60 4 5 0 0.00 0.0 0 13.6 25 160 M M 8 40 160
9 74 61 68 11 0 3 0.06 0.0 0 11.4 23 160 M M 9 1 36 170
10 79 52 66 9 0 1 0.00 0.0 0 5.8 15 170 M M 6 22 180
11 87 68 78 21 0 13 0.00 0.0 0 10.4 17 180 M M 7 26 210
12 84 68 76 18 0 11 T 0.0 0 9.2 21 220 M M 8 30 220
13 75 62 69 11 0 4 0.91 0.0 0 7.2 21 100 M M 10 13 33 110
14 73 54 64 6 1 0 0.03 0.0 0 8.4 21 330 M M 10 13 29 330
15 59 51 55 -3 10 0 2.00 0.0 0 6.7 13 100 M M 9 13 26 220
16 69 52 61 2 4 0 0.76 0.0 0 6.9 16 130 M M 9 138 24 110
17 70 61 66 7 0 1 0.13 0.0 0 7.8 16 130 M M 10 138 24 130
18 79 65 72 13 0 7 1.28 0.0 0 11.2 20 130 M M 7 13 28 150
19 81 66 74 14 0 9 1.19 0.0 0 11.3 23 320 M M 8 13 39 190
20 67 45 56 -4 9 0 0.12 0.0 0 10.4 24 340 M M 9 34 310
21 58 42 50 -10 15 0 0.17 0.0 0 8.0 21 100 M M 8 31 100
22 66 53 60 0 5 0 0.14 0.0 0 3.9 7 150 M M 9 1 7 150
23 69 60 65 5 0 0 0.00 0.0 0 6.1 12 140 M M 10 18 20 150
24 87 61 74 13 0 9 0.00 0.0 0 10.0 21 320 M M 5 1 29 240
25 88 57 73 12 0 8 0.00 0.0 0 7.7 18 160 M M 3 27 170
26 84 68 76 15 0 11 0.00 0.0 0 11.2 20 180 M M 4 31 170
27 83 69 76 14 0 11 0.00 0.0 0 13.2 23 180 M M 9 8 37 180
28 77 55 66 4 0 1 0.40 0.0 0 8.2 25 270 M M 7 13 36 270
29 71 52 62 0 3 0 T 0.0 0 4.5 13 330 M M 7 17 330
30 65 55 60 -2 5 0 0.48 0.0 0 8.9 25 120 M M 9 138 38 100
31 70 53 62 0 3 0 0.00 0.0 0 8.8 18 330 M M 7 34 10
================================================================================
SM 2266 1737 96 90 8.63 0.0 268.3 M 236
================================================================================
AV 73.1 56.0 8.7 FASTST M M 8 MAX(MPH)
MISC ----> # 25 160 # 40 160
================================================================================
NOTES:
# LAST OF SEVERAL OCCURRENCES
COLUMN 17 PEAK WIND IN M.P.H.
PRELIMINARY LOCAL CLIMATOLOGICAL DATA (WS FORM: F-6) , PAGE 2
STATION: DALLAS LOVE FIELD
MONTH: MARCH
YEAR: 2020
LATITUDE: 32 50 N
LONGITUDE: 96 51 W
[TEMPERATURE DATA] [PRECIPITATION DATA] SYMBOLS USED IN COLUMN 16
AVERAGE MONTHLY: 64.6 TOTAL FOR MONTH: 8.63 1 = FOG OR MIST
DPTR FM NORMAL: 6.0 DPTR FM NORMAL: 5.14 2 = FOG REDUCING VISIBILITY
HIGHEST: 88 ON 25 GRTST 24HR 2.00 ON 15-15 TO 1/4 MILE OR LESS
LOWEST: 41 ON 6 3 = THUNDER
SNOW, ICE PELLETS, HAIL 4 = ICE PELLETS
TOTAL MONTH: 0.0 INCH 5 = HAIL
GRTST 24HR 0.0 6 = FREEZING RAIN OR DRIZZLE
GRTST DEPTH: 0 7 = DUSTSTORM OR SANDSTORM:
VSBY 1/2 MILE OR LESS
8 = SMOKE OR HAZE
[NO. OF DAYS WITH] [WEATHER - DAYS WITH] 9 = BLOWING SNOW
X = TORNADO
MAX 32 OR BELOW: 0 0.01 INCH OR MORE: 15
MAX 90 OR ABOVE: 0 0.10 INCH OR MORE: 12
MIN 32 OR BELOW: 0 0.50 INCH OR MORE: 6
MIN 0 OR BELOW: 0 1.00 INCH OR MORE: 3
[HDD (BASE 65) ]
TOTAL THIS MO. 96 CLEAR (SCALE 0-3) 2
DPTR FM NORMAL -142 PTCLDY (SCALE 4-7) 13
TOTAL FM JUL 1 1728 CLOUDY (SCALE 8-10) 16
DPTR FM NORMAL -328
[CDD (BASE 65) ]
TOTAL THIS MO. 90
DPTR FM NORMAL 51 [PRESSURE DATA]
TOTAL FM JAN 1 101 HIGHEST SLP 30.57 ON 6
DPTR FM NORMAL 51 LOWEST SLP 29.63 ON 27
[REMARKS]
NO EDITS
#FINAL-03-20#