000
CXUS51 KRNK 010735
CF6DAN
PRELIMINARY LOCAL CLIMATOLOGICAL DATA (WS FORM: F-6)
STATION: DANVILLE VA
MONTH: DECEMBER
YEAR: 2020
LATITUDE: 36 34 N
LONGITUDE: 79 20 W
TEMPERATURE IN F: :PCPN: SNOW: WIND :SUNSHINE: SKY :PK WND
================================================================================
1 2 3 4 5 6A 6B 7 8 9 10 11 12 13 14 15 16 17 18
12Z AVG MX 2MIN
DY MAX MIN AVG DEP HDD CDD WTR SNW DPTH SPD SPD DIR MIN PSBL S-S WX SPD DR
================================================================================
1 45 31 38 -6 27 0 0.00 0.0 0 9.7 22 270 M M 5 29 270
2 53 28 41 -2 24 0 0.00 0.0 0 7.3 18 280 M M 0 25 280
3 59 25 42 -1 23 0 0.00 0.0 0 4.1 13 230 M M 1 16 230
4 58 41 50 7 15 0 1.13 0.0 0 5.3 18 340 M M 8 1 24 310
5 53 32 43 1 22 0 0.25 0.0 0 8.3 20 310 M M 3 1 29 270
6 53 29 41 -1 24 0 0.00 0.0 0 3.3 10 240 M M 0 14 290
7 40 32 36 -6 29 0 T T 0 7.3 20 330 M M 9 27 320
8 47 24 36 -6 29 0 0.00 0.0 0 7.4 17 330 M M 0 23 340
9 53 23 38 -3 27 0 0.00 0.0 0 6.8 17 250 M M 0 21 240
10 63 29 46 5 19 0 0.00 0.0 0 0.9 8 280 M M 0 10 300
11 65 31 48 7 17 0 0.00 0.0 0 1.9 12 230 M M 0 1 16 230
12 67 39 53 13 12 0 0.00 0.0 0 4.3 21 230 M M 0 1 26 230
13 69 46 58 18 7 0 T 0.0 0 3.6 12 240 M M 3 15 280
14 51 32 42 2 23 0 1.15 0.0 0 9.9 20 50 M M 6 1 26 60
15 43 28 36 -4 29 0 0.00 0.0 0 5.1 13 50 M M 0 16 50
16 36 30 33 -7 32 0 0.45 0.0 0 7.7 15 10 M M 10 16 19 30
17 49 33 41 1 24 0 0.00 0.0 0 6.2 13 280 M M 9 1 18 300
18 44 28 36 -3 29 0 0.00 0.0 0 6.8 18 320 M M 4 23 320
19 45 24 35 -4 30 0 0.00 0.0 0 2.0 10 220 M M 0 14 240
20 43 33 38 -1 27 0 0.33 0.0 0 0.9 8 240 M M 10 1 11 250
21 55 39 47 8 18 0 0.00 0.0 0 6.1 16 230 M M 6 1 21 230
22 53 28 41 2 24 0 0.00 0.0 0 7.7 25 320 M M 1 35 330
23 55 25 40 2 25 0 T 0.0 0 1.5 8 190 M M 2 15 190
24 62 41 52 14 13 0 1.10 0.0 0 4.5 20 300 M M 10 1 27 310
25 40 24 32 -6 33 0 0.03 0.0 0 12.9 24 240 M M 7 33 250
26 39 19 29 -9 36 0 0.00 0.0 0 5.8 14 230 M M 0 18 290
27 51 20 36 -2 29 0 0.00 0.0 0 1.6 7 120 M M 0 11 160
28 57 28 43 5 22 0 0.00 0.0 0 4.9 15 250 M M 2 19 230
29 49 28 39 1 26 0 0.00 0.0 0 5.6 15 350 M M 0 19 320
30 43 24 34 -4 31 0 0.00 0.0 0 2.0 9 230 M M 5 11 230
31 60 40 50 12 15 0 T 0.0 0 5.5 15 50 M M 9 1 18 70
================================================================================
SM 1600 934 741 0 4.44 T 166.9 M 110
================================================================================
AV 51.6 30.1 5.4 FASTST M M 4 MAX(MPH)
MISC ----> 25 320 35 330
================================================================================
NOTES:
# LAST OF SEVERAL OCCURRENCES
COLUMN 17 PEAK WIND IN M.P.H.
PRELIMINARY LOCAL CLIMATOLOGICAL DATA (WS FORM: F-6) , PAGE 2
STATION: DANVILLE VA
MONTH: DECEMBER
YEAR: 2020
LATITUDE: 36 34 N
LONGITUDE: 79 20 W
[TEMPERATURE DATA] [PRECIPITATION DATA] SYMBOLS USED IN COLUMN 16
AVERAGE MONTHLY: 40.9 TOTAL FOR MONTH: 4.44 1 = FOG OR MIST
DPTR FM NORMAL: 0.8 DPTR FM NORMAL: 1.17 2 = FOG REDUCING VISIBILITY
HIGHEST: 69 ON 13 GRTST 24HR 1.38 ON 4- 5 TO 1/4 MILE OR LESS
LOWEST: 19 ON 26 3 = THUNDER
SNOW, ICE PELLETS, HAIL 4 = ICE PELLETS
TOTAL MONTH: T 5 = HAIL
GRTST 24HR T ON 7- 7 6 = FREEZING RAIN OR DRIZZLE
GRTST DEPTH: 0 7 = DUSTSTORM OR SANDSTORM:
VSBY 1/2 MILE OR LESS
8 = SMOKE OR HAZE
[NO. OF DAYS WITH] [WEATHER - DAYS WITH] 9 = BLOWING SNOW
X = TORNADO
MAX 32 OR BELOW: 0 0.01 INCH OR MORE: 7
MAX 90 OR ABOVE: 0 0.10 INCH OR MORE: 6
MIN 32 OR BELOW: 23 0.50 INCH OR MORE: 3
MIN 0 OR BELOW: 0 1.00 INCH OR MORE: 3
[HDD (BASE 65) ]
TOTAL THIS MO. 741 CLEAR (SCALE 0-3) 18
DPTR FM NORMAL -32 PTCLDY (SCALE 4-7) 6
TOTAL FM JUL 1 1281 CLOUDY (SCALE 8-10) 7
DPTR FM NORMAL -201
[CDD (BASE 65) ]
TOTAL THIS MO. 0
DPTR FM NORMAL 0 [PRESSURE DATA]
TOTAL FM JAN 1 1531 HIGHEST SLP 30.54 ON 30
DPTR FM NORMAL 92 LOWEST SLP 29.44 ON 24
[REMARKS]
#FINAL-12-20#