000
CXUS51 KRNK 010647
CF6DAN
PRELIMINARY LOCAL CLIMATOLOGICAL DATA (WS FORM: F-6)
STATION: DANVILLE VA
MONTH: AUGUST
YEAR: 2023
LATITUDE: 36 34 N
LONGITUDE: 79 20 W
TEMPERATURE IN F: :PCPN: SNOW: WIND :SUNSHINE: SKY :PK WND
================================================================================
1 2 3 4 5 6A 6B 7 8 9 10 11 12 13 14 15 16 17 18
12Z AVG MX 2MIN
DY MAX MIN AVG DEP HDD CDD WTR SNW DPTH SPD SPD DIR MIN PSBL S-S WX SPD DR
================================================================================
1 85 62 74 -4 0 9 0.00 0.0 0 6.4 15 50 M M 2 19 40
2 83 58 71 -7 0 6 0.00 0.0 0 2.2 8 240 M M 2 12 160
3 71 66 69 -9 0 4 0.25 0.0 0 1.3 7 180 M M 10 1 13 140
4 78 66 72 -6 0 7 0.23 0.0 0 3.5 9 330 M M 7 1 12 360
5 90 63 77 -1 0 12 0.00 0.0 0 1.8 12 40 M M 2 12 14 50
6 93 67 80 2 0 15 1.14 0.0 0 3.1 17 10 M M 3 13 23 300
7 87 68 78 0 0 13 0.16 0.0 0 5.2 26 280 M M 7 123 44 280
8 85 66 76 -1 0 11 0.00 0.0 0 7.7 17 260 M M 3 22 260
9 86 62 74 -3 0 9 0.00 0.0 0 4.4 13 300 M M 1 18 290
10 82 69 76 -1 0 11 0.14 0.0 0 4.8 16 260 M M 7 1 23 220
11 83 63 73 -4 0 8 0.00 0.0 0 3.5 9 230 M M 0 13 240
12 91 64 78 1 0 13 0.00 0.0 0 3.3 13 240 M M 1 1 18 230
13 92 69 81 4 0 16 0.01 0.0 0 4.1 10 210 M M 3 15 220
14 90 71 81 4 0 16 0.25 0.0 0 3.0 14 270 M M 4 1 19 260
15 91 72 82 5 0 17 0.00 0.0 0 3.8 18 260 M M 3 1 23 260
16 86 66 76 -1 0 11 0.00 0.0 0 2.7 12 330 M M 2 16 330
17 90 63 77 0 0 12 0.00 0.0 0 2.1 9 220 M M 3 13 220
18 88 62 75 -1 0 10 0.00 0.0 0 5.1 15 290 M M 1 21 290
19 85 56 71 -5 0 6 0.00 0.0 0 1.7 8 230 M M 0 14 210
20 91 58 75 -1 0 10 0.00 0.0 0 1.6 10 230 M M 0 15 230
21 92 64 78 2 0 13 0.00 0.0 0 3.4 12 20 M M 0 17 20
22 93 68 81 5 0 16 0.00 0.0 0 5.4 14 50 M M 4 19 50
23 85 61 73 -3 0 8 0.00 0.0 0 3.7 12 50 M M 1 15 50
24 93 61 77 1 0 12 0.00 0.0 0 2.7 18 250 M M 5 21 250
25 90 68 79 3 0 14 0.00 0.0 0 4.9 14 240 M M 6 1 17 240
26 95 71 83 8 0 18 0.00 0.0 0 4.2 12 350 M M 3 16 300
27 88 73 81 6 0 16 0.05 0.0 0 5.3 13 40 M M 9 13 17 70
28 78 71 75 0 0 10 0.55 0.0 0 3.9 14 50 M M 10 13 16 50
29 83 70 77 2 0 12 0.00 0.0 0 2.2 8 230 M M 10 10 240
30 83 70 77 2 0 12 0.00 0.0 0 5.9 15 50 M M 6 19 60
31 81 58 70 -4 0 5 0.00 0.0 0 8.7 23 50 M M 2 32 10
================================================================================
SM 2688 2026 0 352 2.78 0.0 121.6 M 117
================================================================================
AV 86.7 65.4 3.9 FASTST M M 4 MAX(MPH)
MISC ----> 26 280 44 280
================================================================================
NOTES:
# LAST OF SEVERAL OCCURRENCES
COLUMN 17 PEAK WIND IN M.P.H.
PRELIMINARY LOCAL CLIMATOLOGICAL DATA (WS FORM: F-6) , PAGE 2
STATION: DANVILLE VA
MONTH: AUGUST
YEAR: 2023
LATITUDE: 36 34 N
LONGITUDE: 79 20 W
[TEMPERATURE DATA] [PRECIPITATION DATA] SYMBOLS USED IN COLUMN 16
AVERAGE MONTHLY: 76.0 TOTAL FOR MONTH: 2.78 1 = FOG OR MIST
DPTR FM NORMAL: -0.5 DPTR FM NORMAL: -0.69 2 = FOG REDUCING VISIBILITY
HIGHEST: 95 ON 26 GRTST 24HR 1.14 ON 6- 6 TO 1/4 MILE OR LESS
LOWEST: 56 ON 19 3 = THUNDER
SNOW, ICE PELLETS, HAIL 4 = ICE PELLETS
TOTAL MONTH: 0.0 INCH 5 = HAIL
GRTST 24HR 0.0 6 = FREEZING RAIN OR DRIZZLE
GRTST DEPTH: 0 7 = DUSTSTORM OR SANDSTORM:
VSBY 1/2 MILE OR LESS
8 = SMOKE OR HAZE
[NO. OF DAYS WITH] [WEATHER - DAYS WITH] 9 = BLOWING SNOW
X = TORNADO
MAX 32 OR BELOW: 0 0.01 INCH OR MORE: 9
MAX 90 OR ABOVE: 13 0.10 INCH OR MORE: 7
MIN 32 OR BELOW: 0 0.50 INCH OR MORE: 2
MIN 0 OR BELOW: 0 1.00 INCH OR MORE: 1
[HDD (BASE 65) ]
TOTAL THIS MO. 0 CLEAR (SCALE 0-3) 16
DPTR FM NORMAL -1 PTCLDY (SCALE 4-7) 11
TOTAL FM JUL 1 0 CLOUDY (SCALE 8-10) 4
DPTR FM NORMAL 0
[CDD (BASE 65) ]
TOTAL THIS MO. 352
DPTR FM NORMAL -5 [PRESSURE DATA]
TOTAL FM JAN 1 1025 HIGHEST SLP M ON M
DPTR FM NORMAL -148 LOWEST SLP 29.70 ON 10
[REMARKS] MISSING PRECIPITATION DATA DURING AN EQUIPMENT FAILURE
ON AUGUST 28 WAS OBTAINED FROM BACKUP SITE.
#FINAL-08-23#