000
CXUS51 KRNK 010543
CLSDAN
CLIMATE REPORT
NATIONAL WEATHER SERVICE BLACKSBURG, VA
1243 AM EST WED DEC 01 2021
...................................
...THE DANVILLE VA CLIMATE SUMMARY FOR THE SEASON, FROM
9/1/2021 TO 11/30/2021...
CLIMATE NORMAL PERIOD: 1991 TO 2020
CLIMATE RECORD PERIOD: 1916 TO 2021
WEATHER OBSERVED NORMAL DEPART LAST YEAR`S
VALUE DATE(S) VALUE FROM VALUE
NORMAL
..............................................................
TEMPERATURE (F)
RECORD
HIGH 105 09/06/1954
09/01/1932
LOW 11 11/30/1929
HIGHEST 93 09/14 93
LOWEST 19 11/24 26
AVG. MAXIMUM 73.5 71.0 2.5 72.5
AVG. MINIMUM 47.6 46.9 0.7 49.5
MEAN 60.5 58.9 1.6 61.0
DAYS MAX >= 90 5 4.9 0.1 3
DAYS MAX <= 32 0 0.0 0.0 0
DAYS MIN <= 32 18 13.7 4.3 7
DAYS MIN <= 0 0 0.0 0.0 0
PRECIPITATION (INCHES)
RECORD
MAXIMUM 26.22 2018
MINIMUM 2.31 2001
TOTALS 3.31 11.01 -7.70 15.34
DAYS >= .01 18 25.7 -7.7 27
DAYS >= .10 6 15.5 -9.5 15
DAYS >= .50 1 7.3 -6.3 9
DAYS >= 1.00 1 3.7 -2.7 4
GREATEST
24 HR. TOTAL 1.39 4.89
SNOWFALL (INCHES)
TOTALS 0.0 0.0 0.0 0.0
DAYS >= TRACE 0 0
DAYS >= 1.0 0 0
GREATEST
24 HR TOTAL 0.0 MM
DEGREE DAYS
HEATING TOTAL 666 762 -96 540
COOLING TOTAL 282 210 72 200
..............................................................
WIND (MPH)
AVERAGE WIND SPEED 4.6
RESULTANT WIND SPEED/DIRECTION 1/310
HIGHEST WIND SPEED/DIRECTION 23/330 DATE 10/16
HIGHEST GUST SPEED/DIRECTION 32/330 DATE 09/01
SKY COVER
AVERAGE SKY COVER 0.29
AVERAGE RH (PERCENT) 65
WEATHER CONDITIONS. NUMBER OF DAYS WITH
THUNDERSTORM 5 MIXED PRECIP 0
HEAVY RAIN 3 RAIN 6
LIGHT RAIN 29 FREEZING RAIN 0
LT FREEZING RAIN 0 HAIL 0
HEAVY SNOW 0 SNOW 0
LIGHT SNOW 0 SLEET 0
FOG 29 FOG W/VIS <= 1/4 MILE 6
HAZE 0
- INDICATES NEGATIVE NUMBERS.
R INDICATES RECORD WAS SET OR TIED.
MM INDICATES DATA IS MISSING.
T INDICATES TRACE AMOUNT.
$$