000
CXUS53 KDVN 010919 CCA
CLSDBQ
CLIMATE REPORT ...CORRECTED
NATIONAL WEATHER SERVICE QUAD CITIES IA IL
419 AM CDT WED JUN 1 2022
...................................
...THE DUBUQUE IA CLIMATE SUMMARY FOR THE SEASON, FROM
3/1/2022 TO 5/31/2022...
CLIMATE NORMAL PERIOD 1991 TO 2020
CLIMATE RECORD PERIOD 1873 TO 2022
WEATHER OBSERVED NORMAL DEPART LAST YEAR`S
VALUE DATE(S) VALUE FROM VALUE
NORMAL
..............................................................
TEMPERATURE (F)
RECORD
HIGH 104 05/31/1934
LOW -20 03/01/1962
HIGHEST 93 05/12 74 19
LOWEST 3 03/12 21 -18
AVG. MAXIMUM 56.2 57.0 -0.8
AVG. MINIMUM 38.2 37.3 0.9
MEAN 47.2 47.2 0.0
DAYS MAX >= 90 2 0.3 1.7
DAYS MAX <= 32 6 5.5 0.5
DAYS MIN <= 32 33 31.8 1.2
DAYS MIN <= 0 0 0.7 -0.7
PRECIPITATION (INCHES)
TOTALS 9.79 10.61 -0.82
DAILY AVG. 0.11 0.12 -0.01
DAYS >= .01 33 34.5 -1.5
DAYS >= .10 20
DAYS >= .50 7
DAYS >= 1.00 2 2.2 -0.2
GREATEST
24 HR. TOTAL 1.77 05/24 TO 05/25
SNOWFALL (INCHES)
TOTALS 10.8 7.6 3.2
SINCE 7/1 31.9 42.5 -10.6
SNOWDEPTH AVG. T
DAYS >= TRACE 13 5.5 7.5
DAYS >= 1.0 2 2.3 -0.3
GREATEST
SNOW DEPTH 4 03/07
24 HR TOTAL 4.5 03/06 TO 03/07
04/02 TO 04/02
DEGREE DAYS
HEATING TOTAL 1728 1682 46
SINCE 7/1 6784 7046 -262
COOLING TOTAL 113 41 72
SINCE 1/1 113 41 72
..............................................................
WIND (MPH)
AVERAGE WIND SPEED 12.3
HIGHEST WIND SPEED/DIRECTION 47/250 DATE 03/06
HIGHEST GUST SPEED/DIRECTION 59/250 DATE 03/06
SKY COVER
POSSIBLE SUNSHINE (PERCENT) MM
AVERAGE SKY COVER 0.48
NUMBER OF DAYS FAIR 42
NUMBER OF DAYS PC 20
NUMBER OF DAYS CLOUDY 30
AVERAGE RH (PERCENT) 69
WEATHER CONDITIONS. NUMBER OF DAYS WITH
THUNDERSTORM 8 HAIL 0
SLEET 0 FOG 45
FOG W/VIS <= 1/4 MILE 8 HAZE 15
- INDICATES NEGATIVE NUMBERS.
R INDICATES RECORD WAS SET OR TIED.
MM INDICATES DATA IS MISSING.
T INDICATES TRACE AMOUNT.
$$
NOTE: SUPPLEMENTAL CLIMATE DATA WAS USED FROM A NEARBY
CLIMATOLOGICALLY REPRESENTATIVE STATION.