000
CXUS54 KHUN 010910
CF6DCU
PRELIMINARY LOCAL CLIMATOLOGICAL DATA (WS FORM: F-6)
STATION: DECATUR
MONTH: FEBRUARY
YEAR: 2022
LATITUDE: 34 39 N
LONGITUDE: 86 56 W
TEMPERATURE IN F: :PCPN: SNOW: WIND :SUNSHINE: SKY :PK WND
================================================================================
1 2 3 4 5 6A 6B 7 8 9 10 11 12 13 14 15 16 17 18
12Z AVG MX 2MIN
DY MAX MIN AVG DEP HDD CDD WTR SNW DPTH SPD SPD DIR MIN PSBL S-S WX SPD DR
================================================================================
1 64 32 48 6 17 0 T 0.0 0 9.5 21 150 M M 2 26 170
2 55 50 53 10 12 0 0.61 0.0 0 12.5 23 140 M M 10 1 28 140
3 63 36 50 7 15 0 1.46 0.0 0 9.4 25 280 M M 10 13 33 280
4 36 27 32 -11 33 0 0.01 0.0 0 10.5 16 320 M M 10 1 21 320
5 40 20 30 -13 35 0 0.00 0.0 0 6.7 17 360 M M 0 1 22 30
6 52 19 36 -7 29 0 0.00 0.0 0 3.9 14 170 M M 0 19 190
7 52 24 38 -6 27 0 0.00 0.0 0 4.7 15 260 M M 1 18 260
8 55 22 39 -5 26 0 0.00 0.0 0 2.7 13 290 M M 0 37 150
9 62 25 44 0 21 0 0.00 0.0 0 4.3 20 250 M M 0 27 260
10 65 27 46 2 19 0 0.00 0.0 0 2.8 13 290 M M 1 19 310
11 68 33 51 7 14 0 0.00 0.0 0 9.3 23 200 M M 0 8 32 200
12 55 33 44 -1 21 0 T 0.0 0 11.0 21 340 M M 6 26 330
13 42 19 31 -14 34 0 0.00 0.0 0 7.2 18 350 M M 1 23 340
14 56 20 38 -7 27 0 0.00 0.0 0 1.3 10 300 M M 0 13 310
15 66 26 46 1 19 0 0.00 0.0 0 7.5 17 140 M M 0 8 23 160
16 71 40 56 10 9 0 0.00 0.0 0 13.4 28 180 M M 3 35 170
17 71 40 56 10 9 0 0.85 0.0 0 18.7 36 180 M M 8 1 48 140
18 44 25 35 -11 30 0 T T 0 8.9 21 340 M M 5 1 26 340
19 53 21 37 -9 28 0 0.00 0.0 0 3.5 16 350 M M 0 20 340
20 63 25 44 -2 21 0 0.00 0.0 0 7.2 18 180 M M 1 27 160
21 56 44 50 3 15 0 0.54 0.0 0 10.8 23 150 M M 9 13 28 140
22 70 56 63 16 2 0 0.88 0.0 0 12.0 21 180 M M 9 13 29 170
23 60 38 49 2 16 0 0.78 0.0 0 8.4 20 350 M M 10 1 25 360
24 65 40 53 5 12 0 0.10 0.0 0 4.5 22 300 M M 10 1 30 310
25 61 33 47 -1 18 0 0.10 0.0 0 10.9 26 290 M M 10 1 35 290
26 39 32 36 -12 29 0 0.56 T 0 7.1 16 20 M M 10 14 23 20
27 46 33 40 -8 25 0 0.69 0.0 0 5.6 13 350 M M 9 12 15 10
28 58 28 43 -5 22 0 0.00 0.0 0 3.8 10 360 M M 0 16 280
================================================================================
SM 1588 868 585 0 6.58 T 218.1 M 125
================================================================================
AV 56.7 31.0 7.8 FASTST M M 4 MAX(MPH)
MISC ----> 36 180 48 140
================================================================================
NOTES:
# LAST OF SEVERAL OCCURRENCES
COLUMN 17 PEAK WIND IN M.P.H.
PRELIMINARY LOCAL CLIMATOLOGICAL DATA (WS FORM: F-6) , PAGE 2
STATION: DECATUR
MONTH: FEBRUARY
YEAR: 2022
LATITUDE: 34 39 N
LONGITUDE: 86 56 W
[TEMPERATURE DATA] [PRECIPITATION DATA] SYMBOLS USED IN COLUMN 16
AVERAGE MONTHLY: 43.9 TOTAL FOR MONTH: 6.58 1 = FOG OR MIST
DPTR FM NORMAL: -1.4 DPTR FM NORMAL: 1.62 2 = FOG REDUCING VISIBILITY
HIGHEST: 71 ON 17,16 GRTST 24HR 1.65 ON 22-23 TO 1/4 MILE OR LESS
LOWEST: 19 ON 13, 6 3 = THUNDER
SNOW, ICE PELLETS, HAIL 4 = ICE PELLETS
TOTAL MONTH: T 5 = HAIL
GRTST 24HR T ON 18-18 6 = FREEZING RAIN OR DRIZZLE
GRTST DEPTH: 0 7 = DUSTSTORM OR SANDSTORM:
VSBY 1/2 MILE OR LESS
8 = SMOKE OR HAZE
[NO. OF DAYS WITH] [WEATHER - DAYS WITH] 9 = BLOWING SNOW
X = TORNADO
MAX 32 OR BELOW: 0 0.01 INCH OR MORE: 11
MAX 90 OR ABOVE: 0 0.10 INCH OR MORE: 10
MIN 32 OR BELOW: 16 0.50 INCH OR MORE: 8
MIN 0 OR BELOW: 0 1.00 INCH OR MORE: 1
[HDD (BASE 65) ]
TOTAL THIS MO. 585 CLEAR (SCALE 0-3) 15
DPTR FM NORMAL 32 PTCLDY (SCALE 4-7) 3
TOTAL FM JUL 1 2389 CLOUDY (SCALE 8-10) 10
DPTR FM NORMAL -148
[CDD (BASE 65) ]
TOTAL THIS MO. 0
DPTR FM NORMAL -2 [PRESSURE DATA]
TOTAL FM JAN 1 3 HIGHEST SLP 30.53 ON 5
DPTR FM NORMAL 3 LOWEST SLP 29.58 ON 17
[REMARKS]
#FINAL-02-22#