614
CXUS55 KALY 010710
CF6DDH
PRELIMINARY LOCAL CLIMATOLOGICAL DATA (WS FORM: F-6)
STATION: BENNINGTON VT
MONTH: SEPTEMBER
YEAR: 2020
LATITUDE: 42 53 N
LONGITUDE: 73 15 W
TEMPERATURE IN F: :PCPN: SNOW: WIND :SUNSHINE: SKY :PK WND
================================================================================
1 2 3 4 5 6A 6B 7 8 9 10 11 12 13 14 15 16 17 18
12Z AVG MX 2MIN
DY MAX MIN AVG DEP HDD CDD WTR SNW DPTH SPD SPD DIR MIN PSBL S-S WX SPD DR
================================================================================
1 75 53 64 0 1 0 0.00 M M 6.7 17 190 M M 7 22 180
2 75 63 69 5 0 4 0.35 M M 5.1 15 130 M M 9 1 20 120
3 77 60 69 6 0 4 T M M 2.7 10 270 M M 4 12 15 270
4 73 50 62 -1 3 0 0.00 M M 4.9 15 270 M M 2 1 20 310
5 73 44 59 -4 6 0 T M M 4.1 17 270 M M 4 23 250
6 74 54 64 2 1 0 T M M 2.3 9 330 M M 5 14 330
7 79 58 69 7 0 4 0.00 M M 8.7 24 170 M M 5 34 160
8 84 56 70 8 0 5 0.00 M M 1.8 8 180 M M 0 1 10 180
9 83 58 71 10 0 6 0.00 M M 1.3 9 180 M M 0 1 12 160
10 77 57 67 6 0 2 1.69 M M 1.7 13 240 M M 7 128 17 250
11 65 46 56 -5 9 0 0.00 M M 4.6 13 340 M M 5 18 18 320
12 69 39 54 -6 11 0 0.00 M M 4.6 13 130 M M 1 1 17 170
13 75 52 64 4 1 0 T M M 7.5 18 180 M M 3 23 190
14 70 40 55 -5 10 0 0.00 M M 6.6 15 340 M M 3 26 340
15 61 35 48 -11 17 0 0.00 M M 1.2 7 330 M M 0 10 310
16 71 39 55 -4 10 0 0.00 M M 3.9 15 180 M M 0 22 200
17 67 45 56 -3 9 0 0.02 M M 2.0 9 340 M M 6 1 14 330
18 62 35 49 -9 16 0 T M M 4.8 16 340 M M 4 1 27 330
19 58 M M M M M 0.00 M M 2.7 13 350 M M 0 17 340
20 61 31 46 -11 19 0 0.00 M M 1.9 12 360 M M 1 16 360
21 64 28 46 -11 19 0 0.00 M M 1.2 7 190 M M 0 11 270
22 65 29 47 -10 18 0 0.00 M M 3.7 14 350 M M 0 23 290
23 72 38 55 -1 10 0 0.00 M M 4.3 14 260 M M 4 1 21 250
24 73 45 59 3 6 0 0.00 M M 1.6 9 230 M M 0 1 14 220
25 79 50 65 10 0 0 0.02 M M 1.6 7 120 M M 2 1 10 130
26 77 49 63 8 2 0 0.00 M M 4.1 15 200 M M 3 12 19 220
27 75 62 69 14 0 4 0.00 M M 6.7 16 160 M M 5 21 160
28 79 64 72 18 0 7 0.01 M M 8.8 21 170 M M 7 18 27 180
29 77 61 69 15 0 4 0.42 M M 8.2 23 180 M M 5 1 30 180
30 71 53 62 9 3 0 1.30 M M 7.4 28 150 M M 6 1 36 150
================================================================================
SM 2161 1394 171 40 3.81 M 126.7 M 98
================================================================================
AV 72.0 48.1 4.2 FASTST M M 3 MAX(MPH)
MISC ----> 28 150 36 150
================================================================================
NOTES:
# LAST OF SEVERAL OCCURRENCES
COLUMN 17 PEAK WIND IN M.P.H.
PRELIMINARY LOCAL CLIMATOLOGICAL DATA (WS FORM: F-6) , PAGE 2
STATION: BENNINGTON VT
MONTH: SEPTEMBER
YEAR: 2020
LATITUDE: 42 53 N
LONGITUDE: 73 15 W
[TEMPERATURE DATA] [PRECIPITATION DATA] SYMBOLS USED IN COLUMN 16
AVERAGE MONTHLY: 60.1 TOTAL FOR MONTH: 3.81 1 = FOG OR MIST
DPTR FM NORMAL: 1.2 DPTR FM NORMAL: 0.24 2 = FOG REDUCING VISIBILITY
HIGHEST: 84 ON 8 GRTST 24HR 1.72 ON 29-30 TO 1/4 MILE OR LESS
LOWEST: 28 ON 21 3 = THUNDER
SNOW, ICE PELLETS, HAIL 4 = ICE PELLETS
TOTAL MONTH: M 5 = HAIL
GRTST 24HR M ON M 6 = FREEZING RAIN OR DRIZZLE
GRTST DEPTH: M ON M 7 = DUSTSTORM OR SANDSTORM:
VSBY 1/2 MILE OR LESS
8 = SMOKE OR HAZE
[NO. OF DAYS WITH] [WEATHER - DAYS WITH] 9 = BLOWING SNOW
X = TORNADO
MAX 32 OR BELOW: 0 0.01 INCH OR MORE: 7
MAX 90 OR ABOVE: 0 0.10 INCH OR MORE: 4
MIN 32 OR BELOW: 3 0.50 INCH OR MORE: 2
MIN 0 OR BELOW: 0 1.00 INCH OR MORE: 2
[HDD (BASE 65) ]
TOTAL THIS MO. 171 CLEAR (SCALE 0-3) 13
DPTR FM NORMAL -35 PTCLDY (SCALE 4-7) 16
TOTAL FM JUL 1 201 CLOUDY (SCALE 8-10) 1
DPTR FM NORMAL -76
[CDD (BASE 65) ]
TOTAL THIS MO. 40
DPTR FM NORMAL 17 [PRESSURE DATA]
TOTAL FM JAN 1 574 HIGHEST SLP M ON M
DPTR FM NORMAL 263 LOWEST SLP 29.41 ON 30
[REMARKS]
#FINAL-09-20#