000
CXUS53 KARX 010900
CF6DEH
PRELIMINARY LOCAL CLIMATOLOGICAL DATA (WS FORM: F-6)
STATION: DECORAH IA
MONTH: SEPTEMBER
YEAR: 2021
LATITUDE: 43 16 N
LONGITUDE: 91 44 W
TEMPERATURE IN F: :PCPN: SNOW: WIND :SUNSHINE: SKY :PK WND
================================================================================
1 2 3 4 5 6A 6B 7 8 9 10 11 12 13 14 15 16 17 18
12Z AVG MX 2MIN
DY MAX MIN AVG DEP HDD CDD WTR SNW DPTH SPD SPD DIR MIN PSBL S-S WX SPD DR
================================================================================
1 M M M M M M 0.00 0.0 0 M M M M M M M M
2 M M M M M M 0.00 0.0 0 M M M M M M M M
3 M M M M M M M 0.0 0 3.7 9 160 M M 10 1 16 140
4 73 57 65 M 0 0 0.00 0.0 0 4.6 10 310 M M 8 12 20 310
5 79 54 67 M 0 2 0.00 0.0 0 3.6 12 290 M M 2 22 260
6 77 52 65 M 0 0 0.00 0.0 0 2.8 9 160 M M 2 15 160
7 77 55 66 M 0 1 0.00 0.0 0 9.2 17 340 M M 1 27 320
8 73 52 63 M 2 0 T 0.0 0 7.7 20 320 M M 4 31 320
9 73 52 63 M 2 0 0.00 0.0 0 2.4 10 340 M M 2 15 330
10 77 52 65 M 0 0 0.00 0.0 0 4.3 12 170 M M 3 15 180
11 82 61 72 M 0 7 0.00 0.0 0 3.1 8 240 M M 5 1 13 200
12 72 61 67 M 0 2 T 0.0 0 5.1 10 340 M M 7 22 340
13 72 59 66 M 0 1 T 0.0 0 6.0 12 160 M M 9 17 120
14 72 55 64 M 1 0 0.00 0.0 0 6.6 15 330 M M 7 18 190
15 75 50 63 M 2 0 0.00 0.0 0 2.4 8 150 M M 1 M M
16 81 54 68 M 0 3 0.00 0.0 0 10.1 16 170 M M 1 24 170
17 70 50 60 M 5 0 0.00 0.0 0 7.4 15 320 M M 3 23 320
18 77 48 63 M 2 0 0.00 0.0 0 5.3 8 150 M M 2 13 150
19 86 45 66 M 0 1 0.00 0.0 0 8.5 12 190 M M 1 23 190
20 81 66 74 M 0 9 0.61 0.0 0 9.8 15 190 M M 4 1 29 190
21 68 M M M M M 0.00 0.0 0 9.6 16 340 M M 1 22 340
22 64 M M M M M 0.00 0.0 0 7.3 10 20 M M 0 18 350
23 68 M M M M M 0.00 0.0 0 3.5 7 340 M M 1 15 340
24 70 M M M M M 0.19 0.0 0 6.3 13 330 M M 2 23 310
25 M M M M M M 0.00 0.0 0 M M M M M 0 M M
26 82 M M M M M 0.00 0.0 0 6.3 9 190 M M 0 17 210
27 M M M M M M 0.00 0.0 0 M M M M M 1 M M
28 M M M M M M 0.00 0.0 0 5.4 9 M M M 0 15 M
29 M M M M M M 0.00 0.0 0 7.2 9 90 M M 1 14 110
30 M M M M M M 0.00 0.0 0 M M M M M 0 M M
================================================================================
SM 1649 923 14 26 0.80 0.0 148.2 M 78
================================================================================
AV 75.0 54.3 5.9 FASTST M M 3 MAX(MPH)
MISC ----> 20 320 31 320
================================================================================
NOTES:
# LAST OF SEVERAL OCCURRENCES
COLUMN 17 PEAK WIND IN M.P.H.
PRELIMINARY LOCAL CLIMATOLOGICAL DATA (WS FORM: F-6) , PAGE 2
STATION: DECORAH IA
MONTH: SEPTEMBER
YEAR: 2021
LATITUDE: 43 16 N
LONGITUDE: 91 44 W
[TEMPERATURE DATA] [PRECIPITATION DATA] SYMBOLS USED IN COLUMN 16
AVERAGE MONTHLY: 64.6 TOTAL FOR MONTH: 0.80 1 = FOG OR MIST
DPTR FM NORMAL: 0.0 DPTR FM NORMAL: M 2 = FOG REDUCING VISIBILITY
HIGHEST: 86 ON 19 GRTST 24HR 0.61 ON 20-20 TO 1/4 MILE OR LESS
LOWEST: 45 ON 19 3 = THUNDER
SNOW, ICE PELLETS, HAIL 4 = ICE PELLETS
TOTAL MONTH: 0.0 INCH 5 = HAIL
GRTST 24HR 0.0 6 = FREEZING RAIN OR DRIZZLE
GRTST DEPTH: 0 7 = DUSTSTORM OR SANDSTORM:
VSBY 1/2 MILE OR LESS
8 = SMOKE OR HAZE
[NO. OF DAYS WITH] [WEATHER - DAYS WITH] 9 = BLOWING SNOW
X = TORNADO
MAX 32 OR BELOW: 0 0.01 INCH OR MORE: 2
MAX 90 OR ABOVE: 0 0.10 INCH OR MORE: 2
MIN 32 OR BELOW: 0 0.50 INCH OR MORE: 1
MIN 0 OR BELOW: 0 1.00 INCH OR MORE: 0
[HDD (BASE 65) ]
TOTAL THIS MO. 14 CLEAR (SCALE 0-3) 20
DPTR FM NORMAL M PTCLDY (SCALE 4-7) 6
TOTAL FM JUL 1 16 CLOUDY (SCALE 8-10) 4
DPTR FM NORMAL M
[CDD (BASE 65) ]
TOTAL THIS MO. 26
DPTR FM NORMAL M [PRESSURE DATA]
TOTAL FM JAN 1 688 HIGHEST SLP M ON M
DPTR FM NORMAL M LOWEST SLP M ON M
[REMARKS]
#FINAL-09-21#