000
CXUS54 KSHV 011500
CF6DEQ
PRELIMINARY LOCAL CLIMATOLOGICAL DATA (WS FORM: F-6)
STATION: DE QUEEN
MONTH: AUGUST
YEAR: 2020
LATITUDE: 34 2 N
LONGITUDE: 94 24 W
TEMPERATURE IN F: :PCPN: SNOW: WIND :SUNSHINE: SKY :PK WND
================================================================================
1 2 3 4 5 6A 6B 7 8 9 10 11 12 13 14 15 16 17 18
12Z AVG MX 2MIN
DY MAX MIN AVG DEP HDD CDD WTR SNW DPTH SPD SPD DIR MIN PSBL S-S WX SPD DR
================================================================================
1 90 63 77 -4 0 12 0.00 0.0 0 2.5 12 350 M M 1 20 330
2 92 64 78 -3 0 13 0.77 0.0 0 2.4 16 350 M M 2 13 23 10
3 90 67 79 -3 0 14 0.00 0.0 0 2.9 13 320 M M 1 1 17 310
4 89 63 76 -6 0 11 0.00 0.0 0 2.2 13 320 M M 0 18 350
5 82 66 74 -8 0 9 0.01 0.0 0 3.6 13 120 M M 5 17 110
6 89 66 78 -4 0 13 0.00 0.0 0 5.3 15 100 M M 3 20 100
7 84 71 78 -4 0 13 0.31 0.0 0 5.1 17 90 M M 4 1 25 100
8 94 73 84 2 0 19 0.00 0.0 0 3.3 12 190 M M 2 14 210
9 95 72 84 2 0 19 0.00 0.0 0 3.9 12 220 M M 1 1 15 220
10 96 74 85 3 0 20 0.00 0.0 0 3.6 12 250 M M 0 17 170
11 95 73 84 2 0 19 0.62 0.0 0 4.6 17 330 M M 3 13 23 330
12 88 71 80 -2 0 15 2.92 0.0 0 4.4 17 120 M M 6 13 24 120
13 91 73 82 0 0 17 0.02 0.0 0 2.3 14 230 M M 1 18 20 210
14 90 72 81 -1 0 16 0.36 0.0 0 2.4 23 40 M M 2 13 39 40
15 96 75 86 4 0 21 0.00 0.0 0 2.4 8 160 M M 1 1 11 170
16 96 74 85 3 0 20 0.00 0.0 0 2.3 10 90 M M 1 1 14 120
17 92 71 82 0 0 17 0.00 0.0 0 1.4 8 100 M M 0 12 140
18 91 67 79 -3 0 14 0.00 0.0 0 3.0 14 40 M M 1 1 19 30
19 90 63 77 -4 0 12 0.00 0.0 0 2.7 10 70 M M 1 14 130
20 89 63 76 -5 0 11 0.00 0.0 0 1.8 9 50 M M 1 1 14 50
21 92 63 78 -3 0 13 0.00 0.0 0 1.3 9 140 M M 0 1 13 70
22 92 67 80 -1 0 15 0.00 0.0 0 1.7 8 110 M M 0 1 10 100
23 93 67 80 -1 0 15 0.00 0.0 0 2.0 9 120 M M 0 1 12 110
24 93 66 80 -1 0 15 0.00 0.0 0 2.6 14 120 M M 0 1 17 120
25 95 67 81 0 0 16 0.00 0.0 0 2.7 10 120 M M 1 1 17 110
26 81 70 76 -4 0 11 4.32 0.0 0 6.2 17 60 M M 7 13 23 70
27 79 73 76 -4 0 11 1.47 0.0 0 7.1 13 360 M M 7 1 20 360
28 96 72 84 4 0 19 0.08 0.0 0 4.0 13 230 M M 0 1 17 240
29 95 72 84 4 0 19 1.86 0.0 0 5.1 22 90 M M 1 13 33 50
30 86 72 79 -1 0 14 0.73 0.0 0 3.2 13 160 M M 3 3 17 150
31 88 74 81 2 0 16 0.07 0.0 0 4.4 14 70 M M 2 13 19 70
================================================================================
SM 2809 2144 0 469 13.54 0.0 102.4 M 57
================================================================================
AV 90.6 69.2 3.3 FASTST M M 2 MAX(MPH)
MISC ----> # 23 40 # 39 40
================================================================================
NOTES:
# LAST OF SEVERAL OCCURRENCES
COLUMN 17 PEAK WIND IN M.P.H.
PRELIMINARY LOCAL CLIMATOLOGICAL DATA (WS FORM: F-6) , PAGE 2
STATION: DE QUEEN
MONTH: AUGUST
YEAR: 2020
LATITUDE: 34 2 N
LONGITUDE: 94 24 W
[TEMPERATURE DATA] [PRECIPITATION DATA] SYMBOLS USED IN COLUMN 16
AVERAGE MONTHLY: 79.9 TOTAL FOR MONTH: 13.54 1 = FOG OR MIST
DPTR FM NORMAL: -1.3 DPTR FM NORMAL: 11.37 2 = FOG REDUCING VISIBILITY
HIGHEST: 96 ON 28,16 GRTST 24HR 4.32 ON 26-26 TO 1/4 MILE OR LESS
LOWEST: 63 ON 21,20 3 = THUNDER
SNOW, ICE PELLETS, HAIL 4 = ICE PELLETS
TOTAL MONTH: 0.0 INCH 5 = HAIL
GRTST 24HR 0.0 6 = FREEZING RAIN OR DRIZZLE
GRTST DEPTH: 0 7 = DUSTSTORM OR SANDSTORM:
VSBY 1/2 MILE OR LESS
8 = SMOKE OR HAZE
[NO. OF DAYS WITH] [WEATHER - DAYS WITH] 9 = BLOWING SNOW
X = TORNADO
MAX 32 OR BELOW: 0 0.01 INCH OR MORE: 13
MAX 90 OR ABOVE: 21 0.10 INCH OR MORE: 9
MIN 32 OR BELOW: 0 0.50 INCH OR MORE: 7
MIN 0 OR BELOW: 0 1.00 INCH OR MORE: 4
[HDD (BASE 65) ]
TOTAL THIS MO. 0 CLEAR (SCALE 0-3) 25
DPTR FM NORMAL 0 PTCLDY (SCALE 4-7) 6
TOTAL FM JUL 1 0 CLOUDY (SCALE 8-10) 0
DPTR FM NORMAL 0
[CDD (BASE 65) ]
TOTAL THIS MO. 469
DPTR FM NORMAL -31 [PRESSURE DATA]
TOTAL FM JAN 1 1672 HIGHEST SLP 30.11 ON 17
DPTR FM NORMAL 80 LOWEST SLP 29.64 ON 27
[REMARKS]
#FINAL-08-20#