000
CXUS54 KSHV 012109
CF6DEQ
PRELIMINARY LOCAL CLIMATOLOGICAL DATA (WS FORM: F-6)
STATION: DE QUEEN
MONTH: MARCH
YEAR: 2020
LATITUDE: 34 2 N
LONGITUDE: 94 24 W
TEMPERATURE IN F: :PCPN: SNOW: WIND :SUNSHINE: SKY :PK WND
================================================================================
1 2 3 4 5 6A 6B 7 8 9 10 11 12 13 14 15 16 17 18
12Z AVG MX 2MIN
DY MAX MIN AVG DEP HDD CDD WTR SNW DPTH SPD SPD DIR MIN PSBL S-S WX SPD DR
================================================================================
1 69 46 58 9 7 0 T 0.0 0 5.9 17 190 M M 8 23 180
2 76 62 69 19 0 4 T 0.0 0 7.1 17 230 M M 7 23 190
3 65 48 57 7 8 0 T 0.0 0 2.8 9 100 M M 4 13 120
4 60 52 56 6 9 0 0.17 0.0 0 3.4 13 110 M M 9 1 17 80
5 75 41 58 8 7 0 0.00 0.0 0 4.7 17 310 M M 2 8 24 310
6 70 29 50 -1 15 0 0.00 0.0 0 3.0 15 30 M M 0 18 20 20
7 63 33 48 -3 17 0 0.00 0.0 0 4.3 13 140 M M 0 18 17 170
8 66 33 50 -1 15 0 0.00 0.0 0 5.2 14 180 M M 0 1 20 190
9 65 57 61 9 4 0 0.04 0.0 0 6.9 15 210 M M 8 1 21 190
10 76 51 64 12 1 0 0.00 0.0 0 3.0 10 290 M M 2 12 13 170
11 79 52 66 14 0 1 0.00 0.0 0 2.0 9 220 M M 7 1 14 190
12 79 59 69 17 0 4 0.06 0.0 0 5.3 15 200 M M 8 12 21 220
13 63 47 55 3 10 0 0.75 0.0 0 10.0 22 70 M M 10 13 30 90
14 59 47 53 0 12 0 0.34 0.0 0 5.2 16 90 M M 10 13 20 90
15 57 48 53 0 12 0 T 0.0 0 7.1 14 110 M M 10 13 25 90
16 52 45 49 -4 16 0 T 0.0 0 5.3 21 110 M M 10 1 27 110
17 62 51 57 3 8 0 0.92 0.0 0 6.1 13 80 M M 10 13 18 70
18 71 56 64 10 1 0 1.93 0.0 0 5.1 16 170 M M 9 13 21 170
19 76 59 68 14 0 3 0.26 0.0 0 5.6 29 260 M M 8 13 36 280
20 61 43 52 -2 13 0 0.00 0.0 0 5.3 14 310 M M 4 12 22 240
21 59 44 52 -2 13 0 0.00 0.0 0 6.0 14 80 M M 6 21 70
22 53 46 50 -5 15 0 0.29 0.0 0 3.8 13 90 M M 9 1 17 110
23 62 53 58 3 7 0 0.17 0.0 0 4.6 13 120 M M 10 13 16 120
24 84 57 71 16 0 6 0.12 0.0 0 5.6 18 280 M M 6 13 25 230
25 77 49 63 8 2 0 0.00 0.0 0 4.5 13 90 M M 2 1 16 70
26 88 55 72 16 0 7 0.00 0.0 0 6.3 22 160 M M 2 18 30 170
27 86 62 74 18 0 9 0.00 0.0 0 5.6 16 190 M M 3 1 23 180
28 76 47 62 6 3 0 1.21 0.0 0 4.7 26 280 M M 6 123 39 270
29 75 40 58 2 7 0 0.01 0.0 0 1.2 9 210 M M 3 12 11 220
30 61 51 56 0 9 0 1.13 0.0 0 6.0 17 100 M M 9 13 22 100
31 70 46 58 1 7 0 0.01 0.0 0 4.4 15 40 M M 5 1 20 50
================================================================================
SM 2135 1509 218 34 7.41 0.0 156.0 M 187
================================================================================
AV 68.9 48.7 5.0 FASTST M M 6 MAX(MPH)
MISC ----> # 29 260 # 39 270
================================================================================
NOTES:
# LAST OF SEVERAL OCCURRENCES
COLUMN 17 PEAK WIND IN M.P.H.
PRELIMINARY LOCAL CLIMATOLOGICAL DATA (WS FORM: F-6) , PAGE 2
STATION: DE QUEEN
MONTH: MARCH
YEAR: 2020
LATITUDE: 34 2 N
LONGITUDE: 94 24 W
[TEMPERATURE DATA] [PRECIPITATION DATA] SYMBOLS USED IN COLUMN 16
AVERAGE MONTHLY: 58.8 TOTAL FOR MONTH: 7.41 1 = FOG OR MIST
DPTR FM NORMAL: 5.6 DPTR FM NORMAL: 2.77 2 = FOG REDUCING VISIBILITY
HIGHEST: 88 ON 26 GRTST 24HR 1.93 ON 18-18 TO 1/4 MILE OR LESS
LOWEST: 29 ON 6 3 = THUNDER
SNOW, ICE PELLETS, HAIL 4 = ICE PELLETS
TOTAL MONTH: 0.0 INCH 5 = HAIL
GRTST 24HR 0.0 6 = FREEZING RAIN OR DRIZZLE
GRTST DEPTH: 0 7 = DUSTSTORM OR SANDSTORM:
VSBY 1/2 MILE OR LESS
8 = SMOKE OR HAZE
[NO. OF DAYS WITH] [WEATHER - DAYS WITH] 9 = BLOWING SNOW
X = TORNADO
MAX 32 OR BELOW: 0 0.01 INCH OR MORE: 15
MAX 90 OR ABOVE: 0 0.10 INCH OR MORE: 11
MIN 32 OR BELOW: 1 0.50 INCH OR MORE: 5
MIN 0 OR BELOW: 0 1.00 INCH OR MORE: 3
[HDD (BASE 65) ]
TOTAL THIS MO. 218 CLEAR (SCALE 0-3) 9
DPTR FM NORMAL -159 PTCLDY (SCALE 4-7) 10
TOTAL FM JUL 1 2495 CLOUDY (SCALE 8-10) 12
DPTR FM NORMAL -373
[CDD (BASE 65) ]
TOTAL THIS MO. 34
DPTR FM NORMAL 25 [PRESSURE DATA]
TOTAL FM JAN 1 34 HIGHEST SLP 30.51 ON 6
DPTR FM NORMAL 23 LOWEST SLP 29.62 ON 26
[REMARKS]
#FINAL-03-20#