000
CXUS56 KOTX 011010
CF6DEW
PRELIMINARY LOCAL CLIMATOLOGICAL DATA (WS FORM: F-6)
STATION: DEER_PARK WA AIRPORT
MONTH: JANUARY
YEAR: 2021
LATITUDE: 47 58 N
LONGITUDE: 117 25 W
TEMPERATURE IN F: :PCPN: SNOW: WIND :SUNSHINE: SKY :PK WND
================================================================================
1 2 3 4 5 6A 6B 7 8 9 10 11 12 13 14 15 16 17 18
12Z AVG MX 2MIN
DY MAX MIN AVG DEP HDD CDD WTR SNW DPTH SPD SPD DIR MIN PSBL S-S WX SPD DR
================================================================================
1 38 33 36 11 29 0 0.14 M M 2.9 14 210 M M 10 12 18 200
2 39 35 37 12 28 0 0.56 M M 11.1 20 170 M M 10 1 24 170
3 41 29 35 10 30 0 0.20 M M 9.0 24 220 M M 5 1 30 230
4 40 30 35 9 30 0 0.74 M M 6.2 16 220 M M 9 1 20 230
5 38 32 35 9 30 0 0.01 M M 5.2 14 180 M M 9 19 130
6 38 33 36 10 29 0 0.45 M M 3.9 12 150 M M 10 1 15 170
7 38 32 35 9 30 0 0.04 M M 3.1 13 30 M M 8 12 16 20
8 39 30 35 9 30 0 0.00 M M 9.0 17 40 M M 2 23 40
9 36 30 33 7 32 0 T M M 1.9 8 40 M M 9 12 10 40
10 39 28 34 8 31 0 0.00 M M 2.8 12 30 M M 8 14 40
11 40 33 37 10 28 0 0.12 M M 2.9 15 40 M M 10 1 17 40
12 44 33 39 12 26 0 1.74 M M 6.0 24 170 M M 10 1 32 160
13 50 23 37 10 28 0 0.21 M M 17.9 39 250 M M 3 1 55 250
14 40 18 29 2 36 0 0.00 M M 3.6 12 10 M M 2 14 20
15 37 22 30 3 35 0 0.00 M M 2.9 10 70 M M 6 14 30
16 38 30 34 6 31 0 0.00 M M 3.2 9 30 M M 10 11 30
17 35 31 33 5 32 0 0.07 M M 2.7 9 190 M M 10 1 12 190
18 34 22 28 0 37 0 0.00 M M 1.7 7 240 M M 8 1 8 220
19 31 17 24 -4 41 0 0.00 M M 2.1 7 340 M M 6 1 9 210
20 39 22 31 3 34 0 0.00 M M 2.9 7 40 M M 3 1 9 40
21 38 23 31 3 34 0 0.00 M M 8.2 15 30 M M 4 20 40
22 36 15 26 -2 39 0 0.00 M M 5.6 13 360 M M 0 16 360
23 26 7 17 -11 48 0 0.00 M M 1.5 9 180 M M 5 12 180
24 29 20 25 -3 40 0 T M M 7.4 12 30 M M 10 18 15 40
25 32 M M M M M 0.02 M M 2.3 9 40 M M 10 128 12 40
26 33 M M M M M T M M 4.0 14 40 M M 7 18 17 40
27 34 27 31 2 34 0 0.10 M M 7.2 13 20 M M 9 12 15 30
28 42 31 37 8 28 0 0.01 M M 5.1 12 30 M M 9 15 30
29 35 25 30 1 35 0 0.07 M M 2.6 8 180 M M 9 12 9 160
30 39 33 36 7 29 0 T M M 4.7 9 180 M M 10 1 12 180
31 40 35 38 9 27 0 0.10 M M 5.5 13 30 M M 10 1 16 30
================================================================================
SM 1158 779 941 0 4.58 M 155.1 M 231
================================================================================
AV 37.4 26.9 5.0 FASTST M M 7 MAX(MPH)
MISC ----> 39 250 55 250
================================================================================
NOTES:
# LAST OF SEVERAL OCCURRENCES
COLUMN 17 PEAK WIND IN M.P.H.
PRELIMINARY LOCAL CLIMATOLOGICAL DATA (WS FORM: F-6) , PAGE 2
STATION: DEER_PARK WA AIRPORT
MONTH: JANUARY
YEAR: 2021
LATITUDE: 47 58 N
LONGITUDE: 117 25 W
[TEMPERATURE DATA] [PRECIPITATION DATA] SYMBOLS USED IN COLUMN 16
AVERAGE MONTHLY: 32.1 TOTAL FOR MONTH: 4.58 1 = FOG OR MIST
DPTR FM NORMAL: 4.8 DPTR FM NORMAL: 1.95 2 = FOG REDUCING VISIBILITY
HIGHEST: 50 ON 13 GRTST 24HR 1.74 ON 12-12 TO 1/4 MILE OR LESS
LOWEST: 7 ON 23 3 = THUNDER
SNOW, ICE PELLETS, HAIL 4 = ICE PELLETS
TOTAL MONTH: M 5 = HAIL
GRTST 24HR M ON M 6 = FREEZING RAIN OR DRIZZLE
GRTST DEPTH: M ON M 7 = DUSTSTORM OR SANDSTORM:
VSBY 1/2 MILE OR LESS
8 = SMOKE OR HAZE
[NO. OF DAYS WITH] [WEATHER - DAYS WITH] 9 = BLOWING SNOW
X = TORNADO
MAX 32 OR BELOW: 4 0.01 INCH OR MORE: 16
MAX 90 OR ABOVE: 0 0.10 INCH OR MORE: 10
MIN 32 OR BELOW: 22 0.50 INCH OR MORE: 3
MIN 0 OR BELOW: 0 1.00 INCH OR MORE: 1
[HDD (BASE 65) ]
TOTAL THIS MO. 941 CLEAR (SCALE 0-3) 5
DPTR FM NORMAL -228 PTCLDY (SCALE 4-7) 7
TOTAL FM JUL 1 3895 CLOUDY (SCALE 8-10) 19
DPTR FM NORMAL -501
[CDD (BASE 65) ]
TOTAL THIS MO. 0
DPTR FM NORMAL 0 [PRESSURE DATA]
TOTAL FM JAN 1 0 HIGHEST SLP M ON M
DPTR FM NORMAL 0 LOWEST SLP 29.51 ON 13
[REMARKS]
#FINAL-01-21#