000
CXUS54 KFWD 030147
CF6DFW
PRELIMINARY LOCAL CLIMATOLOGICAL DATA (WS FORM: F-6)
STATION: DALLAS FORT WORTH
MONTH: JULY
YEAR: 2020
LATITUDE: 32 54 N
LONGITUDE: 97 2 W
TEMPERATURE IN F: :PCPN: SNOW: WIND :SUNSHINE: SKY :PK WND
================================================================================
1 2 3 4 5 6A 6B 7 8 9 10 11 12 13 14 15 16 17 18
12Z AVG MX 2MIN
DY MAX MIN AVG DEP HDD CDD WTR SNW DPTH SPD SPD DIR MIN PSBL S-S WX SPD DR
================================================================================
1 94 79 87 3 0 22 0.00 0.0 0 15.1 23 190 M M 5 30 180
2 94 77 86 2 0 21 0.22 0.0 0 8.8 23 250 M M 6 13 27 250
3 98 75 87 3 0 22 0.00 0.0 0 6.7 16 120 M M 4 21 120
4 95 73 84 0 0 19 0.00 0.0 0 8.3 12 70 M M 5 12 70
5 94 74 84 0 0 19 1.01 0.0 0 5.5 23 320 M M 7 13 48 320
6 88 74 81 -3 0 16 0.07 0.0 0 6.4 21 230 M M 8 13 21 230
7 90 73 82 -3 0 17 0.00 0.0 0 8.0 15 130 M M 7 15 130
8 94 75 85 0 0 20 0.00 0.0 0 10.4 17 160 M M 4 20 170
9 94 78 86 1 0 21 0.00 0.0 0 13.3 24 170 M M 3 25 160
10 95 78 87 2 0 22 0.00 0.0 0 9.6 22 160 M M 5 26 160
11 98 79 89 4 0 24 0.00 0.0 0 9.2 16 170 M M 1 22 160
12 100 76 88 3 0 23 T 0.0 0 10.0 39 50 M M 6 60 60
13 101 82 92 7 0 27 0.00 0.0 0 13.0 21 170 M M 4 29 150
14 98 79 89 4 0 24 0.00 0.0 0 16.9 25 170 M M 4 38 160
15 96 80 88 3 0 23 0.00 0.0 0 14.4 32 190 M M 6 40 200
16 98 80 89 4 0 24 T 0.0 0 11.1 17 190 M M 4 24 140
17 97 79 88 2 0 23 0.00 0.0 0 9.6 18 120 M M 2 24 160
18 94 79 87 1 0 22 0.00 0.0 0 12.3 16 120 M M 2 21 170
19 96 79 88 2 0 23 0.00 0.0 0 9.9 18 180 M M 2 23 180
20 96 77 87 1 0 22 0.00 0.0 0 9.6 21 120 M M 3 26 130
21 91 75 83 -3 0 18 0.00 0.0 0 8.7 17 150 M M 5 22 150
22 94 76 85 -1 0 20 0.00 0.0 0 8.2 17 130 M M 5 23 130
23 95 79 87 1 0 22 0.00 0.0 0 9.3 15 130 M M 3 21 140
24 96 81 89 3 0 24 0.00 0.0 0 10.4 20 130 M M 5 26 100
25 91 79 85 -1 0 20 0.00 0.0 0 10.1 15 140 M M 6 M M
26 93 78 86 0 0 21 0.00 0.0 0 8.0 14 130 M M 7 18 170
27 92 77 85 -1 0 20 0.00 0.0 0 7.8 13 150 M M 7 17 100
28 82 75 79 -7 0 14 1.00 0.0 0 6.3 13 170 M M 9 13 16 170
29 94 77 86 0 0 21 0.01 0.0 0 11.3 21 190 M M 8 26 180
30 97 74 86 0 0 21 T 0.0 0 14.5 39 330 M M 4 3 51 340
31 91 73 82 -4 0 17 T 0.0 0 10.0 18 330 M M 5 3 24 330
================================================================================
SM 2926 2390 0 652 2.31 0.0 312.7 M 152
================================================================================
AV 94.4 77.1 10.1 FASTST M M 5 MAX(MPH)
MISC ----> # 39 50 # 60 60
================================================================================
NOTES:
# LAST OF SEVERAL OCCURRENCES
COLUMN 17 PEAK WIND IN M.P.H.
PRELIMINARY LOCAL CLIMATOLOGICAL DATA (WS FORM: F-6) , PAGE 2
STATION: DALLAS FORT WORTH
MONTH: JULY
YEAR: 2020
LATITUDE: 32 54 N
LONGITUDE: 97 2 W
[TEMPERATURE DATA] [PRECIPITATION DATA] SYMBOLS USED IN COLUMN 16
AVERAGE MONTHLY: 85.7 TOTAL FOR MONTH: 2.31 1 = FOG OR MIST
DPTR FM NORMAL: 0.4 DPTR FM NORMAL: 0.15 2 = FOG REDUCING VISIBILITY
HIGHEST: 101 ON 13 GRTST 24HR 1.01 ON 5- 5 TO 1/4 MILE OR LESS
LOWEST: 73 ON 31, 7 3 = THUNDER
SNOW, ICE PELLETS, HAIL 4 = ICE PELLETS
TOTAL MONTH: 0.0 INCH 5 = HAIL
GRTST 24HR 0.0 6 = FREEZING RAIN OR DRIZZLE
GRTST DEPTH: 0 7 = DUSTSTORM OR SANDSTORM:
VSBY 1/2 MILE OR LESS
8 = SMOKE OR HAZE
[NO. OF DAYS WITH] [WEATHER - DAYS WITH] 9 = BLOWING SNOW
X = TORNADO
MAX 32 OR BELOW: 0 0.01 INCH OR MORE: 5
MAX 90 OR ABOVE: 29 0.10 INCH OR MORE: 3
MIN 32 OR BELOW: 0 0.50 INCH OR MORE: 2
MIN 0 OR BELOW: 0 1.00 INCH OR MORE: 2
[HDD (BASE 65) ]
TOTAL THIS MO. 0 CLEAR (SCALE 0-3) 5
DPTR FM NORMAL 0 PTCLDY (SCALE 4-7) 24
TOTAL FM JUL 1 0 CLOUDY (SCALE 8-10) 2
DPTR FM NORMAL 0
[CDD (BASE 65) ]
TOTAL THIS MO. 652
DPTR FM NORMAL 21 [PRESSURE DATA]
TOTAL FM JAN 1 1652 HIGHEST SLP 30.05 ON 26
DPTR FM NORMAL 108 LOWEST SLP 29.74 ON 13
[REMARKS]
EDITED VARIOUS ELEMENTS ON 18TH, 19TH, 23RD, 24TH, 25TH, 26TH, AND 27TH
#FINAL-07-20#