000
CXUS54 KFWD 010743
CLMDFW
CLIMATE REPORT
NATIONAL WEATHER SERVICE FORT WORTH TX
243 AM CDT TUE AUG 01 2023
...................................
...THE DALLAS/FORT WORTH CLIMATE SUMMARY FOR THE MONTH OF JULY 2023...
CLIMATE NORMAL PERIOD 1991 TO 2020
CLIMATE RECORD PERIOD 1898 TO 2023
WEATHER OBSERVED NORMAL DEPART LAST YEAR`S
VALUE DATE(S) VALUE FROM VALUE DATE(S)
NORMAL
................................................................
TEMPERATURE (F)
RECORD
HIGH 110 07/12/1998
07/18/1980
07/02/1980
LOW 56 07/05/1924
07/10/1905
HIGHEST 108 07/18 103 5 109 07/18
07/19
07/20
LOWEST 73 07/02 68 5 75 07/01
07/23
07/15
AVG. MAXIMUM 99.8 95.6 4.2 102.4
AVG. MINIMUM 78.7 75.8 2.9 81.1
MEAN 89.3 85.7 3.6 91.8
DAYS MAX >= 90 29 28.7 0.3 31
DAYS MAX <= 32 0 0.0 0.0 0
DAYS MAX >= 100 18 27
DAYS MIN <= 32 0 0.0 0.0 0
DAYS MIN <= 0 0 0.0 0.0 0
DAYS MIN >= 80 15 24
PRECIPITATION (INCHES)
RECORD
MAXIMUM 11.13 1973
MINIMUM 0.00 1993
TOTALS 0.47 2.08 -1.61 T
DAILY AVG. 0.02 0.07 -0.05 T
DAYS >= .01 3 4.4 -1.4 0
DAYS >= .10 2 2.9 -0.9 0
DAYS >= .50 0 1.4 -1.4 0
DAYS >= 1.00 0 0.6 -0.6 0
GREATEST
24 HR. TOTAL 0.32 07/16 TO 07/16 T
DEGREE DAYS
HEATING TOTAL 0 0 0 0
SINCE 7/1 0 0 0 MM
COOLING TOTAL 762 642 120 838
SINCE 1/1 1843 1585 258 MM
................................................................
WIND (MPH)
AVERAGE WIND SPEED 10.5
HIGHEST WIND SPEED/DIRECTION 28/300 DATE 07/09
HIGHEST GUST SPEED/DIRECTION 38/290 DATE 07/09
SKY COVER
POSSIBLE SUNSHINE (PERCENT) MM
AVERAGE SKY COVER 0.37
NUMBER OF DAYS FAIR 15
NUMBER OF DAYS PC 15
NUMBER OF DAYS CLOUDY 1
AVERAGE RH (PERCENT) 55
WEATHER CONDITIONS. NUMBER OF DAYS WITH
THUNDERSTORM 7 MIXED PRECIP 0
HEAVY RAIN 1 RAIN 2
LIGHT RAIN 5 FREEZING RAIN 0
LT FREEZING RAIN 0 HAIL 0
HEAVY SNOW 0 SNOW 0
LIGHT SNOW 0 SLEET 0
FOG 2 FOG W/VIS <= 1/4 MILE 0
HAZE 1
- INDICATES NEGATIVE NUMBERS.
R INDICATES RECORD WAS SET OR TIED.
MM INDICATES DATA IS MISSING.
T INDICATES TRACE AMOUNT.
$$