000
CXUS55 KCYS 031508
CF6DGW
PRELIMINARY LOCAL CLIMATOLOGICAL DATA (WS FORM: F-6) ...CORRECTED...
STATION: CONVERSE CO (DOUGLAS) WY ARPT
MONTH: NOVEMBER
YEAR: 2020
LATITUDE: 42 46 N
LONGITUDE: 105 22 W
TEMPERATURE IN F: :PCPN: SNOW: WIND :SUNSHINE: SKY :PK WND
================================================================================
1 2 3 4 5 6A 6B 7 8 9 10 11 12 13 14 15 16 17 18
12Z AVG MX 2MIN
DY MAX MIN AVG DEP HDD CDD WTR SNW DPTH SPD SPD DIR MIN PSBL S-S WX SPD DR
================================================================================
1 63 20 42 2 23 0 0.00 M M 3.3 10 260 M M 0 11 260
2 74 23 49 9 16 0 0.00 M M 3.7 21 280 M M 0 25 290
3 74 27 51 12 14 0 0.00 M M 6.4 23 300 M M 0 29 280
4 75 31 53 14 12 0 0.00 M M 11.8 35 290 M M 0 46 280
5 75 23 49 11 16 0 0.00 M M 7.0 25 260 M M 0 32 240
6 70 44 57 19 8 0 0.00 M M 9.4 29 240 M M 0 41 240
7 67 43 55 18 10 0 0.00 M M 7.7 20 180 M M 1 28 190
8 52 25 39 2 26 0 T M M 13.8 35 260 M M 5 50 250
9 27 10 19 -17 46 0 T M M 4.6 24 20 M M 7 1 30 10
10 39 8 24 -12 41 0 0.00 M M 18.5 36 260 M M 3 50 260
11 43 20 32 -3 33 0 T M M 13.8 33 250 M M 2 44 260
12 37 15 26 -9 39 0 T M M 8.0 29 280 M M 4 1 37 270
13 55 16 36 2 29 0 0.00 M M 22.0 43 250 M M 0 63 240
14 45 21 33 -1 32 0 0.02 M M 20.8 46 280 M M 3 18 58 270
15 51 19 35 2 30 0 0.00 M M 19.7 38 280 M M 0 49 290
16 57 30 44 11 21 0 0.00 M M 10.6 25 290 M M 0 34 260
17 69 20 45 13 20 0 0.00 M M 6.4 26 270 M M 0 33 270
18 71 50 61 29 4 0 0.00 M M 14.9 39 260 M M 0 53 260
19 56 22 39 8 26 0 0.00 M M 16.5 36 260 M M 3 47 280
20 43 17 30 -1 35 0 0.00 M M 6.1 13 360 M M 0 17 330
21 46 8 27 -3 38 0 0.00 M M 9.0 30 290 M M 0 36 300
22 45 4 25 -5 40 0 0.00 M M 7.7 20 130 M M 0 25 130
23 55 10 33 4 32 0 0.00 M M 5.7 23 300 M M 1 30 300
24 43 14 29 0 36 0 0.00 M M 5.8 15 300 M M 3 8 19 290
25 55 12 34 6 31 0 0.00 M M 12.7 29 270 M M 1 38 260
26 41 11 26 -2 39 0 0.00 M M 4.7 9 300 M M 2 M M
27 50 3 27 -1 38 0 0.00 M M 3.5 18 300 M M 0 23 310
28 58 13 36 9 29 0 0.00 M M 5.9 15 360 M M 0 21 360
29 40 9 25 -2 40 0 0.00 M M 4.2 10 310 M M 0 12 310
30 57 4 31 4 34 0 0.00 M M 10.5 31 260 M M 0 40 260
================================================================================
SM 1633 572 838 0 0.02 M 294.7 M 35
================================================================================
AV 54.4 19.1 9.8 FASTST M M 1 MAX(MPH)
MISC ----> # 46 280 # 63 240
================================================================================
NOTES:
# LAST OF SEVERAL OCCURRENCES
COLUMN 17 PEAK WIND IN M.P.H.
PRELIMINARY LOCAL CLIMATOLOGICAL DATA (WS FORM: F-6) , PAGE 2
STATION: CONVERSE CO (DOUGLAS) WY ARPT
MONTH: NOVEMBER
YEAR: 2020
LATITUDE: 42 46 N
LONGITUDE: 105 22 W
[TEMPERATURE DATA] [PRECIPITATION DATA] SYMBOLS USED IN COLUMN 16
AVERAGE MONTHLY: 36.8 TOTAL FOR MONTH: 0.02 1 = FOG OR MIST
DPTR FM NORMAL: 3.5 DPTR FM NORMAL: -0.63 2 = FOG REDUCING VISIBILITY
HIGHEST: 75 ON 5, 4 GRTST 24HR 0.02 ON 14-14 TO 1/4 MILE OR LESS
LOWEST: 3 ON 27 3 = THUNDER
SNOW, ICE PELLETS, HAIL 4 = ICE PELLETS
TOTAL MONTH: M 5 = HAIL
GRTST 24HR M ON M 6 = FREEZING RAIN OR DRIZZLE
GRTST DEPTH: M ON M 7 = DUSTSTORM OR SANDSTORM:
VSBY 1/2 MILE OR LESS
8 = SMOKE OR HAZE
[NO. OF DAYS WITH] [WEATHER - DAYS WITH] 9 = BLOWING SNOW
X = TORNADO
MAX 32 OR BELOW: 1 0.01 INCH OR MORE: 1
MAX 90 OR ABOVE: 0 0.10 INCH OR MORE: 0
MIN 32 OR BELOW: 27 0.50 INCH OR MORE: 0
MIN 0 OR BELOW: 0 1.00 INCH OR MORE: 0
[HDD (BASE 65) ]
TOTAL THIS MO. 838 CLEAR (SCALE 0-3) 25
DPTR FM NORMAL -117 PTCLDY (SCALE 4-7) 5
TOTAL FM JUL 1 1783 CLOUDY (SCALE 8-10) 0
DPTR FM NORMAL -39
[CDD (BASE 65) ]
TOTAL THIS MO. 0
DPTR FM NORMAL 0 [PRESSURE DATA]
TOTAL FM JAN 1 624 HIGHEST SLP 30.63 ON 29
DPTR FM NORMAL 138 LOWEST SLP 29.10 ON 8
[REMARKS]
NOVEMBER 26TH...PEAK WIND MISSING.
#FINAL-11-20#