000
CXUS52 KTAE 010800
CF6DHN
PRELIMINARY LOCAL CLIMATOLOGICAL DATA (WS FORM: F-6)
STATION: DOTHAN
MONTH: MAY
YEAR: 2022
LATITUDE: 31 19 N
LONGITUDE: 85 27 W
TEMPERATURE IN F: :PCPN: SNOW: WIND :SUNSHINE: SKY :PK WND
================================================================================
1 2 3 4 5 6A 6B 7 8 9 10 11 12 13 14 15 16 17 18
12Z AVG MX 2MIN
DY MAX MIN AVG DEP HDD CDD WTR SNW DPTH SPD SPD DIR MIN PSBL S-S WX SPD DR
================================================================================
1 83 66 75 3 0 10 0.03 M M 6.0 24 280 M M 4 13 30 300
2 88 66 77 5 0 12 0.00 0.0 0 4.6 13 210 M M 4 12 17 200
3 89 61 75 3 0 10 0.00 0.0 M 6.4 15 220 M M 1 19 220
4 91 71 81 9 0 16 0.00 0.0 0 7.0 13 260 M M 5 1 17 250
5 91 69 80 7 0 15 0.00 0.0 0 7.1 16 180 M M 1 21 200
6 85 68 77 4 0 12 0.18 0.0 0 12.1 25 240 M M 5 13 35 250
7 84 64 74 1 0 9 0.00 0.0 0 10.6 21 290 M M 0 26 290
8 85 55 70 -4 0 5 0.00 0.0 0 5.3 16 310 M M 0 20 310
9 82 61 72 -2 0 7 0.00 0.0 0 9.1 16 80 M M 0 22 80
10 87 55 71 -3 0 6 0.00 0.0 M 6.4 15 70 M M 0 8 21 90
11 90 55 73 -1 0 8 0.00 0.0 M 5.8 16 20 M M 0 21 40
12 91 61 76 1 0 11 0.00 0.0 M 5.6 17 10 M M 2 22 30
13 86 66 76 1 0 11 0.00 0.0 M 6.7 14 30 M M 3 19 20
14 89 62 76 1 0 11 0.00 0.0 M 3.3 9 360 M M 2 11 10
15 90 67 79 3 0 14 0.34 0.0 0 5.1 20 140 M M 4 138 26 130
16 90 65 78 2 0 13 0.00 0.0 0 6.1 14 270 M M 1 1 17 270
17 92 68 80 4 0 15 0.00 0.0 0 6.0 14 320 M M 1 19 290
18 94 65 80 4 0 15 0.00 0.0 0 5.9 17 210 M M 2 21 200
19 94 74 84 8 0 19 0.00 0.0 0 9.8 18 220 M M 5 1 26 220
20 89 73 81 4 0 16 0.72 0.0 0 7.7 20 190 M M 3 138 29 190
21 88 71 80 3 0 15 0.00 0.0 0 8.4 28 170 M M 4 18 38 180
22 87 68 78 1 0 13 0.72 0.0 0 7.0 40 200 M M 3 1238 50 210
23 82 70 76 -2 0 11 0.45 0.0 0 8.8 32 260 M M 6 13 42 260
24 88 70 79 1 0 14 0.43 0.0 M 6.0 23 230 M M 2 13 26 230
25 78 69 74 -4 0 9 0.62 0.0 M 7.6 29 220 M M 3 13 37 210
26 74 67 71 -7 0 6 0.69 0.0 M 9.3 20 220 M M 7 13 28 230
27 88 70 79 1 0 14 0.23 0.0 0 7.5 18 250 M M 6 18 24 260
28 86 63 75 -3 0 10 0.00 0.0 0 4.2 12 270 M M 0 15 290
29 88 64 76 -3 0 11 0.56 0.0 0 4.9 17 260 M M 4 1 22 200
30 91 67 79 0 0 14 0.00 0.0 0 3.5 10 230 M M 3 1 16 250
31 91 70 81 2 0 16 0.00 0.0 0 4.8 15 320 M M 3 3 18 230
================================================================================
SM 2711 2041 0 368 4.97 0.0 208.6 M 84
================================================================================
AV 87.5 65.8 6.7 FASTST M M 3 MAX(MPH)
MISC ----> 40 200 50 210
================================================================================
NOTES:
# LAST OF SEVERAL OCCURRENCES
COLUMN 17 PEAK WIND IN M.P.H.
PRELIMINARY LOCAL CLIMATOLOGICAL DATA (WS FORM: F-6) , PAGE 2
STATION: DOTHAN
MONTH: MAY
YEAR: 2022
LATITUDE: 31 19 N
LONGITUDE: 85 27 W
[TEMPERATURE DATA] [PRECIPITATION DATA] SYMBOLS USED IN COLUMN 16
AVERAGE MONTHLY: 76.6 TOTAL FOR MONTH: 4.97 1 = FOG OR MIST
DPTR FM NORMAL: 1.0 DPTR FM NORMAL: 2.05 2 = FOG REDUCING VISIBILITY
HIGHEST: 94 ON 19,18 GRTST 24HR 1.06 ON 22-23 TO 1/4 MILE OR LESS
LOWEST: 55 ON 11,10 3 = THUNDER
SNOW, ICE PELLETS, HAIL 4 = ICE PELLETS
TOTAL MONTH: 0.0 INCH 5 = HAIL
GRTST 24HR 0.0 6 = FREEZING RAIN OR DRIZZLE
GRTST DEPTH: 0 7 = DUSTSTORM OR SANDSTORM:
VSBY 1/2 MILE OR LESS
8 = SMOKE OR HAZE
[NO. OF DAYS WITH] [WEATHER - DAYS WITH] 9 = BLOWING SNOW
X = TORNADO
MAX 32 OR BELOW: 0 0.01 INCH OR MORE: 11
MAX 90 OR ABOVE: 11 0.10 INCH OR MORE: 10
MIN 32 OR BELOW: 0 0.50 INCH OR MORE: 5
MIN 0 OR BELOW: 0 1.00 INCH OR MORE: 0
[HDD (BASE 65) ]
TOTAL THIS MO. 0 CLEAR (SCALE 0-3) 18
DPTR FM NORMAL -4 PTCLDY (SCALE 4-7) 13
TOTAL FM JUL 1 1372 CLOUDY (SCALE 8-10) 0
DPTR FM NORMAL -258
[CDD (BASE 65) ]
TOTAL THIS MO. 368
DPTR FM NORMAL 36 [PRESSURE DATA]
TOTAL FM JAN 1 546 HIGHEST SLP M ON M
DPTR FM NORMAL 28 LOWEST SLP 29.74 ON 6
[REMARKS]
#FINAL-05-22#