000
CXUS52 KTAE 010900
CF6DHN
PRELIMINARY LOCAL CLIMATOLOGICAL DATA (WS FORM: F-6)
STATION: DOTHAN
MONTH: JANUARY
YEAR: 2022
LATITUDE: 31 19 N
LONGITUDE: 85 27 W
TEMPERATURE IN F: :PCPN: SNOW: WIND :SUNSHINE: SKY :PK WND
================================================================================
1 2 3 4 5 6A 6B 7 8 9 10 11 12 13 14 15 16 17 18
12Z AVG MX 2MIN
DY MAX MIN AVG DEP HDD CDD WTR SNW DPTH SPD SPD DIR MIN PSBL S-S WX SPD DR
================================================================================
1 83 71 77 26 0 12 T 0.0 0 14.2 25 220 M M 8 33 190
2 80 48 64 13 1 0 0.69 0.0 0 12.4 36 290 M M 9 13 47 290
3 48 34 41 -10 24 0 0.00 0.0 M 16.1 35 290 M M 6 44 290
4 55 31 43 -8 22 0 0.00 0.0 0 4.9 12 80 M M 3 14 90
5 66 42 54 3 11 0 0.00 0.0 M 3.2 16 290 M M 5 20 280
6 68 41 55 4 10 0 0.01 0.0 M 8.8 29 340 M M 5 1 33 330
7 56 35 46 -5 19 0 0.00 0.0 M 7.7 23 330 M M 0 27 330
8 63 36 50 -1 15 0 0.00 0.0 0 8.0 15 90 M M 0 18 90
9 75 53 64 14 1 0 0.77 0.0 0 9.4 28 300 M M 8 13 35 310
10 62 42 52 2 13 0 T 0.0 0 11.9 21 350 M M 4 1 25 360
11 55 35 45 -5 20 0 0.00 0.0 0 7.6 17 40 M M 0 22 20
12 61 34 48 -2 17 0 0.00 0.0 0 3.4 10 90 M M 2 14 100
13 64 38 51 1 14 0 0.00 0.0 0 5.8 17 270 M M 0 21 280
14 64 39 52 2 13 0 0.00 0.0 0 3.9 12 330 M M 0 15 350
15 64 40 52 2 13 0 1.09 0.0 0 7.6 24 90 M M 4 1 34 120
16 53 36 45 -5 20 0 0.70 0.0 0 16.1 26 260 M M 10 1 40 210
17 51 33 42 -8 23 0 0.00 0.0 0 10.9 21 320 M M 3 29 330
18 58 30 44 -6 21 0 0.00 0.0 0 1.4 9 210 M M 0 12 220
19 65 35 50 0 15 0 0.00 0.0 M 5.8 12 160 M M 1 15 160
20 58 42 50 0 15 0 0.14 0.0 0 9.1 21 330 M M 8 1 24 340
21 42 36 39 -12 26 0 0.02 0.0 0 10.4 16 340 M M 10 1 20 340
22 44 31 38 -13 27 0 0.00 M M 7.6 16 30 M M 7 1 20 30
23 53 26 40 -11 25 0 0.00 0.0 0 5.2 14 290 M M 0 1 19 280
24 59 32 46 -5 19 0 0.00 0.0 0 4.0 12 220 M M 0 14 230
25 52 46 49 -2 16 0 0.04 0.0 M 3.2 9 150 M M 10 18 12 130
26 61 40 51 0 14 0 0.00 0.0 M 8.4 16 20 M M 0 1 21 10
27 61 35 48 -3 17 0 0.00 0.0 0 7.4 14 90 M M 0 17 90
28 54 39 47 -4 18 0 0.00 0.0 0 8.6 25 320 M M 2 33 320
29 46 29 38 -13 27 0 0.00 0.0 0 11.8 30 330 M M 0 37 340
30 63 26 45 -7 20 0 0.00 M M 9.9 22 230 M M 0 28 210
31 67 40 54 2 11 0 0.00 0.0 M 5.0 12 250 M M 0 15 250
================================================================================
SM 1851 1175 507 12 3.46 0.0 249.7 M 105
================================================================================
AV 59.7 37.9 8.1 FASTST M M 3 MAX(MPH)
MISC ----> 36 290 47 290
================================================================================
NOTES:
# LAST OF SEVERAL OCCURRENCES
COLUMN 17 PEAK WIND IN M.P.H.
PRELIMINARY LOCAL CLIMATOLOGICAL DATA (WS FORM: F-6) , PAGE 2
STATION: DOTHAN
MONTH: JANUARY
YEAR: 2022
LATITUDE: 31 19 N
LONGITUDE: 85 27 W
[TEMPERATURE DATA] [PRECIPITATION DATA] SYMBOLS USED IN COLUMN 16
AVERAGE MONTHLY: 48.8 TOTAL FOR MONTH: 3.46 1 = FOG OR MIST
DPTR FM NORMAL: -2.0 DPTR FM NORMAL: -1.30 2 = FOG REDUCING VISIBILITY
HIGHEST: 83 ON 1 GRTST 24HR 1.09 ON 15-15 TO 1/4 MILE OR LESS
LOWEST: 26 ON 30,23 3 = THUNDER
SNOW, ICE PELLETS, HAIL 4 = ICE PELLETS
TOTAL MONTH: 0.0 INCH 5 = HAIL
GRTST 24HR 0.0 6 = FREEZING RAIN OR DRIZZLE
GRTST DEPTH: 0 7 = DUSTSTORM OR SANDSTORM:
VSBY 1/2 MILE OR LESS
8 = SMOKE OR HAZE
[NO. OF DAYS WITH] [WEATHER - DAYS WITH] 9 = BLOWING SNOW
X = TORNADO
MAX 32 OR BELOW: 0 0.01 INCH OR MORE: 8
MAX 90 OR ABOVE: 0 0.10 INCH OR MORE: 5
MIN 32 OR BELOW: 7 0.50 INCH OR MORE: 4
MIN 0 OR BELOW: 0 1.00 INCH OR MORE: 1
[HDD (BASE 65) ]
TOTAL THIS MO. 507 CLEAR (SCALE 0-3) 18
DPTR FM NORMAL 56 PTCLDY (SCALE 4-7) 8
TOTAL FM JUL 1 955 CLOUDY (SCALE 8-10) 5
DPTR FM NORMAL -146
[CDD (BASE 65) ]
TOTAL THIS MO. 12
DPTR FM NORMAL 3 [PRESSURE DATA]
TOTAL FM JAN 1 12 HIGHEST SLP 30.54 ON 11
DPTR FM NORMAL 3 LOWEST SLP 29.52 ON 16
[REMARKS]
#FINAL-01-22#