000
CXUS51 KLWX 050716
CF6DMH
PRELIMINARY LOCAL CLIMATOLOGICAL DATA (WS FORM: F-6)
STATION: BALTIMORE INNER HARBOR MD
MONTH: FEBRUARY
YEAR: 2020
LATITUDE: 39 16 N
LONGITUDE: 76 37 W
TEMPERATURE IN F: :PCPN: SNOW: WIND :SUNSHINE: SKY :PK WND
================================================================================
1 2 3 4 5 6A 6B 7 8 9 10 11 12 13 14 15 16 17 18
12Z AVG MX 2MIN
DY MAX MIN AVG DEP HDD CDD WTR SNW DPTH SPD SPD DIR MIN PSBL S-S WX SPD DR
================================================================================
1 50 34 42 6 23 0 0.11 M M M M M M M M M M
2 50 37 44 7 21 0 0.00 M M M M M M M M M M
3 68 37 53 16 12 0 0.00 M M M M M M M M M M
4 62 47 55 18 10 0 0.08 M M M M M M M M M M
5 57 39 48 11 17 0 0.08 M M M M M M M M M M
6 44 38 41 4 24 0 0.52 M M M M M M M M M M
7 58 35 47 10 18 0 0.64 M M M M M M M M M M
8 44 32 38 1 27 0 0.00 M M M M M M M M M M
9 51 33 42 5 23 0 0.00 M M M M M M M M M M
10 48 43 46 8 19 0 0.25 M M M M M M M M M M
11 54 48 51 13 14 0 0.39 M M M M M M M M M M
12 51 40 46 8 19 0 0.11 M M M M M M M M M M
13 56 40 48 10 17 0 0.13 M M M M M M M M M M
14 43 27 35 -3 30 0 0.00 M M M M M M M M M M
15 34 20 27 -11 38 0 0.00 M M M M M M M M M M
16 50 31 41 2 24 0 0.00 M M M M M M M M M M
17 55 39 47 8 18 0 0.00 M M M M M M M M M M
18 58 41 50 11 15 0 0.00 M M M M M M M M M M
19 55 42 49 10 16 0 0.00 M M M M M M M M M M
20 42 32 37 -2 28 0 0.00 M M M M M M M M M M
21 38 25 32 -8 33 0 0.00 M M M M M M M M M M
22 54 28 41 1 24 0 0.00 M M M M M M M M M M
23 57 31 44 4 21 0 0.00 M M M M M M M M M M
24 58 36 47 7 18 0 0.00 M M M M M M M M M M
25 51 46 49 8 16 0 0.26 M M M M M M M M M M
26 51 45 48 7 17 0 0.15 M M M M M M M M M M
27 45 32 39 -2 26 0 0.12 M M M M M M M M M M
28 47 32 40 -1 25 0 0.00 M M M M M M M M M M
29 37 30 34 -8 31 0 0.00 M M M M M M M M M M
================================================================================
SM 1468 1040 624 0 2.84 M M M M
================================================================================
AV 50.6 35.9 M FASTST M M 6 MAX(MPH)
MISC ----> M M M M
================================================================================
NOTES:
# LAST OF SEVERAL OCCURRENCES
COLUMN 17 PEAK WIND IN M.P.H.
PRELIMINARY LOCAL CLIMATOLOGICAL DATA (WS FORM: F-6) , PAGE 2
STATION: BALTIMORE INNER HARBOR MD
MONTH: FEBRUARY
YEAR: 2020
LATITUDE: 39 16 N
LONGITUDE: 76 37 W
[TEMPERATURE DATA] [PRECIPITATION DATA] SYMBOLS USED IN COLUMN 16
AVERAGE MONTHLY: 43.2 TOTAL FOR MONTH: 2.84 1 = FOG OR MIST
DPTR FM NORMAL: 4.6 DPTR FM NORMAL: 0.24 2 = FOG REDUCING VISIBILITY
HIGHEST: 68 ON 3 GRTST 24HR 0.64 ON 7- 7 TO 1/4 MILE OR LESS
LOWEST: 20 ON 15 3 = THUNDER
SNOW, ICE PELLETS, HAIL 4 = ICE PELLETS
TOTAL MONTH: M 5 = HAIL
GRTST 24HR M ON M 6 = FREEZING RAIN OR DRIZZLE
GRTST DEPTH: M ON M 7 = DUSTSTORM OR SANDSTORM:
VSBY 1/2 MILE OR LESS
8 = SMOKE OR HAZE
[NO. OF DAYS WITH] [WEATHER - DAYS WITH] 9 = BLOWING SNOW
X = TORNADO
MAX 32 OR BELOW: 0 0.01 INCH OR MORE: 12
MAX 90 OR ABOVE: 0 0.10 INCH OR MORE: 10
MIN 32 OR BELOW: 11 0.50 INCH OR MORE: 2
MIN 0 OR BELOW: 0 1.00 INCH OR MORE: 0
[HDD (BASE 65) ]
TOTAL THIS MO. 624 CLEAR (SCALE 0-3) 0
DPTR FM NORMAL -116 PTCLDY (SCALE 4-7) 0
TOTAL FM JUL 1 2705 CLOUDY (SCALE 8-10) 0
DPTR FM NORMAL -406
[CDD (BASE 65) ]
TOTAL THIS MO. 0
DPTR FM NORMAL 0 [PRESSURE DATA]
TOTAL FM JAN 1 0 HIGHEST SLP 30.69 ON 15
DPTR FM NORMAL 0 LOWEST SLP 28.94 ON 7
[REMARKS]
#FINAL-02-20#