000
CXUS53 KEAX 011600 RRA
CLSDMO
STLCLSWS4 000
TTAA00 EAX 011557
CLIMATE REPORT
NATIONAL WEATHER SERVICE KANSAS CITY/PLEASANT HILL MO
1045 AM CDT THU SEP 01 2022
...................................
...THE SEDALIA MO CLIMATE SUMMARY FOR THE SEASON, FROM
6/1/2022 TO 8/31/2022...
CLIMATE NORMAL PERIOD: 1991 TO 2020
CLIMATE RECORD PERIOD: 9999 TO 9999
WEATHER OBSERVED NORMAL DEPART LAST YEAR`S
VALUE DATE(S) VALUE FROM VALUE DATE(S)
NORMAL
................................................................
TEMPERATURE (F)
HIGHEST 100 07/23 98 2 97 06/17
08/11
LOWEST 54 06/03 49 5 54 06/22
AVG. MAXIMUM 88.5 85.7 2.8 87.2
AVG. MINIMUM 68.2 65.4 2.8 68.2
MEAN 78.3 75.5 2.8 77.7
DAYS MAX >= 90 42 32.8 9.2 33
DAYS MAX <= 32 0 0.0 0.0 0
DAYS MIN <= 32 0 0.0 0.0 0
DAYS MIN <= 0 0 0.0 0.0 0
PRECIPITATION (INCHES)
TOTALS 12.91 11.82 1.09 10.99
DAILY AVG. 0.14 0.13 0.01 0.12
DAYS >= .01 22 26.0 -4.0 30
DAYS >= .10 11 16.2 -5.2 20
DAYS >= .50 5 7.9 -2.9 8
DAYS >= 1.00 3 3.3 -0.3 1
GREATEST
24 HR. TOTAL 6.89 05/31 TO 06/01
DEGREE DAYS
HEATING TOTAL 0 12 -12 0
COOLING TOTAL 1250 982 268 1193
................................................................
WIND (MPH)
AVERAGE WIND SPEED 7.0
HIGHEST WIND SPEED/DIRECTION 41/290 DATE 06/08
HIGHEST GUST SPEED/DIRECTION 59/290 DATE 06/08
SKY COVER
POSSIBLE SUNSHINE (PERCENT) MM
AVERAGE SKY COVER 0.19
NUMBER OF DAYS FAIR 76
NUMBER OF DAYS PC 12
NUMBER OF DAYS CLOUDY 4
AVERAGE RH (PERCENT) 68
WEATHER CONDITIONS. NUMBER OF DAYS WITH
THUNDERSTORM 19 MIXED PRECIP 0
HEAVY RAIN 10 RAIN 9
LIGHT RAIN 34 FREEZING RAIN 0
LT FREEZING RAIN 0 HAIL 0
HEAVY SNOW 0 SNOW 0
LIGHT SNOW 0 SLEET 0
FOG 25 FOG W/VIS <= 1/4 MILE 3
HAZE 9
- INDICATES NEGATIVE NUMBERS.
R INDICATES RECORD WAS SET OR TIED.
MM INDICATES DATA IS MISSING.
T INDICATES TRACE AMOUNT.
$$