000
CXUS55 KGJT 090938
CF6DRO
PRELIMINARY LOCAL CLIMATOLOGICAL DATA (WS FORM: F-6)
STATION: DURANGO AIRPORT CO
MONTH: JULY
YEAR: 2021
LATITUDE: 37 9 N
LONGITUDE: 107 45 W
TEMPERATURE IN F: :PCPN: SNOW: WIND :SUNSHINE: SKY :PK WND
================================================================================
1 2 3 4 5 6A 6B 7 8 9 10 11 12 13 14 15 16 17 18
12Z AVG MX 2MIN
DY MAX MIN AVG DEP HDD CDD WTR SNW DPTH SPD SPD DIR MIN PSBL S-S WX SPD DR
================================================================================
1 83 53 68 1 0 3 0.00 M M 5.8 20 340 M M 1 27 350
2 89 53 71 3 0 6 T M M 7.4 24 350 M M 2 32 360
3 89 53 71 3 0 6 T M M 5.8 28 330 M M 1 36 330
4 93 52 73 5 0 8 0.00 M M 6.6 24 310 M M 0 31 310
5 92 59 76 8 0 11 0.11 M M 6.4 31 10 M M 3 41 350
6 87 53 70 1 0 5 T M M 6.3 33 280 M M 1 3 55 260
7 90 56 73 4 0 8 T M M 4.9 23 350 M M 1 3 36 360
8 93 55 74 5 0 9 0.10 M M 5.5 26 20 M M 1 38 36 20
9 95 53 74 5 0 9 0.00 M M 5.9 21 30 M M 0 3 26 30
10 99 53 76 7 0 11 0.00 M M 5.8 20 330 M M 0 29 20
11 93 59 76 6 0 11 0.00 M M 4.8 15 210 M M 0 25 150
12 89 57 73 3 0 8 0.02 M M 6.2 38 60 M M 0 3 49 50
13 90 54 72 2 0 7 0.06 M M 7.6 24 310 M M 3 13 38 320
14 77 57 67 -3 0 2 T M M 4.4 17 340 M M 5 25 340
15 87 50 69 -1 0 4 0.00 M M 5.2 22 290 M M 1 3 30 290
16 89 59 74 4 0 9 0.07 M M 6.8 25 320 M M 2 32 320
17 89 57 73 3 0 8 0.00 M M 5.8 21 60 M M 1 3 27 60
18 91 56 74 4 0 9 0.20 M M 7.7 30 140 M M 2 13 40 130
19 89 58 74 4 0 9 0.14 M M 4.2 23 170 M M 2 138 31 170
20 87 58 73 3 0 8 0.00 M M 5.1 21 310 M M 2 3 30 320
21 87 57 72 2 0 7 0.00 M M 6.0 22 310 M M 2 3 29 310
22 88 62 75 5 0 10 0.00 M M 7.7 23 60 M M 3 3 32 290
23 88 56 72 2 0 7 0.20 M M 6.4 22 10 M M 4 138 31 140
24 82 56 69 -1 0 4 0.29 M M 5.8 31 140 M M 4 13 43 140
25 81 54 68 -2 0 3 0.00 M M 5.8 20 130 M M 2 3 27 130
26 85 56 71 1 0 6 0.05 M M 2.5 21 340 M M 3 3 29 340
27 84 55 70 0 0 5 1.34 M M 6.8 36 140 M M 2 13 51 130
28 83 59 71 1 0 6 0.00 M M 3.8 16 20 M M 1 1 19 30
29 86 56 71 1 0 6 T M M 4.5 17 190 M M 1 38 25 200
30 86 59 73 3 0 8 0.11 M M 7.1 23 150 M M 4 13 33 190
31 84 55 70 0 0 5 0.05 M M 4.8 23 60 M M 2 3 31 60
================================================================================
SM 2725 1730 0 218 2.74 M 179.4 M 56
================================================================================
AV 87.9 55.8 5.8 FASTST M M 2 MAX(MPH)
MISC ----> 38 60 55 260
================================================================================
NOTES:
# LAST OF SEVERAL OCCURRENCES
COLUMN 17 PEAK WIND IN M.P.H.
PRELIMINARY LOCAL CLIMATOLOGICAL DATA (WS FORM: F-6) , PAGE 2
STATION: DURANGO AIRPORT CO
MONTH: JULY
YEAR: 2021
LATITUDE: 37 9 N
LONGITUDE: 107 45 W
[TEMPERATURE DATA] [PRECIPITATION DATA] SYMBOLS USED IN COLUMN 16
AVERAGE MONTHLY: 71.9 TOTAL FOR MONTH: 2.74 1 = FOG OR MIST
DPTR FM NORMAL: 2.4 DPTR FM NORMAL: 1.51 2 = FOG REDUCING VISIBILITY
HIGHEST: 99 ON 10 GRTST 24HR 1.34 ON 27-27 TO 1/4 MILE OR LESS
LOWEST: 50 ON 15 3 = THUNDER
SNOW, ICE PELLETS, HAIL 4 = ICE PELLETS
TOTAL MONTH: M 5 = HAIL
GRTST 24HR M ON M 6 = FREEZING RAIN OR DRIZZLE
GRTST DEPTH: M ON M 7 = DUSTSTORM OR SANDSTORM:
VSBY 1/2 MILE OR LESS
8 = SMOKE OR HAZE
[NO. OF DAYS WITH] [WEATHER - DAYS WITH] 9 = BLOWING SNOW
X = TORNADO
MAX 32 OR BELOW: 0 0.01 INCH OR MORE: 13
MAX 90 OR ABOVE: 9 0.10 INCH OR MORE: 8
MIN 32 OR BELOW: 0 0.50 INCH OR MORE: 1
MIN 0 OR BELOW: 0 1.00 INCH OR MORE: 1
[HDD (BASE 65) ]
TOTAL THIS MO. 0 CLEAR (SCALE 0-3) 26
DPTR FM NORMAL -6 PTCLDY (SCALE 4-7) 5
TOTAL FM JUL 1 0 CLOUDY (SCALE 8-10) 0
DPTR FM NORMAL -2
[CDD (BASE 65) ]
TOTAL THIS MO. 218
DPTR FM NORMAL 71 [PRESSURE DATA]
TOTAL FM JAN 1 317 HIGHEST SLP 30.22 ON 19
DPTR FM NORMAL 133 LOWEST SLP 29.79 ON 11
[REMARKS]
#FINAL-07-21#