000
CXUS53 KDMX 040956
CF6DSM
PRELIMINARY LOCAL CLIMATOLOGICAL DATA (WS FORM: F-6)
STATION: DES MOINES IA
MONTH: JUNE
YEAR: 2023
LATITUDE: 41 31 N
LONGITUDE: 93 39 W
TEMPERATURE IN F: :PCPN: SNOW: WIND :SUNSHINE: SKY :PK WND
================================================================================
1 2 3 4 5 6A 6B 7 8 9 10 11 12 13 14 15 16 17 18
12Z AVG MX 2MIN
DY MAX MIN AVG DEP HDD CDD WTR SNW DPTH SPD SPD DIR MIN PSBL S-S WX SPD DR
================================================================================
1 83 66 75 7 0 10 1.01 0.0 0 8.1 25 240 M M 10 13 32 240
2 87 67 77 9 0 12 0.45 0.0 0 5.4 48 160 M M 6 3 60 170
3 89 65 77 8 0 12 0.00 0.0 0 6.8 17 60 M M 3 22 100
4 88 67 78 9 0 13 0.00 0.0 0 7.1 29 80 M M 6 40 80
5 85 65 75 5 0 10 0.00 0.0 0 3.6 12 80 M M 6 8 16 120
6 89 63 76 6 0 11 T 0.0 0 3.8 21 40 M M 5 138 28 50
7 80 66 73 3 0 8 T 0.0 0 6.3 17 60 M M 5 18 23 70
8 76 62 69 -1 0 4 T 0.0 0 7.1 15 130 M M 7 20 120
9 78 54 66 -5 0 1 0.00 0.0 0 5.5 12 180 M M 5 19 200
10 81 60 71 0 0 6 0.24 0.0 0 6.6 18 190 M M 8 1 24 70
11 71 56 64 -7 1 0 0.23 0.0 0 8.8 17 10 M M 7 1 24 10
12 78 48 63 -9 2 0 0.00 0.0 0 6.8 16 280 M M 1 1 24 310
13 86 58 72 0 0 7 0.00 0.0 0 9.8 23 310 M M 3 28 310
14 88 62 75 3 0 10 0.00 0.0 0 5.6 13 240 M M 2 17 270
15 90 62 76 4 0 11 0.00 0.0 0 6.2 17 80 M M 4 8 26 360
16 78 60 69 -3 0 4 0.00 0.0 0 8.9 16 80 M M 3 8 22 60
17 86 62 74 1 0 9 0.47 0.0 0 10.4 26 300 M M 7 13 31 300
18 84 62 73 0 0 8 0.00 0.0 0 5.1 15 120 M M 6 1 19 120
19 88 64 76 3 0 11 0.00 0.0 0 6.2 12 110 M M 1 1 18 100
20 86 66 76 3 0 11 0.00 0.0 0 8.9 17 80 M M 0 26 100
21 86 67 77 3 0 12 0.00 0.0 0 9.3 18 110 M M 2 26 110
22 90 65 78 4 0 13 0.00 0.0 0 3.9 13 80 M M 1 19 40
23 91 65 78 4 0 13 0.00 0.0 0 4.8 12 120 M M 4 16 140
24 85 70 78 4 0 13 0.03 0.0 0 8.7 23 90 M M 6 138 32 100
25 80 65 73 -1 0 8 0.00 0.0 0 19.4 36 280 M M 5 8 50 280
26 79 63 71 -3 0 6 0.00 0.0 0 12.5 24 310 M M 3 30 310
27 84 57 71 -4 0 6 0.00 0.0 0 7.4 16 110 M M 3 138 25 160
28 87 69 78 3 0 13 T 0.0 0 11.7 25 160 M M 7 38 33 150
29 89 68 79 4 0 14 0.38 0.0 0 4.2 29 250 M M 6 138 42 240
30 85 68 77 2 0 12 0.39 0.0 0 5.4 14 80 M M 7 138 18 100
================================================================================
SM 2527 1892 3 268 3.20 0.0 224.3 M 139
================================================================================
AV 84.2 63.1 7.5 FASTST M M 5 MAX(MPH)
MISC ----> 48 160 60 170
================================================================================
NOTES:
# LAST OF SEVERAL OCCURRENCES
COLUMN 17 PEAK WIND IN M.P.H.
PRELIMINARY LOCAL CLIMATOLOGICAL DATA (WS FORM: F-6) , PAGE 2
STATION: DES MOINES IA
MONTH: JUNE
YEAR: 2023
LATITUDE: 41 31 N
LONGITUDE: 93 39 W
[TEMPERATURE DATA] [PRECIPITATION DATA] SYMBOLS USED IN COLUMN 16
AVERAGE MONTHLY: 73.6 TOTAL FOR MONTH: 3.20 1 = FOG OR MIST
DPTR FM NORMAL: 1.4 DPTR FM NORMAL: -2.06 2 = FOG REDUCING VISIBILITY
HIGHEST: 91 ON 23 GRTST 24HR 1.01 ON 1- 1 TO 1/4 MILE OR LESS
LOWEST: 48 ON 12 3 = THUNDER
SNOW, ICE PELLETS, HAIL 4 = ICE PELLETS
TOTAL MONTH: 0.0 INCH 5 = HAIL
GRTST 24HR 0.0 6 = FREEZING RAIN OR DRIZZLE
GRTST DEPTH: 0 7 = DUSTSTORM OR SANDSTORM:
VSBY 1/2 MILE OR LESS
8 = SMOKE OR HAZE
[NO. OF DAYS WITH] [WEATHER - DAYS WITH] 9 = BLOWING SNOW
X = TORNADO
MAX 32 OR BELOW: 0 0.01 INCH OR MORE: 8
MAX 90 OR ABOVE: 3 0.10 INCH OR MORE: 7
MIN 32 OR BELOW: 0 0.50 INCH OR MORE: 1
MIN 0 OR BELOW: 0 1.00 INCH OR MORE: 1
[HDD (BASE 65) ]
TOTAL THIS MO. 3 CLEAR (SCALE 0-3) 8
DPTR FM NORMAL -12 PTCLDY (SCALE 4-7) 20
TOTAL FM JUL 1 5892 CLOUDY (SCALE 8-10) 2
DPTR FM NORMAL -283
[CDD (BASE 65) ]
TOTAL THIS MO. 268
DPTR FM NORMAL 38 [PRESSURE DATA]
TOTAL FM JAN 1 388 HIGHEST SLP 30.07 ON 5
DPTR FM NORMAL 75 LOWEST SLP 29.64 ON 14
[REMARKS]
#FINAL-06-23#