000
CXUS54 KFWD 010730
CF6DTO
PRELIMINARY LOCAL CLIMATOLOGICAL DATA (WS FORM: F-6)
STATION: DENTON
MONTH: SEPTEMBER
YEAR: 2023
LATITUDE: 33 12 N
LONGITUDE: 97 12 W
TEMPERATURE IN F: :PCPN: SNOW: WIND :SUNSHINE: SKY :PK WND
================================================================================
1 2 3 4 5 6A 6B 7 8 9 10 11 12 13 14 15 16 17 18
12Z AVG MX 2MIN
DY MAX MIN AVG DEP HDD CDD WTR SNW DPTH SPD SPD DIR MIN PSBL S-S WX SPD DR
================================================================================
1 98 77 88 7 0 23 0.00 M M 8.9 17 120 M M 0 23 130
2 95 64 80 0 0 15 0.00 M M 4.5 13 100 M M 0 17 100
3 101 74 88 8 0 23 T M M 10.4 24 120 M M 1 3 32 120
4 101 74 88 8 0 23 0.00 M M 12.7 24 150 M M 0 32 170
5 104 81 93 13 0 28 0.00 M M 13.3 22 160 M M 0 31 150
6 104 75 90 11 0 25 0.00 M M 6.3 12 20 M M 0 17 20
7 109 73 91 12 0 26 0.00 M M 5.3 15 180 M M 1 22 190
8 110 74 92 13 0 27 0.22 M M 7.4 29 10 M M 1 38 40 10
9 96 76 86 8 0 21 0.00 M M 8.3 16 100 M M 0 3 24 110
10 93 65 79 1 0 14 0.00 M M 6.5 15 130 M M 0 20 100
11 91 70 81 3 0 16 0.21 M M 7.9 20 300 M M 2 38 29 290
12 83 69 76 -2 0 11 0.13 M M 9.8 18 360 M M 8 1 22 10
13 83 68 76 -1 0 11 0.02 M M 6.2 13 140 M M 9 18 130
14 77 70 74 -3 0 9 0.31 M M 7.1 13 90 M M 10 1 18 100
15 82 69 76 0 0 11 T M M 5.4 13 110 M M 6 17 100
16 86 65 76 0 0 11 0.00 M M 3.0 15 10 M M 3 21 340
17 92 63 78 2 0 13 0.00 M M 4.1 15 50 M M 0 19 50
18 94 57 76 0 0 11 0.00 M M 5.1 16 160 M M 0 23 140
19 95 69 82 7 0 17 0.66 M M 14.1 32 180 M M 2 138 43 160
20 93 70 82 7 0 17 0.05 M M 12.6 22 170 M M 2 3 31 160
21 97 73 85 11 0 20 0.31 M M 11.5 32 20 M M 0 13 42 40
22 97 76 87 13 0 22 0.00 M M 10.9 20 160 M M 1 27 200
23 99 77 88 14 0 23 0.00 M M 13.6 23 160 M M 0 33 160
24 100 76 88 15 0 23 0.10 M M 10.1 21 50 M M 1 13 30 50
25 92 70 81 8 0 16 0.00 M M 6.7 17 10 M M 4 25 30
26 94 65 80 7 0 15 0.00 M M 3.4 10 60 M M 0 14 290
27 96 65 81 9 0 16 0.00 M M 3.9 12 120 M M 0 17 130
28 96 66 81 9 0 16 0.00 M M 5.6 15 130 M M 0 22 120
29 96 73 85 13 0 20 0.00 M M 9.0 18 160 M M 0 29 180
30 94 69 82 11 0 17 0.00 M M 6.9 17 150 M M 0 27 170
================================================================================
SM 2848 2113 0 540 2.01 M 240.5 M 51
================================================================================
AV 94.9 70.4 8.0 FASTST M M 2 MAX(MPH)
MISC ----> # 32 180 43 160
================================================================================
NOTES:
# LAST OF SEVERAL OCCURRENCES
COLUMN 17 PEAK WIND IN M.P.H.
PRELIMINARY LOCAL CLIMATOLOGICAL DATA (WS FORM: F-6) , PAGE 2
STATION: DENTON
MONTH: SEPTEMBER
YEAR: 2023
LATITUDE: 33 12 N
LONGITUDE: 97 12 W
[TEMPERATURE DATA] [PRECIPITATION DATA] SYMBOLS USED IN COLUMN 16
AVERAGE MONTHLY: 82.7 TOTAL FOR MONTH: 2.01 1 = FOG OR MIST
DPTR FM NORMAL: 6.5 DPTR FM NORMAL: -0.64 2 = FOG REDUCING VISIBILITY
HIGHEST: 110 ON 8 GRTST 24HR 0.71 ON 19-20 TO 1/4 MILE OR LESS
LOWEST: 57 ON 18 3 = THUNDER
SNOW, ICE PELLETS, HAIL 4 = ICE PELLETS
TOTAL MONTH: M 5 = HAIL
GRTST 24HR M ON M 6 = FREEZING RAIN OR DRIZZLE
GRTST DEPTH: M ON M 7 = DUSTSTORM OR SANDSTORM:
VSBY 1/2 MILE OR LESS
8 = SMOKE OR HAZE
[NO. OF DAYS WITH] [WEATHER - DAYS WITH] 9 = BLOWING SNOW
X = TORNADO
MAX 32 OR BELOW: 0 0.01 INCH OR MORE: 9
MAX 90 OR ABOVE: 25 0.10 INCH OR MORE: 7
MIN 32 OR BELOW: 0 0.50 INCH OR MORE: 1
MIN 0 OR BELOW: 0 1.00 INCH OR MORE: 0
[HDD (BASE 65) ]
TOTAL THIS MO. 0 CLEAR (SCALE 0-3) 25
DPTR FM NORMAL -7 PTCLDY (SCALE 4-7) 2
TOTAL FM JUL 1 0 CLOUDY (SCALE 8-10) 3
DPTR FM NORMAL -4
[CDD (BASE 65) ]
TOTAL THIS MO. 540
DPTR FM NORMAL 196 [PRESSURE DATA]
TOTAL FM JAN 1 2965 HIGHEST SLP M ON M
DPTR FM NORMAL 623 LOWEST SLP 29.70 ON 23
[REMARKS]
#FINAL-09-23#