000
CXUS51 KPBZ 010830
CF6DUJ
PRELIMINARY LOCAL CLIMATOLOGICAL DATA (WS FORM: F-6)
STATION: DUBOIS PA
MONTH: JANUARY
YEAR: 2023
LATITUDE: 41 10 N
LONGITUDE: 78 54 W
TEMPERATURE IN F: :PCPN: SNOW: WIND :SUNSHINE: SKY :PK WND
================================================================================
1 2 3 4 5 6A 6B 7 8 9 10 11 12 13 14 15 16 17 18
12Z AVG MX 2MIN
DY MAX MIN AVG DEP HDD CDD WTR SNW DPTH SPD SPD DIR MIN PSBL S-S WX SPD DR
================================================================================
1 47 38 43 17 22 0 0.00 M M 9.6 18 250 M M 10 18 24 270
2 48 45 47 21 18 0 0.03 M M 4.5 10 260 M M 10 12 14 260
3 60 47 54 28 11 0 1.12 M M 9.1 21 230 M M 10 12 29 210
4 59 48 54 28 11 0 0.08 M M 8.7 25 280 M M 9 18 33 300
5 48 37 43 17 22 0 0.00 M M 6.6 21 220 M M 7 27 220
6 40 32 36 11 29 0 0.09 M M 9.3 17 270 M M 10 18 21 270
7 33 31 32 7 33 0 0.02 M M 7.8 13 300 M M 10 18 16 240
8 34 27 31 6 34 0 0.01 M M 4.8 10 130 M M 9 18 18 100
9 34 26 30 5 35 0 0.00 M M 10.6 20 250 M M 6 26 270
10 34 27 31 6 34 0 0.00 M M 4.9 16 240 M M 10 18 21 230
11 41 28 35 10 30 0 0.00 M M 8.9 14 120 M M 5 8 22 110
12 42 35 39 15 26 0 0.54 M M 9.9 18 120 M M 10 18 25 130
13 42 24 33 9 32 0 0.09 M M 11.0 18 310 M M 10 18 25 320
14 24 21 23 -1 42 0 T M M 11.6 20 330 M M 10 8 24 330
15 35 21 28 4 37 0 0.00 M M 5.5 14 340 M M 5 19 320
16 48 18 33 9 32 0 0.00 M M 2.6 10 100 M M 0 12 100
17 48 34 41 17 24 0 0.17 M M 9.0 23 270 M M 10 12 31 270
18 43 36 40 16 25 0 0.00 M M 9.5 20 270 M M 10 18 27 290
19 43 35 39 15 26 0 0.85 M M 10.9 30 260 M M 10 123 38 260
20 40 32 36 12 29 0 0.05 M M 15.9 28 260 M M 10 18 37 260
21 32 29 31 7 34 0 0.01 M M 6.3 15 300 M M 10 18 22 290
22 35 26 31 7 34 0 0.05 M M 7.3 16 130 M M 7 18 21 140
23 33 29 31 7 34 0 0.05 M M 10.3 21 260 M M 10 18 28 300
24 33 22 28 4 37 0 0.00 M M 12.4 28 260 M M 8 18 34 260
25 39 23 31 7 34 0 0.19 M M 13.5 26 130 M M 8 128 39 130
26 38 28 33 9 32 0 0.02 M M 16.1 29 240 M M 10 18 38 280
27 34 24 29 5 36 0 T M M 11.2 22 240 M M 9 18 26 230
28 43 34 39 15 26 0 0.00 M M 11.7 25 250 M M 5 30 250
29 44 35 40 16 25 0 0.01 M M 8.9 17 230 M M 9 18 24 210
30 37 28 33 9 32 0 0.04 M M 5.2 12 340 M M 10 12 15 330
31 28 19 24 0 41 0 0.02 M M 6.4 14 300 M M 5 18 19 300
================================================================================
SM 1239 939 917 0 3.44 M 280.0 M 262
================================================================================
AV 40.0 30.3 9.0 FASTST M M 8 MAX(MPH)
MISC ----> 30 260 39 130
================================================================================
NOTES:
# LAST OF SEVERAL OCCURRENCES
COLUMN 17 PEAK WIND IN M.P.H.
PRELIMINARY LOCAL CLIMATOLOGICAL DATA (WS FORM: F-6) , PAGE 2
STATION: DUBOIS PA
MONTH: JANUARY
YEAR: 2023
LATITUDE: 41 10 N
LONGITUDE: 78 54 W
[TEMPERATURE DATA] [PRECIPITATION DATA] SYMBOLS USED IN COLUMN 16
AVERAGE MONTHLY: 35.1 TOTAL FOR MONTH: 3.44 1 = FOG OR MIST
DPTR FM NORMAL: 10.6 DPTR FM NORMAL: 0.51 2 = FOG REDUCING VISIBILITY
HIGHEST: 60 ON 3 GRTST 24HR 1.12 ON 3- 3 TO 1/4 MILE OR LESS
LOWEST: 18 ON 16 3 = THUNDER
SNOW, ICE PELLETS, HAIL 4 = ICE PELLETS
TOTAL MONTH: M 5 = HAIL
GRTST 24HR M ON M 6 = FREEZING RAIN OR DRIZZLE
GRTST DEPTH: M ON M 7 = DUSTSTORM OR SANDSTORM:
VSBY 1/2 MILE OR LESS
8 = SMOKE OR HAZE
[NO. OF DAYS WITH] [WEATHER - DAYS WITH] 9 = BLOWING SNOW
X = TORNADO
MAX 32 OR BELOW: 3 0.01 INCH OR MORE: 19
MAX 90 OR ABOVE: 0 0.10 INCH OR MORE: 5
MIN 32 OR BELOW: 20 0.50 INCH OR MORE: 3
MIN 0 OR BELOW: 0 1.00 INCH OR MORE: 1
[HDD (BASE 65) ]
TOTAL THIS MO. 917 CLEAR (SCALE 0-3) 1
DPTR FM NORMAL -340 PTCLDY (SCALE 4-7) 8
TOTAL FM JUL 1 3220 CLOUDY (SCALE 8-10) 22
DPTR FM NORMAL -579
[CDD (BASE 65) ]
TOTAL THIS MO. 0
DPTR FM NORMAL 0 [PRESSURE DATA]
TOTAL FM JAN 1 0 HIGHEST SLP 30.35 ON 8
DPTR FM NORMAL 0 LOWEST SLP 29.48 ON 12
[REMARKS]
#FINAL-01-23#