000
CXUS54 KEWX 011011
CF6DZB
PRELIMINARY LOCAL CLIMATOLOGICAL DATA (WS FORM: F-6)
STATION: HORSESHOE BAY
MONTH: MARCH
YEAR: 2024
LATITUDE: 30 31 N
LONGITUDE: 98 22 W
TEMPERATURE IN F: :PCPN: SNOW: WIND :SUNSHINE: SKY :PK WND
================================================================================
1 2 3 4 5 6A 6B 7 8 9 10 11 12 13 14 15 16 17 18
12Z AVG MX 2MIN
DY MAX MIN AVG DEP HDD CDD WTR SNW DPTH SPD SPD DIR MIN PSBL S-S WX SPD DR
================================================================================
1 78 34 56 M 9 0 0.00 M M 3.0 10 170 M M 0 17 170
2 85 42 64 M 1 0 0.00 M M 5.3 13 170 M M 0 22 170
3 80 61 71 M 0 6 0.00 M M 7.0 13 180 M M 4 21 160
4 84 57 71 M 0 6 0.00 M M 5.1 13 180 M M 4 1 22 180
5 87 51 69 M 0 4 0.00 M M 3.2 13 330 M M 0 12 21 290
6 85 47 66 M 0 1 0.00 M M 5.4 13 180 M M 0 17 190
7 72 66 69 M 0 4 0.00 M M 7.9 15 180 M M 7 23 180
8 79 49 64 M 1 0 0.12 M M 7.2 16 350 M M 5 1 37 150
9 60 44 52 M 13 0 0.00 M M 9.4 15 350 M M 6 23 330
10 69 37 53 M 12 0 0.00 M M 1.9 6 150 M M 1 M M
11 74 47 61 M 4 0 0.00 M M 4.7 10 170 M M 4 18 0
12 79 57 68 M 0 3 0.00 M M 6.9 13 210 M M 7 20 200
13 86 66 76 M 0 11 0.00 M M 7.6 14 150 M M 7 23 150
14 80 66 73 M 0 8 0.00 M M 7.8 15 170 M M 7 1 25 160
15 74 62 68 M 0 3 0.01 M M 5.8 10 20 M M 10 1 22 310
16 66 59 63 M 2 0 0.03 M M 3.1 8 50 M M 10 13 M M
17 63 56 60 M 5 0 0.49 M M 4.4 10 340 M M 10 1 23 130
18 66 48 57 M 8 0 0.00 M M 5.0 13 50 M M 4 18 60
19 68 42 55 M 10 0 0.00 M M 4.2 9 190 M M 5 M M
20 69 44 57 M 8 0 0.00 M M 4.0 10 180 M M 6 17 200
21 65 59 62 M 3 0 0.06 M M 2.4 8 170 M M 10 1 M M
22 77 50 64 M 1 0 0.00 M M 5.0 16 360 M M 4 12 28 360
23 74 45 60 M 5 0 0.00 M M 2.5 7 140 M M 3 17 150
24 73 58 66 M 0 1 0.00 M M 11.3 21 170 M M 7 36 170
25 76 54 65 M 0 0 0.66 M M 5.5 15 330 M M 4 3 21 330
26 66 43 55 M 10 0 0.00 M M 3.8 7 10 M M 0 M M
27 71 44 58 M 7 0 0.01 M M 4.5 17 350 M M 2 23 350
28 79 41 60 M 5 0 0.00 M M 4.8 10 170 M M 0 21 170
29 79 59 69 M 0 4 0.00 M M 11.7 18 170 M M 2 30 190
30 73 65 69 M 0 4 0.00 M M 6.9 10 150 M M 9 23 180
31 78 65 72 M 0 7 0.00 M M 8.0 13 180 M M 8 21 180
================================================================================
SM 2315 1618 104 62 1.38 M 175.2 M 146
================================================================================
AV 74.7 52.2 5.7 FASTST M M 5 MAX(MPH)
MISC ----> 21 170 37 150
================================================================================
NOTES:
# LAST OF SEVERAL OCCURRENCES
COLUMN 17 PEAK WIND IN M.P.H.
PRELIMINARY LOCAL CLIMATOLOGICAL DATA (WS FORM: F-6) , PAGE 2
STATION: HORSESHOE BAY
MONTH: MARCH
YEAR: 2024
LATITUDE: 30 31 N
LONGITUDE: 98 22 W
[TEMPERATURE DATA] [PRECIPITATION DATA] SYMBOLS USED IN COLUMN 16
AVERAGE MONTHLY: 63.4 TOTAL FOR MONTH: 1.38 1 = FOG OR MIST
DPTR FM NORMAL: 0.0 DPTR FM NORMAL: M 2 = FOG REDUCING VISIBILITY
HIGHEST: 87 ON 5 GRTST 24HR 0.66 ON 25-25 TO 1/4 MILE OR LESS
LOWEST: 34 ON 1 3 = THUNDER
SNOW, ICE PELLETS, HAIL 4 = ICE PELLETS
TOTAL MONTH: M 5 = HAIL
GRTST 24HR M ON M 6 = FREEZING RAIN OR DRIZZLE
GRTST DEPTH: M ON M 7 = DUSTSTORM OR SANDSTORM:
VSBY 1/2 MILE OR LESS
8 = SMOKE OR HAZE
[NO. OF DAYS WITH] [WEATHER - DAYS WITH] 9 = BLOWING SNOW
X = TORNADO
MAX 32 OR BELOW: 0 0.01 INCH OR MORE: 7
MAX 90 OR ABOVE: 0 0.10 INCH OR MORE: 3
MIN 32 OR BELOW: 0 0.50 INCH OR MORE: 1
MIN 0 OR BELOW: 0 1.00 INCH OR MORE: 0
[HDD (BASE 65) ]
TOTAL THIS MO. 104 CLEAR (SCALE 0-3) 10
DPTR FM NORMAL M PTCLDY (SCALE 4-7) 16
TOTAL FM JUL 1 1520 CLOUDY (SCALE 8-10) 5
DPTR FM NORMAL M
[CDD (BASE 65) ]
TOTAL THIS MO. 62
DPTR FM NORMAL M [PRESSURE DATA]
TOTAL FM JAN 1 93 HIGHEST SLP M ON M
DPTR FM NORMAL M LOWEST SLP M ON M
[REMARKS]
#FINAL-03-24#