000
CXUS54 KEWX 011110
CF6DZB
PRELIMINARY LOCAL CLIMATOLOGICAL DATA (WS FORM: F-6)
STATION: HORSESHOE BAY
MONTH: NOVEMBER
YEAR: 2021
LATITUDE: 30 31 N
LONGITUDE: 98 22 W
TEMPERATURE IN F: :PCPN: SNOW: WIND :SUNSHINE: SKY :PK WND
================================================================================
1 2 3 4 5 6A 6B 7 8 9 10 11 12 13 14 15 16 17 18
12Z AVG MX 2MIN
DY MAX MIN AVG DEP HDD CDD WTR SNW DPTH SPD SPD DIR MIN PSBL S-S WX SPD DR
================================================================================
1 81 50 66 M 0 1 0.00 M M 3.3 9 180 M M 0 M M
2 75 61 68 M 0 3 0.02 M M 2.0 7 180 M M 8 M M
3 62 48 55 M 10 0 1.31 M M 4.7 13 360 M M 10 13 21 10
4 54 47 51 M 14 0 0.00 M M 4.1 8 40 M M 10 M M
5 63 42 53 M 12 0 0.00 M M 1.7 6 170 M M 4 M M
6 72 39 56 M 9 0 0.00 M M 2.4 6 170 M M 0 M M
7 76 42 59 M 6 0 0.00 M M 3.6 8 210 M M 0 M M
8 78 47 63 M 2 0 0.00 M M 4.6 9 170 M M 3 18 220
9 77 55 66 M 0 1 0.00 M M 4.2 8 170 M M 5 M M
10 80 62 71 M 0 6 0.00 M M 7.7 16 190 M M 5 24 190
11 73 44 59 M 6 0 0.00 M M 3.6 8 50 M M 0 17 40
12 73 40 57 M 8 0 0.00 M M 3.1 13 360 M M 0 22 360
13 73 36 55 M 10 0 0.00 M M 2.4 8 160 M M 0 M M
14 79 44 62 M 3 0 0.00 M M 2.7 10 230 M M 0 16 220
15 81 50 66 M 0 1 0.00 M M 3.6 10 180 M M 1 17 220
16 80 64 72 M 0 7 0.00 M M 8.4 17 190 M M 4 26 180
17 83 61 72 M 0 7 0.00 M M 6.8 13 200 M M 3 26 190
18 65 42 54 M 11 0 0.00 M M 7.9 14 360 M M 5 22 360
19 67 38 53 M 12 0 0.00 M M 2.4 8 140 M M 1 M M
20 74 46 60 M 5 0 0.00 M M 5.8 15 190 M M 1 23 190
21 75 56 66 M 0 1 0.00 M M 5.6 14 350 M M 7 21 320
22 68 37 53 M 12 0 0.00 M M 3.5 7 330 M M 0 M M
23 71 32 52 M 13 0 0.00 M M 3.6 10 170 M M 0 17 170
24 74 55 65 M 0 0 0.00 M M 5.6 17 190 M M 5 29 190
25 63 49 56 M 9 0 0.00 M M 8.4 17 340 M M 2 1 26 350
26 56 41 49 M 16 0 0.00 M M 1.8 6 360 M M 0 M M
27 53 47 50 M 15 0 0.25 M M 0.9 8 160 M M 9 M M
28 70 40 55 M 10 0 0.00 M M 3.6 10 330 M M 3 1 16 350
29 76 35 56 M 9 0 0.00 M M 2.9 6 200 M M 0 M M
30 77 42 60 M 5 0 0.00 M M 2.9 9 170 M M 0 17 180
================================================================================
SM 2149 1392 197 27 1.58 M 124.0 M 86
================================================================================
AV 71.6 46.4 4.1 FASTST M M 3 MAX(MPH)
MISC ----> 17 190 29 190
================================================================================
NOTES:
# LAST OF SEVERAL OCCURRENCES
COLUMN 17 PEAK WIND IN M.P.H.
PRELIMINARY LOCAL CLIMATOLOGICAL DATA (WS FORM: F-6) , PAGE 2
STATION: HORSESHOE BAY
MONTH: NOVEMBER
YEAR: 2021
LATITUDE: 30 31 N
LONGITUDE: 98 22 W
[TEMPERATURE DATA] [PRECIPITATION DATA] SYMBOLS USED IN COLUMN 16
AVERAGE MONTHLY: 59.0 TOTAL FOR MONTH: 1.58 1 = FOG OR MIST
DPTR FM NORMAL: 0.0 DPTR FM NORMAL: M 2 = FOG REDUCING VISIBILITY
HIGHEST: 83 ON 17 GRTST 24HR 1.31 ON 3- 3 TO 1/4 MILE OR LESS
LOWEST: 32 ON 23 3 = THUNDER
SNOW, ICE PELLETS, HAIL 4 = ICE PELLETS
TOTAL MONTH: M 5 = HAIL
GRTST 24HR M ON M 6 = FREEZING RAIN OR DRIZZLE
GRTST DEPTH: M ON M 7 = DUSTSTORM OR SANDSTORM:
VSBY 1/2 MILE OR LESS
8 = SMOKE OR HAZE
[NO. OF DAYS WITH] [WEATHER - DAYS WITH] 9 = BLOWING SNOW
X = TORNADO
MAX 32 OR BELOW: 0 0.01 INCH OR MORE: 3
MAX 90 OR ABOVE: 0 0.10 INCH OR MORE: 2
MIN 32 OR BELOW: 1 0.50 INCH OR MORE: 1
MIN 0 OR BELOW: 0 1.00 INCH OR MORE: 1
[HDD (BASE 65) ]
TOTAL THIS MO. 197 CLEAR (SCALE 0-3) 19
DPTR FM NORMAL M PTCLDY (SCALE 4-7) 7
TOTAL FM JUL 1 219 CLOUDY (SCALE 8-10) 4
DPTR FM NORMAL M
[CDD (BASE 65) ]
TOTAL THIS MO. 27
DPTR FM NORMAL M [PRESSURE DATA]
TOTAL FM JAN 1 2709 HIGHEST SLP M ON M
DPTR FM NORMAL M LOWEST SLP M ON M
[REMARKS]
#FINAL-11-21#