000
CXUS53 KGID 011452
CF6EAR
PRELIMINARY LOCAL CLIMATOLOGICAL DATA (WS FORM: F-6)
STATION: KEARNEY
MONTH: JULY
YEAR: 2020
LATITUDE: 40 43 N
LONGITUDE: 99 0 W
TEMPERATURE IN F: :PCPN: SNOW: WIND :SUNSHINE: SKY :PK WND
================================================================================
1 2 3 4 5 6A 6B 7 8 9 10 11 12 13 14 15 16 17 18
12Z AVG MX 2MIN
DY MAX MIN AVG DEP HDD CDD WTR SNW DPTH SPD SPD DIR MIN PSBL S-S WX SPD DR
================================================================================
1 88 62 75 1 0 10 0.00 M M 9.6 14 340 M M 0 16 90
2 89 64 77 3 0 12 0.00 M M 10.6 22 190 M M 2 3 40 180
3 89 66 78 4 0 13 0.00 M M 7.8 27 180 M M 0 38 180
4 88 65 77 3 0 12 0.00 M M 5.9 12 140 M M 1 M M
5 87 65 76 2 0 11 0.00 M M 5.1 9 140 M M 1 1 M M
6 91 67 79 5 0 14 0.00 M M 6.8 14 130 M M 1 1 M M
7 92 69 81 7 0 16 0.00 M M 13.7 20 170 M M 1 27 180
8 94 63 79 4 0 14 0.41 M M 16.7 25 250 M M 0 138 39 250
9 84 61 73 -2 0 8 0.03 M M 7.6 12 80 M M 0 3 M M
10 89 64 77 2 0 12 0.46 M M 8.8 13 180 M M 2 13 46 10
11 86 62 74 -1 0 9 0.00 M M 12.1 28 30 M M 2 46 30
12 84 60 72 -3 0 7 T M M 6.2 14 110 M M 0 M M
13 92 63 78 3 0 13 T M M 12.8 22 280 M M 1 38 41 290
14 77 65 71 -4 0 6 0.02 M M 10.9 21 10 M M 5 3 35 170
15 81 62 72 -3 0 7 0.00 M M 8.5 22 10 M M 3 1 M M
16 87 63 75 0 0 10 T M M 9.5 16 140 M M 3 128 M M
17 92 70 81 6 0 16 0.00 M M 11.7 17 170 M M 0 M M
18 97 73 85 10 0 20 T M M 11.4 21 360 M M 0 27 360
19 87 68 78 3 0 13 T M M 10.0 17 150 M M 3 21 150
20 83 64 74 -1 0 9 0.28 M M 10.8 17 50 M M 6 3 23 90
21 83 62 73 -2 0 8 T M M 8.1 16 10 M M 3 3 20 10
22 87 66 77 2 0 12 0.11 M M 9.3 18 140 M M 3 13 25 140
23 89 71 80 5 0 15 0.00 M M 14.2 23 170 M M 0 3 25 170
24 92 74 83 8 0 18 0.00 M M 18.0 27 160 M M 2 35 170
25 93 71 82 7 0 17 T M M 16.9 22 190 M M 1 3 32 200
26 86 69 78 3 0 13 0.08 M M 8.5 15 340 M M 4 3 M M
27 84 66 75 0 0 10 0.01 M M 8.7 13 50 M M 4 1 17 60
28 86 62 74 -1 0 9 0.00 M M 5.8 10 180 M M 4 1 M M
29 87 68 78 3 0 13 0.01 M M 7.6 21 30 M M 4 13 28 30
30 73 65 69 -5 0 4 0.14 M M 10.4 16 10 M M 5 M M
31 82 58 70 -4 0 5 0.00 M M 5.5 9 40 M M 1 M M
================================================================================
SM 2699 2028 0 356 1.55 M 309.5 M 62
================================================================================
AV 87.1 65.4 10.0 FASTST M M 2 MAX(MPH)
MISC ----> # 28 30 # M M
================================================================================
NOTES:
# LAST OF SEVERAL OCCURRENCES
COLUMN 17 PEAK WIND IN M.P.H.
PRELIMINARY LOCAL CLIMATOLOGICAL DATA (WS FORM: F-6) , PAGE 2
STATION: KEARNEY
MONTH: JULY
YEAR: 2020
LATITUDE: 40 43 N
LONGITUDE: 99 0 W
[TEMPERATURE DATA] [PRECIPITATION DATA] SYMBOLS USED IN COLUMN 16
AVERAGE MONTHLY: 76.2 TOTAL FOR MONTH: 1.55 1 = FOG OR MIST
DPTR FM NORMAL: 1.5 DPTR FM NORMAL: -1.73 2 = FOG REDUCING VISIBILITY
HIGHEST: 97 ON 18 GRTST 24HR 0.46 ON 10-10 TO 1/4 MILE OR LESS
LOWEST: 58 ON 31 3 = THUNDER
SNOW, ICE PELLETS, HAIL 4 = ICE PELLETS
TOTAL MONTH: M 5 = HAIL
GRTST 24HR M ON M 6 = FREEZING RAIN OR DRIZZLE
GRTST DEPTH: M ON M 7 = DUSTSTORM OR SANDSTORM:
VSBY 1/2 MILE OR LESS
8 = SMOKE OR HAZE
[NO. OF DAYS WITH] [WEATHER - DAYS WITH] 9 = BLOWING SNOW
X = TORNADO
MAX 32 OR BELOW: 0 0.01 INCH OR MORE: 10
MAX 90 OR ABOVE: 8 0.10 INCH OR MORE: 5
MIN 32 OR BELOW: 0 0.50 INCH OR MORE: 0
MIN 0 OR BELOW: 0 1.00 INCH OR MORE: 0
[HDD (BASE 65) ]
TOTAL THIS MO. 0 CLEAR (SCALE 0-3) 21
DPTR FM NORMAL -5 PTCLDY (SCALE 4-7) 10
TOTAL FM JUL 1 0 CLOUDY (SCALE 8-10) 0
DPTR FM NORMAL -5
[CDD (BASE 65) ]
TOTAL THIS MO. 356
DPTR FM NORMAL 52 [PRESSURE DATA]
TOTAL FM JAN 1 708 HIGHEST SLP 30.17 ON 10
DPTR FM NORMAL 178 LOWEST SLP 29.64 ON 14
[REMARKS]
#FINAL-07-20#