000
CXUS56 KOTX 010910
CF6EAT
PRELIMINARY LOCAL CLIMATOLOGICAL DATA (WS FORM: F-6)
STATION: WENATCHEE WA PANGBORN FIELD
MONTH: JULY
YEAR: 2023
LATITUDE: 47 23 N
LONGITUDE: 120 12 W
TEMPERATURE IN F: :PCPN: SNOW: WIND :SUNSHINE: SKY :PK WND
================================================================================
1 2 3 4 5 6A 6B 7 8 9 10 11 12 13 14 15 16 17 18
12Z AVG MX 2MIN
DY MAX MIN AVG DEP HDD CDD WTR SNW DPTH SPD SPD DIR MIN PSBL S-S WX SPD DR
================================================================================
1 89 66 78 7 0 13 0.00 M M 18.4 30 300 M M 0 36 320
2 85 62 74 3 0 9 0.00 M M 8.9 26 290 M M 0 31 290
3 87 59 73 2 0 8 0.00 M M 7.6 20 30 M M 0 27 30
4 89 62 76 4 0 11 0.00 M M 5.7 12 280 M M 0 14 280
5 91 63 77 5 0 12 0.00 M M 5.9 16 140 M M 0 22 160
6 94 63 79 7 0 14 0.00 M M 6.9 17 290 M M 0 20 280
7 96 67 82 9 0 17 0.00 M M 6.0 26 30 M M 0 37 40
8 97 66 82 9 0 17 0.00 M M 8.3 16 330 M M 0 8 20 320
9 94 68 81 8 0 16 T M M 11.6 24 310 M M 0 3 29 310
10 83 M M M M M 0.09 M M 11.8 25 320 M M 4 3 31 320
11 86 60 73 -1 0 8 0.00 M M 9.2 22 320 M M 0 26 320
12 89 65 77 3 0 12 0.00 M M 11.3 22 300 M M 0 8 25 290
13 89 64 77 3 0 12 0.00 M M 10.4 18 300 M M 0 22 290
14 93 65 79 4 0 14 0.00 M M 9.5 17 310 M M 0 21 310
15 97 66 82 7 0 17 0.00 M M 7.4 20 310 M M 0 22 300
16 97 69 83 8 0 18 0.00 M M 9.9 25 310 M M 0 28 300
17 81 65 73 -3 0 8 0.00 M M 21.4 37 310 M M 0 8 44 310
18 86 58 72 -4 0 7 0.00 M M 5.3 15 280 M M 0 18 290
19 93 63 78 2 0 13 0.00 M M 6.1 15 290 M M 0 17 290
20 98 67 83 7 0 18 0.00 M M 7.7 16 320 M M 0 21 320
21 99 73 86 10 0 21 0.00 M M 12.9 25 300 M M 0 29 310
22 94 69 82 6 0 17 0.00 M M 12.7 26 300 M M 0 31 300
23 94 69 82 6 0 17 0.00 M M 8.9 20 320 M M 0 25 310
24 86 67 77 0 0 12 0.00 M M 14.6 26 290 M M 1 8 32 270
25 79 62 71 -6 0 6 0.00 M M 11.8 20 300 M M 0 25 320
26 83 57 70 -7 0 5 0.00 M M 6.7 20 300 M M 0 25 300
27 87 61 74 -3 0 9 0.00 M M 9.2 22 300 M M 0 26 290
28 89 62 76 -1 0 11 0.00 M M 8.2 16 140 M M 0 19 140
29 92 65 79 2 0 14 0.00 M M 10.9 22 310 M M 0 25 330
30 87 66 77 0 0 12 0.00 M M 14.0 23 320 M M 0 27 310
31 87 59 73 -4 0 8 0.00 M M 9.4 21 310 M M 0 25 300
================================================================================
SM 2791 1928 0 376 0.09 M 308.6 M 5
================================================================================
AV 90.0 64.3 10.0 FASTST M M 0 MAX(MPH)
MISC ----> 37 310 44 310
================================================================================
NOTES:
# LAST OF SEVERAL OCCURRENCES
COLUMN 17 PEAK WIND IN M.P.H.
PRELIMINARY LOCAL CLIMATOLOGICAL DATA (WS FORM: F-6) , PAGE 2
STATION: WENATCHEE WA PANGBORN FIELD
MONTH: JULY
YEAR: 2023
LATITUDE: 47 23 N
LONGITUDE: 120 12 W
[TEMPERATURE DATA] [PRECIPITATION DATA] SYMBOLS USED IN COLUMN 16
AVERAGE MONTHLY: 77.1 TOTAL FOR MONTH: 0.09 1 = FOG OR MIST
DPTR FM NORMAL: 2.4 DPTR FM NORMAL: -0.15 2 = FOG REDUCING VISIBILITY
HIGHEST: 99 ON 21 GRTST 24HR 0.09 ON 10-10 TO 1/4 MILE OR LESS
LOWEST: 57 ON 26 3 = THUNDER
SNOW, ICE PELLETS, HAIL 4 = ICE PELLETS
TOTAL MONTH: M 5 = HAIL
GRTST 24HR M ON M 6 = FREEZING RAIN OR DRIZZLE
GRTST DEPTH: M ON M 7 = DUSTSTORM OR SANDSTORM:
VSBY 1/2 MILE OR LESS
8 = SMOKE OR HAZE
[NO. OF DAYS WITH] [WEATHER - DAYS WITH] 9 = BLOWING SNOW
X = TORNADO
MAX 32 OR BELOW: 0 0.01 INCH OR MORE: 1
MAX 90 OR ABOVE: 14 0.10 INCH OR MORE: 0
MIN 32 OR BELOW: 0 0.50 INCH OR MORE: 0
MIN 0 OR BELOW: 0 1.00 INCH OR MORE: 0
[HDD (BASE 65) ]
TOTAL THIS MO. 0 CLEAR (SCALE 0-3) 30
DPTR FM NORMAL -6 PTCLDY (SCALE 4-7) 1
TOTAL FM JUL 1 0 CLOUDY (SCALE 8-10) 0
DPTR FM NORMAL -2
[CDD (BASE 65) ]
TOTAL THIS MO. 376
DPTR FM NORMAL 70 [PRESSURE DATA]
TOTAL FM JAN 1 668 HIGHEST SLP M ON M
DPTR FM NORMAL 219 LOWEST SLP 29.67 ON 7
[REMARKS]
#FINAL-07-23#