478
CXUS52 KTAE 010900
CF6ECP
PRELIMINARY LOCAL CLIMATOLOGICAL DATA (WS FORM: F-6)
STATION: PANAMA CITY NW
MONTH: OCTOBER
YEAR: 2020
LATITUDE: 30 21 N
LONGITUDE: 85 48 W
TEMPERATURE IN F: :PCPN: SNOW: WIND :SUNSHINE: SKY :PK WND
================================================================================
1 2 3 4 5 6A 6B 7 8 9 10 11 12 13 14 15 16 17 18
12Z AVG MX 2MIN
DY MAX MIN AVG DEP HDD CDD WTR SNW DPTH SPD SPD DIR MIN PSBL S-S WX SPD DR
================================================================================
1 85 55 70 M 0 5 T 0.0 M 3.2 10 290 M M 0 14 330
2 77 58 68 M 0 3 0.00 0.0 M 8.8 18 320 M M 0 30 20
3 79 52 66 M 0 1 0.00 0.0 M 6.6 16 10 M M 0 21 20
4 76 55 66 M 0 1 T 0.0 M 7.1 17 30 M M 0 20 20
5 82 57 70 M 0 5 T 0.0 0 7.6 15 30 M M 3 20 350
6 87 69 78 M 0 13 0.00 0.0 0 6.3 13 40 M M 6 16 50
7 92 72 82 M 0 17 T 0.0 M 4.7 14 30 M M 2 19 80
8 90 74 82 M 0 17 T 0.0 M 4.4 18 40 M M 5 138 22 40
9 89 74 82 M 0 17 0.00 0.0 M 7.8 22 140 M M 5 26 140
10 86 76 81 M 0 16 0.15 0.0 M 13.3 28 140 M M 7 18 39 150
11 84 74 79 M 0 14 0.00 0.0 M 9.8 23 210 M M 8 30 260
12 88 72 80 M 0 15 0.00 0.0 M 5.2 15 260 M M 6 1 23 110
13 89 69 79 M 0 14 0.00 0.0 M 5.3 13 220 M M 4 128 32 330
14 85 61 73 M 0 8 0.00 0.0 M 3.8 13 210 M M 0 19 220
15 86 64 75 M 0 10 0.00 0.0 M 3.8 15 270 M M 1 1 31 160
16 82 62 72 M 0 7 0.00 0.0 M 8.2 20 310 M M 1 12 28 220
17 80 54 67 M 0 2 0.00 0.0 M 8.1 18 10 M M 0 22 30
18 86 60 73 M 0 8 0.00 0.0 M 6.1 12 80 M M 2 30 90
19 86 66 76 M 0 11 T 0.0 M 6.8 16 90 M M 4 23 90
20 89 67 78 M 0 13 0.00 0.0 M 8.2 15 70 M M 2 26 40
21 86 71 79 M 0 14 0.08 0.0 M 8.0 26 30 M M 4 38 36 30
22 87 71 79 M 0 14 0.01 0.0 M 6.8 14 20 M M 6 8 20 30
23 87 70 79 M 0 14 0.01 0.0 M 5.1 14 130 M M 3 13 21 350
24 77 65 71 M 0 6 0.50 0.0 M 3.1 22 250 M M 5 13 28 260
25 83 64 74 M 0 9 0.00 0.0 M 3.5 10 350 M M 6 12 14 330
26 87 63 75 M 0 10 0.00 0.0 M 3.7 12 20 M M 4 8 26 20
27 79 73 76 M 0 11 1.64 0.0 M 7.6 23 160 M M 7 138 29 160
28 86 75 81 M 0 16 0.00 0.0 M 13.3 28 150 M M 8 37 160
29 82 57 70 M 0 5 1.23 0.0 M 15.0 33 180 M M 6 1 45 190
30 69 49 59 M 6 0 0.00 0.0 M 8.3 17 330 M M 1 23 340
31 78 52 65 M 0 0 0.00 0.0 M 5.7 10 120 M M 2 27 210
================================================================================
SM 2599 2001 6 296 3.62 0.0 215.2 M 108
================================================================================
AV 83.8 64.5 6.9 FASTST M M 3 MAX(MPH)
MISC ----> 33 180 45 190
================================================================================
NOTES:
# LAST OF SEVERAL OCCURRENCES
COLUMN 17 PEAK WIND IN M.P.H.
PRELIMINARY LOCAL CLIMATOLOGICAL DATA (WS FORM: F-6) , PAGE 2
STATION: PANAMA CITY NW
MONTH: OCTOBER
YEAR: 2020
LATITUDE: 30 21 N
LONGITUDE: 85 48 W
[TEMPERATURE DATA] [PRECIPITATION DATA] SYMBOLS USED IN COLUMN 16
AVERAGE MONTHLY: 74.2 TOTAL FOR MONTH: 3.62 1 = FOG OR MIST
DPTR FM NORMAL: 0.0 DPTR FM NORMAL: M 2 = FOG REDUCING VISIBILITY
HIGHEST: 92 ON 7 GRTST 24HR 1.64 ON 27-27 TO 1/4 MILE OR LESS
LOWEST: 49 ON 30 3 = THUNDER
SNOW, ICE PELLETS, HAIL 4 = ICE PELLETS
TOTAL MONTH: 0.0 INCH 5 = HAIL
GRTST 24HR 0.0 6 = FREEZING RAIN OR DRIZZLE
GRTST DEPTH: 0 7 = DUSTSTORM OR SANDSTORM:
VSBY 1/2 MILE OR LESS
8 = SMOKE OR HAZE
[NO. OF DAYS WITH] [WEATHER - DAYS WITH] 9 = BLOWING SNOW
X = TORNADO
MAX 32 OR BELOW: 0 0.01 INCH OR MORE: 7
MAX 90 OR ABOVE: 2 0.10 INCH OR MORE: 4
MIN 32 OR BELOW: 0 0.50 INCH OR MORE: 3
MIN 0 OR BELOW: 0 1.00 INCH OR MORE: 2
[HDD (BASE 65) ]
TOTAL THIS MO. 6 CLEAR (SCALE 0-3) 14
DPTR FM NORMAL M PTCLDY (SCALE 4-7) 17
TOTAL FM JUL 1 6 CLOUDY (SCALE 8-10) 0
DPTR FM NORMAL M
[CDD (BASE 65) ]
TOTAL THIS MO. 296
DPTR FM NORMAL M [PRESSURE DATA]
TOTAL FM JAN 1 2921 HIGHEST SLP 30.26 ON 31
DPTR FM NORMAL M LOWEST SLP 29.78 ON 29
[REMARKS]
#FINAL-10-20#