000
CXUS56 KEKA 070334
CF6EKA
PRELIMINARY LOCAL CLIMATOLOGICAL DATA (WS FORM: F-6)
STATION: EUREKA CA
MONTH: SEPTEMBER
YEAR: 2021
LATITUDE: 40 47 N
LONGITUDE: 124 10 W
TEMPERATURE IN F: :PCPN: SNOW: WIND :SUNSHINE: SKY :PK WND
================================================================================
1 2 3 4 5 6A 6B 7 8 9 10 11 12 13 14 15 16 17 18
12Z AVG MX 2MIN
DY MAX MIN AVG DEP HDD CDD WTR SNW DPTH SPD SPD DIR MIN PSBL S-S WX SPD DR
================================================================================
1 60 45 53 -5 12 0 0.00 0.0 0 3.2 9 260 M M 2 18 9 M
2 56 50 53 -5 12 0 0.00 0.0 0 3.2 10 280 M M 10 18 10 M
3 57 49 53 -5 12 0 T 0.0 0 3.5 8 290 M M 10 18 9 M
4 60 48 54 -4 11 0 0.00 0.0 0 1.9 7 360 M M 7 18 9 M
5 63 48 56 -2 9 0 0.00 0.0 0 2.2 9 360 M M 6 2 9 M
6 63 51 57 -1 8 0 0.00 0.0 0 1.9 8 310 M M 9 28 8 M
7 62 49 56 -2 9 0 T 0.0 0 3.2 10 270 M M 9 1 13 M
8 61 51 56 -2 9 0 0.00 0.0 0 3.0 7 280 M M 9 2 8 M
9 63 51 57 -1 8 0 0.02 0.0 0 2.9 8 20 M M 9 1 9 M
10 62 52 57 -1 8 0 0.03 0.0 0 3.8 9 10 M M 8 1 12 M
11 63 49 56 -2 9 0 0.00 0.0 0 3.6 9 300 M M 2 10 M
12 60 51 56 -2 9 0 0.00 0.0 0 3.2 6 40 M M 7 1 10 M
13 61 49 55 -3 10 0 0.00 0.0 0 3.2 6 170 M M 5 1 9 M
14 65 47 56 -1 9 0 0.00 0.0 0 1.8 6 M M M 6 1 8 M
15 61 47 54 -3 11 0 0.00 0.0 0 4.0 8 M M M 3 2 12 M
16 59 45 52 -5 13 0 0.00 0.0 0 3.3 9 M M M 2 8 12 M
17 65 51 58 1 7 0 0.00 0.0 0 2.5 8 M M M 3 8 M
18 66 55 61 4 4 0 0.78 0.0 0 5.4 9 M M M 8 15 M
19 65 53 59 2 6 0 0.06 0.0 0 6.3 12 M M M 2 1 15 M
20 65 47 56 -1 9 0 0.00 0.0 0 3.2 10 350 M M 1 2 14 M
21 77 49 63 6 2 0 0.00 0.0 0 2.8 10 280 M M 2 12 M
22 60 50 55 -2 10 0 0.00 0.0 0 3.2 7 320 M M 6 2 16 M
23 65 51 58 1 7 0 0.00 0.0 0 3.3 9 300 M M 3 2 9 M
24 68 49 59 2 6 0 0.00 0.0 0 3.8 12 280 M M 0 2 14 M
25 60 52 56 0 9 0 T 0.0 0 4.1 10 320 M M 10 1 13 M
26 67 55 61 5 4 0 0.00 0.0 0 3.4 9 270 M M 8 12 M
27 66 50 58 2 7 0 0.35 0.0 0 5.3 13 270 M M 9 1 23 M
28 62 44 53 -3 12 0 0.00 0.0 0 4.6 14 360 M M 3 1 15 M
29 63 47 55 -1 10 0 0.00 0.0 0 3.7 8 330 M M 2 12 M
30 66 46 56 0 9 0 0.00 0.0 0 4.4 15 350 M M 4 1 16 M
================================================================================
SM 1891 1481 261 0 1.24 0.0 103.9 M 165
================================================================================
AV 63.0 49.4 3.5 FASTST M M 6 MAX(MPH)
MISC ----> 15 350 23 9999
================================================================================
NOTES:
# LAST OF SEVERAL OCCURRENCES
COLUMN 17 PEAK WIND IN M.P.H.
PRELIMINARY LOCAL CLIMATOLOGICAL DATA (WS FORM: F-6) , PAGE 2
STATION: EUREKA CA
MONTH: SEPTEMBER
YEAR: 2021
LATITUDE: 40 47 N
LONGITUDE: 124 10 W
[TEMPERATURE DATA] [PRECIPITATION DATA] SYMBOLS USED IN COLUMN 16
AVERAGE MONTHLY: 56.2 TOTAL FOR MONTH: 1.24 1 = FOG OR MIST
DPTR FM NORMAL: -1.0 DPTR FM NORMAL: 0.56 2 = FOG REDUCING VISIBILITY
HIGHEST: 77 ON 21 GRTST 24HR 0.84 ON 18-19 TO 1/4 MILE OR LESS
LOWEST: 44 ON 28 3 = THUNDER
SNOW, ICE PELLETS, HAIL 4 = ICE PELLETS
TOTAL MONTH: 0.0 INCH 5 = HAIL
GRTST 24HR 0.0 6 = FREEZING RAIN OR DRIZZLE
GRTST DEPTH: 0 7 = DUSTSTORM OR SANDSTORM:
VSBY 1/2 MILE OR LESS
8 = SMOKE OR HAZE
[NO. OF DAYS WITH] [WEATHER - DAYS WITH] 9 = BLOWING SNOW
X = TORNADO
MAX 32 OR BELOW: 0 0.01 INCH OR MORE: 5
MAX 90 OR ABOVE: 0 0.10 INCH OR MORE: 2
MIN 32 OR BELOW: 0 0.50 INCH OR MORE: 1
MIN 0 OR BELOW: 0 1.00 INCH OR MORE: 0
[HDD (BASE 65) ]
TOTAL THIS MO. 261 CLEAR (SCALE 0-3) 11
DPTR FM NORMAL 27 PTCLDY (SCALE 4-7) 10
TOTAL FM JUL 1 739 CLOUDY (SCALE 8-10) 9
DPTR FM NORMAL 78
[CDD (BASE 65) ]
TOTAL THIS MO. 0
DPTR FM NORMAL 0 [PRESSURE DATA]
TOTAL FM JAN 1 0 HIGHEST SLP 30.21 ON 28
DPTR FM NORMAL -1 LOWEST SLP 29.74 ON 1
[REMARKS]
#FINAL-09-21#