929
CXUS56 KLKN 130720
CF6EKO
PRELIMINARY LOCAL CLIMATOLOGICAL DATA (WS FORM: F-6)
STATION: ELKO AIRPORT NV
MONTH: MAY
YEAR: 2020
LATITUDE: 40 49 N
LONGITUDE: 115 47 W
TEMPERATURE IN F: :PCPN: SNOW: WIND :SUNSHINE: SKY :PK WND
================================================================================
1 2 3 4 5 6A 6B 7 8 9 10 11 12 13 14 15 16 17 18
12Z AVG MX 2MIN
DY MAX MIN AVG DEP HDD CDD WTR SNW DPTH SPD SPD DIR MIN PSBL S-S WX SPD DR
================================================================================
1 72 45 59 10 6 0 0.00 0.0 0 6.5 21 250 M M 3 25 250
2 75 34 55 5 10 0 0.00 0.0 0 6.1 26 270 M M 1 35 270
3 67 39 53 3 12 0 0.00 0.0 0 6.3 24 260 M M 2 34 260
4 67 29 48 -2 17 0 0.00 0.0 0 4.2 14 200 M M 0 20 230
5 76 29 53 3 12 0 0.00 0.0 0 3.5 20 290 M M 0 22 290
6 72 35 54 3 11 0 0.00 0.0 0 9.7 28 270 M M 0 35 270
7 69 25 47 -4 18 0 0.00 0.0 0 5.2 14 50 M M 0 18 60
8 78 28 53 2 12 0 0.00 0.0 0 5.8 16 250 M M 0 23 240
9 79 32 56 4 9 0 0.00 0.0 0 2.4 12 190 M M 0 15 190
10 86 39 63 11 2 0 0.00 0.0 0 5.7 18 290 M M 0 23 270
11 81 43 62 10 3 0 0.00 0.0 0 8.2 22 260 M M 1 29 250
12 71 46 59 7 6 0 0.00 0.0 0 8.1 24 270 M M 3 30 290
13 64 40 52 -1 13 0 0.00 0.0 0 9.7 22 270 M M 5 29 250
14 63 41 52 -1 13 0 0.02 0.0 0 7.5 23 260 M M 8 26 250
15 67 43 55 2 10 0 0.00 0.0 0 5.8 18 290 M M 5 27 290
16 76 33 55 1 10 0 0.00 0.0 0 4.2 13 270 M M 0 19 250
17 85 49 67 13 0 2 0.00 0.0 0 7.8 30 200 M M 0 37 200
18 79 42 61 7 4 0 0.38 T 0 11.0 35 290 M M 5 1 44 280
19 51 41 46 -8 19 0 0.21 0.0 0 8.0 22 200 M M 9 13 28 210
20 56 40 48 -6 17 0 0.02 0.0 0 11.7 32 250 M M 9 37 250
21 71 34 53 -2 12 0 0.00 0.0 0 8.2 24 260 M M 2 32 250
22 57 30 44 -11 21 0 0.02 0.0 0 6.1 28 310 M M 6 3 35 310
23 61 27 44 -11 21 0 0.00 0.0 0 5.3 16 270 M M 3 28 290
24 70 30 50 -6 15 0 0.00 0.0 0 4.2 16 330 M M 1 22 320
25 78 36 57 1 8 0 0.00 0.0 0 3.1 14 210 M M 0 17 210
26 84 46 65 9 0 0 0.00 0.0 0 6.5 22 260 M M 2 26 280
27 87 52 70 14 0 5 0.00 0.0 0 5.0 14 240 M M 2 17 280
28 93 51 72 15 0 7 0.00 0.0 0 3.0 15 300 M M 0 19 220
29 96 49 73 16 0 8 0.00 0.0 0 4.5 21 240 M M 0 25 240
30 90 54 72 15 0 7 0.00 0.0 0 16.1 40 200 M M 2 8 49 160
31 83 43 63 6 2 0 0.00 0.0 0 4.4 14 330 M M 0 20 260
================================================================================
SM 2304 1205 283 29 0.65 T 203.8 M 69
================================================================================
AV 74.3 38.9 6.6 FASTST M M 2 MAX(MPH)
MISC ----> # 40 200 # 49 160
================================================================================
NOTES:
# LAST OF SEVERAL OCCURRENCES
COLUMN 17 PEAK WIND IN M.P.H.
PRELIMINARY LOCAL CLIMATOLOGICAL DATA (WS FORM: F-6) , PAGE 2
STATION: ELKO AIRPORT NV
MONTH: MAY
YEAR: 2020
LATITUDE: 40 49 N
LONGITUDE: 115 47 W
[TEMPERATURE DATA] [PRECIPITATION DATA] SYMBOLS USED IN COLUMN 16
AVERAGE MONTHLY: 56.6 TOTAL FOR MONTH: 0.65 1 = FOG OR MIST
DPTR FM NORMAL: 3.2 DPTR FM NORMAL: -0.31 2 = FOG REDUCING VISIBILITY
HIGHEST: 96 ON 29 GRTST 24HR 0.38 ON 18-18 TO 1/4 MILE OR LESS
LOWEST: 25 ON 7 3 = THUNDER
SNOW, ICE PELLETS, HAIL 4 = ICE PELLETS
TOTAL MONTH: T 5 = HAIL
GRTST 24HR T ON 18-18 6 = FREEZING RAIN OR DRIZZLE
GRTST DEPTH: 0 7 = DUSTSTORM OR SANDSTORM:
VSBY 1/2 MILE OR LESS
8 = SMOKE OR HAZE
[NO. OF DAYS WITH] [WEATHER - DAYS WITH] 9 = BLOWING SNOW
X = TORNADO
MAX 32 OR BELOW: 0 0.01 INCH OR MORE: 5
MAX 90 OR ABOVE: 3 0.10 INCH OR MORE: 2
MIN 32 OR BELOW: 8 0.50 INCH OR MORE: 0
MIN 0 OR BELOW: 0 1.00 INCH OR MORE: 0
[HDD (BASE 65) ]
TOTAL THIS MO. 283 CLEAR (SCALE 0-3) 23
DPTR FM NORMAL -81 PTCLDY (SCALE 4-7) 6
TOTAL FM JUL 1 6280 CLOUDY (SCALE 8-10) 2
DPTR FM NORMAL -655
[CDD (BASE 65) ]
TOTAL THIS MO. 29
DPTR FM NORMAL 25 [PRESSURE DATA]
TOTAL FM JAN 1 31 HIGHEST SLP 30.33 ON 7
DPTR FM NORMAL 27 LOWEST SLP 29.49 ON 17
[REMARKS]
#FINAL-05-20#