000
CXUS54 KEPZ 011130
CF6ELP
PRELIMINARY LOCAL CLIMATOLOGICAL DATA (WS FORM: F-6)
STATION: EL PASO
MONTH: FEBRUARY
YEAR: 2024
LATITUDE: 31 47 N
LONGITUDE: 106 24 W
TEMPERATURE IN F: :PCPN: SNOW: WIND :SUNSHINE: SKY :PK WND
================================================================================
1 2 3 4 5 6A 6B 7 8 9 10 11 12 13 14 15 16 17 18
12Z AVG MX 2MIN
DY MAX MIN AVG DEP HDD CDD WTR SNW DPTH SPD SPD DIR MIN PSBL S-S WX SPD DR
================================================================================
1 75 48 62 13 3 0 0.00 0.0 0 4.5 16 220 M M 3 21 230
2 58 44 51 2 14 0 0.10 0.0 0 17.8 33 270 M M 7 45 250
3 55 41 48 -1 17 0 0.00 0.0 0 28.8 47 270 M M 2 62 250
4 62 43 53 4 12 0 0.00 0.0 0 10.9 22 280 M M 1 29 260
5 66 36 51 1 14 0 0.00 0.0 0 4.6 13 90 M M 2 18 80
6 61 47 54 4 11 0 0.00 0.0 0 5.0 13 280 M M 9 15 280
7 61 43 52 2 13 0 0.01 0.0 0 15.1 32 240 M M 8 44 240
8 61 34 48 -2 17 0 0.00 0.0 0 8.3 29 260 M M 3 39 260
9 56 45 51 1 14 0 0.00 0.0 0 7.1 25 260 M M 7 33 260
10 55 38 47 -3 18 0 0.04 0.0 0 11.8 29 250 M M 7 43 240
11 53 35 44 -7 21 0 T T 0 11.3 25 280 M M 5 34 10
12 58 30 44 -7 21 0 0.00 0.0 0 4.1 9 250 M M 0 14 280
13 66 33 50 -1 15 0 0.00 0.0 0 5.8 14 10 M M 1 16 10
14 69 36 53 2 12 0 0.00 0.0 0 8.0 23 270 M M 2 39 250
15 69 36 53 1 12 0 0.00 0.0 0 7.3 16 260 M M 6 21 230
16 71 39 55 3 10 0 0.00 0.0 0 7.4 18 280 M M 2 26 300
17 55 36 46 -6 19 0 0.00 0.0 0 7.6 18 80 M M 3 25 120
18 62 29 46 -6 19 0 0.00 0.0 0 4.1 13 200 M M 2 18 200
19 74 39 57 5 8 0 0.00 0.0 0 6.9 21 250 M M 4 31 270
20 78 48 63 10 2 0 0.00 0.0 0 5.9 16 240 M M 3 21 250
21 81 42 62 9 3 0 0.00 0.0 0 12.5 29 250 M M 2 7 55 240
22 71 48 60 7 5 0 0.00 0.0 0 8.3 20 270 M M 1 27 290
23 70 46 58 5 7 0 0.00 0.0 0 7.3 16 360 M M 5 20 10
24 76 44 60 6 5 0 0.00 0.0 0 7.5 15 20 M M 3 19 240
25 83 48 66 12 0 1 0.00 0.0 0 6.3 22 280 M M 6 29 290
26 82 55 69 15 0 4 0.00 0.0 0 10.0 25 250 M M 7 34 250
27 75 60 68 14 0 3 0.00 0.0 0 21.7 37 260 M M 8 78 47 260
28 60 41 51 -3 14 0 0.19 0.0 0 10.4 22 110 M M 8 8 29 120
29 59 40 50 -4 15 0 0.15 0.0 0 5.0 17 290 M M 6 13 23 300
================================================================================
SM 1922 1204 321 8 0.49 T 271.3 M 123
================================================================================
AV 66.3 41.5 9.4 FASTST M M 4 MAX(MPH)
MISC ----> 47 270 62 250
================================================================================
NOTES:
# LAST OF SEVERAL OCCURRENCES
COLUMN 17 PEAK WIND IN M.P.H.
PRELIMINARY LOCAL CLIMATOLOGICAL DATA (WS FORM: F-6) , PAGE 2
STATION: EL PASO
MONTH: FEBRUARY
YEAR: 2024
LATITUDE: 31 47 N
LONGITUDE: 106 24 W
[TEMPERATURE DATA] [PRECIPITATION DATA] SYMBOLS USED IN COLUMN 16
AVERAGE MONTHLY: 53.9 TOTAL FOR MONTH: 0.49 1 = FOG OR MIST
DPTR FM NORMAL: 2.4 DPTR FM NORMAL: 0.09 2 = FOG REDUCING VISIBILITY
HIGHEST: 83 ON 25 GRTST 24HR 0.34 ON 28-29 TO 1/4 MILE OR LESS
LOWEST: 29 ON 18 3 = THUNDER
SNOW, ICE PELLETS, HAIL 4 = ICE PELLETS
TOTAL MONTH: T 5 = HAIL
GRTST 24HR T ON 11-11 6 = FREEZING RAIN OR DRIZZLE
GRTST DEPTH: 0 7 = DUSTSTORM OR SANDSTORM:
VSBY 1/2 MILE OR LESS
8 = SMOKE OR HAZE
[NO. OF DAYS WITH] [WEATHER - DAYS WITH] 9 = BLOWING SNOW
X = TORNADO
MAX 32 OR BELOW: 0 0.01 INCH OR MORE: 5
MAX 90 OR ABOVE: 0 0.10 INCH OR MORE: 3
MIN 32 OR BELOW: 2 0.50 INCH OR MORE: 0
MIN 0 OR BELOW: 0 1.00 INCH OR MORE: 0
[HDD (BASE 65) ]
TOTAL THIS MO. 321 CLEAR (SCALE 0-3) 14
DPTR FM NORMAL -58 PTCLDY (SCALE 4-7) 13
TOTAL FM JUL 1 1554 CLOUDY (SCALE 8-10) 2
DPTR FM NORMAL -391
[CDD (BASE 65) ]
TOTAL THIS MO. 8
DPTR FM NORMAL 7 [PRESSURE DATA]
TOTAL FM JAN 1 8 HIGHEST SLP 30.18 ON 18
DPTR FM NORMAL 7 LOWEST SLP 29.59 ON 2
[REMARKS]
#FINAL-02-24#