000
CXUS54 KEPZ 011030
CF6ELP
PRELIMINARY LOCAL CLIMATOLOGICAL DATA (WS FORM: F-6)
STATION: EL PASO
MONTH: AUGUST
YEAR: 2021
LATITUDE: 31 47 N
LONGITUDE: 106 24 W
TEMPERATURE IN F: :PCPN: SNOW: WIND :SUNSHINE: SKY :PK WND
================================================================================
1 2 3 4 5 6A 6B 7 8 9 10 11 12 13 14 15 16 17 18
12Z AVG MX 2MIN
DY MAX MIN AVG DEP HDD CDD WTR SNW DPTH SPD SPD DIR MIN PSBL S-S WX SPD DR
================================================================================
1 93 74 84 0 0 19 0.10 0.0 0 6.9 23 60 M M 7 3 30 60
2 88 71 80 -4 0 15 0.01 0.0 0 7.7 16 120 M M 7 3 23 130
3 92 71 82 -2 0 17 0.00 0.0 0 6.8 18 120 M M 4 8 26 120
4 94 68 81 -3 0 16 0.04 0.0 0 8.1 18 110 M M 4 3 30 100
5 95 72 84 0 0 19 0.00 0.0 0 6.5 16 110 M M 1 23 110
6 96 71 84 0 0 19 0.00 0.0 0 5.2 14 180 M M 1 21 200
7 100 71 86 2 0 21 T 0.0 0 6.3 28 340 M M 3 34 340
8 100 78 89 5 0 24 0.03 0.0 0 8.2 24 240 M M 4 3 33 90
9 98 77 88 4 0 23 T 0.0 0 9.3 26 250 M M 5 3 36 130
10 94 69 82 -2 0 17 T 0.0 0 7.4 21 310 M M 7 3 27 190
11 91 68 80 -4 0 15 0.09 0.0 0 8.3 24 290 M M 8 3 34 290
12 91 65 78 -5 0 13 1.27 0.0 0 9.4 32 360 M M 8 13 39 330
13 83 69 76 -7 0 11 0.03 0.0 0 4.4 20 180 M M 9 3 27 180
14 79 66 73 -10 0 8 0.22 0.0 0 7.1 16 160 M M 8 1 21 160
15 81 65 73 -10 0 8 0.26 0.0 0 4.1 12 160 M M 9 1 15 160
16 80 67 74 -9 0 9 0.01 0.0 0 5.9 24 330 M M 7 3 32 320
17 87 68 78 -5 0 13 0.00 0.0 0 6.9 16 350 M M 5 20 350
18 90 72 81 -2 0 16 0.00 0.0 0 10.3 18 250 M M 4 26 240
19 90 72 81 -2 0 16 0.00 0.0 0 7.5 17 270 M M 2 23 250
20 93 70 82 -1 0 17 0.00 0.0 0 5.6 17 250 M M 3 22 260
21 93 72 83 0 0 18 0.00 0.0 0 8.1 31 140 M M 6 3 42 130
22 93 69 81 -2 0 16 0.00 0.0 0 6.4 16 140 M M 5 23 150
23 96 73 85 3 0 20 0.00 0.0 0 4.9 20 350 M M 4 24 360
24 96 73 85 3 0 20 T 0.0 0 5.0 20 60 M M 4 3 28 60
25 97 72 85 3 0 20 0.00 0.0 0 7.2 15 100 M M 1 21 100
26 93 73 83 1 0 18 0.00 0.0 0 6.8 16 100 M M 1 26 80
27 95 72 84 2 0 19 0.29 0.0 0 4.7 21 100 M M 3 3 32 10
28 95 70 83 1 0 18 0.00 0.0 0 6.9 17 130 M M 3 3 24 140
29 93 71 82 1 0 17 0.00 0.0 0 9.5 18 100 M M 2 25 110
30 94 71 83 2 0 18 T 0.0 0 7.8 24 140 M M 4 3 34 140
31 93 70 82 1 0 17 0.11 0.0 0 5.4 22 210 M M 5 3 29 210
================================================================================
SM 2853 2190 0 517 2.46 0.0 214.6 M 144
================================================================================
AV 92.0 70.6 6.9 FASTST M M 5 MAX(MPH)
MISC ----> 32 360 42 130
================================================================================
NOTES:
# LAST OF SEVERAL OCCURRENCES
COLUMN 17 PEAK WIND IN M.P.H.
PRELIMINARY LOCAL CLIMATOLOGICAL DATA (WS FORM: F-6) , PAGE 2
STATION: EL PASO
MONTH: AUGUST
YEAR: 2021
LATITUDE: 31 47 N
LONGITUDE: 106 24 W
[TEMPERATURE DATA] [PRECIPITATION DATA] SYMBOLS USED IN COLUMN 16
AVERAGE MONTHLY: 81.3 TOTAL FOR MONTH: 2.46 1 = FOG OR MIST
DPTR FM NORMAL: -1.6 DPTR FM NORMAL: 0.79 2 = FOG REDUCING VISIBILITY
HIGHEST: 100 ON 8, 7 GRTST 24HR 1.29 ON 12-13 TO 1/4 MILE OR LESS
LOWEST: 65 ON 15,12 3 = THUNDER
SNOW, ICE PELLETS, HAIL 4 = ICE PELLETS
TOTAL MONTH: 0.0 INCH 5 = HAIL
GRTST 24HR 0.0 6 = FREEZING RAIN OR DRIZZLE
GRTST DEPTH: 0 7 = DUSTSTORM OR SANDSTORM:
VSBY 1/2 MILE OR LESS
8 = SMOKE OR HAZE
[NO. OF DAYS WITH] [WEATHER - DAYS WITH] 9 = BLOWING SNOW
X = TORNADO
MAX 32 OR BELOW: 0 0.01 INCH OR MORE: 12
MAX 90 OR ABOVE: 25 0.10 INCH OR MORE: 6
MIN 32 OR BELOW: 0 0.50 INCH OR MORE: 1
MIN 0 OR BELOW: 0 1.00 INCH OR MORE: 1
[HDD (BASE 65) ]
TOTAL THIS MO. 0 CLEAR (SCALE 0-3) 9
DPTR FM NORMAL 0 PTCLDY (SCALE 4-7) 19
TOTAL FM JUL 1 0 CLOUDY (SCALE 8-10) 3
DPTR FM NORMAL 0
[CDD (BASE 65) ]
TOTAL THIS MO. 517
DPTR FM NORMAL -38 [PRESSURE DATA]
TOTAL FM JAN 1 2145 HIGHEST SLP 30.09 ON 14
DPTR FM NORMAL -38 LOWEST SLP 29.56 ON 31
[REMARKS]
#FINAL-08-21#