000
CXUS54 KEPZ 011241
CF6ELP
PRELIMINARY LOCAL CLIMATOLOGICAL DATA (WS FORM: F-6)
STATION: EL PASO
MONTH: MARCH
YEAR: 2021
LATITUDE: 31 47 N
LONGITUDE: 106 24 W
TEMPERATURE IN F: :PCPN: SNOW: WIND :SUNSHINE: SKY :PK WND
================================================================================
1 2 3 4 5 6A 6B 7 8 9 10 11 12 13 14 15 16 17 18
12Z AVG MX 2MIN
DY MAX MIN AVG DEP HDD CDD WTR SNW DPTH SPD SPD DIR MIN PSBL S-S WX SPD DR
================================================================================
1 56 36 46 -7 19 0 0.00 0.0 0 11.0 21 30 M M 2 27 70
2 61 30 46 -8 19 0 0.00 0.0 0 2.6 10 120 M M 1 14 150
3 74 34 54 0 11 0 0.00 0.0 0 5.0 13 20 M M 2 15 20
4 70 53 62 8 3 0 0.00 0.0 0 17.3 33 280 M M 3 46 290
5 72 44 58 4 7 0 0.00 0.0 0 11.4 22 330 M M 2 31 90
6 66 42 54 0 11 0 0.00 0.0 0 8.8 20 130 M M 1 27 130
7 73 38 56 1 9 0 0.00 0.0 0 4.0 8 90 M M 3 13 230
8 82 46 64 9 1 0 0.00 0.0 0 5.9 16 180 M M 7 22 180
9 81 53 67 12 0 2 0.00 0.0 0 12.9 37 310 M M 7 8 46 310
10 78 56 67 12 0 2 0.00 0.0 0 18.5 33 250 M M 1 43 250
11 76 42 59 4 6 0 0.00 0.0 0 7.7 23 250 M M 4 30 250
12 78 56 67 11 0 2 0.00 0.0 0 9.7 33 240 M M 8 43 240
13 64 44 54 -2 11 0 0.00 0.0 0 18.6 46 250 M M 2 78 60 250
14 61 41 51 -5 14 0 0.00 0.0 0 22.2 41 260 M M 2 8 58 280
15 70 48 59 3 6 0 0.00 0.0 0 11.7 31 280 M M 4 40 300
16 77 45 61 5 4 0 0.00 0.0 0 20.0 47 240 M M 3 7 64 240
17 68 40 54 -3 11 0 0.00 0.0 0 7.9 35 290 M M 1 44 290
18 71 42 57 0 8 0 0.00 0.0 0 5.9 15 100 M M 2 19 100
19 75 44 60 3 5 0 0.00 0.0 0 5.6 12 80 M M 0 18 99
20 83 42 63 6 2 0 0.00 0.0 0 5.8 18 190 M M 1 25 210
21 79 50 65 7 0 0 0.00 0.0 0 12.3 30 240 M M 6 39 230
22 67 53 60 2 5 0 0.00 0.0 0 20.9 44 280 M M 3 8 59 290
23 69 42 56 -2 9 0 0.00 0.0 0 10.4 30 250 M M 1 8 38 260
24 61 44 53 -5 12 0 T 0.0 0 14.0 30 290 M M 6 38 300
25 66 40 53 -6 12 0 0.00 0.0 0 11.7 23 260 M M 4 36 260
26 73 51 62 3 3 0 0.00 0.0 0 13.0 25 260 M M 2 36 260
27 67 46 57 -2 8 0 0.00 0.0 0 9.1 24 290 M M 2 34 320
28 72 45 59 0 6 0 0.00 0.0 0 6.4 14 160 M M 0 20 160
29 82 46 64 4 1 0 0.00 0.0 0 7.1 17 230 M M 4 25 220
30 84 58 71 11 0 6 0.00 0.0 0 14.6 31 250 M M 3 41 250
31 70 47 59 -1 6 0 0.00 0.0 0 10.2 22 350 M M 1 30 360
================================================================================
SM 2226 1398 209 12 T 0.0 342.2 M 88
================================================================================
AV 71.8 45.1 11.0 FASTST M M 3 MAX(MPH)
MISC ----> 47 240 64 240
================================================================================
NOTES:
# LAST OF SEVERAL OCCURRENCES
COLUMN 17 PEAK WIND IN M.P.H.
PRELIMINARY LOCAL CLIMATOLOGICAL DATA (WS FORM: F-6) , PAGE 2
STATION: EL PASO
MONTH: MARCH
YEAR: 2021
LATITUDE: 31 47 N
LONGITUDE: 106 24 W
[TEMPERATURE DATA] [PRECIPITATION DATA] SYMBOLS USED IN COLUMN 16
AVERAGE MONTHLY: 58.5 TOTAL FOR MONTH: T 1 = FOG OR MIST
DPTR FM NORMAL: 1.9 DPTR FM NORMAL: -0.26 2 = FOG REDUCING VISIBILITY
HIGHEST: 84 ON 30 GRTST 24HR T ON 24-24 TO 1/4 MILE OR LESS
LOWEST: 30 ON 2 3 = THUNDER
SNOW, ICE PELLETS, HAIL 4 = ICE PELLETS
TOTAL MONTH: 0.0 INCH 5 = HAIL
GRTST 24HR 0.0 6 = FREEZING RAIN OR DRIZZLE
GRTST DEPTH: 0 7 = DUSTSTORM OR SANDSTORM:
VSBY 1/2 MILE OR LESS
8 = SMOKE OR HAZE
[NO. OF DAYS WITH] [WEATHER - DAYS WITH] 9 = BLOWING SNOW
X = TORNADO
MAX 32 OR BELOW: 0 0.01 INCH OR MORE: 0
MAX 90 OR ABOVE: 0 0.10 INCH OR MORE: 0
MIN 32 OR BELOW: 1 0.50 INCH OR MORE: 0
MIN 0 OR BELOW: 0 1.00 INCH OR MORE: 0
[HDD (BASE 65) ]
TOTAL THIS MO. 209 CLEAR (SCALE 0-3) 21
DPTR FM NORMAL -61 PTCLDY (SCALE 4-7) 10
TOTAL FM JUL 1 2091 CLOUDY (SCALE 8-10) 0
DPTR FM NORMAL -283
[CDD (BASE 65) ]
TOTAL THIS MO. 12
DPTR FM NORMAL 2 [PRESSURE DATA]
TOTAL FM JAN 1 13 HIGHEST SLP 30.30 ON 28
DPTR FM NORMAL 3 LOWEST SLP 29.44 ON 23
[REMARKS]
#FINAL-03-21#