000
CXUS54 KEPZ 011118
CLMELP
CLIMATE REPORT
NATIONAL WEATHER SERVICE EL PASO TX/SANTA TERESA NM
418 AM MST FRI MAR 01 2024
...................................
...THE EL PASO CLIMATE SUMMARY FOR THE MONTH OF FEBRUARY 2024...
CLIMATE NORMAL PERIOD 1991 TO 2020
CLIMATE RECORD PERIOD 1879 TO 2024
WEATHER OBSERVED NORMAL DEPART LAST YEAR`S
VALUE DATE(S) VALUE FROM VALUE DATE(S)
NORMAL
................................................................
TEMPERATURE (F)
RECORD
HIGH 86 02/24/1904
LOW 1 02/03/2011
HIGHEST 83 02/25 66 17 77 02/06
LOWEST 29 02/18 31 -2 20 02/17
AVG. MAXIMUM 66.3 64.1 2.2 63.5
AVG. MINIMUM 41.5 38.9 2.6 35.9
MEAN 53.9 51.5 2.4 49.7
DAYS MAX >= 90 0 0.0 0.0 0
DAYS MAX <= 32 0 0.1 -0.1 0
DAYS MIN <= 32 2 6.5 -4.5 7
DAYS MIN <= 0 0 0.0 0.0 0
PRECIPITATION (INCHES)
RECORD
MAXIMUM 1.92 2005
MINIMUM 0.00 1999
TOTALS 0.49 0.40 0.09 0.41
DAYS >= .01 5 2
DAYS >= .10 3 1
DAYS >= .50 0 0
DAYS >= 1.00 0 0
GREATEST
24 HR. TOTAL 0.34 02/28 TO 02/29
SNOWFALL (INCHES)
TOTALS T T
SNOWDEPTH AVG. 0 0
DAYS >= TRACE 1 1
GREATEST
SNOW DEPTH 0
24 HR TOTAL MM
DEGREE DAYS
HEATING TOTAL 321 379 -58 422
SINCE 7/1 1554 1945 -391 MM
COOLING TOTAL 8 1 7 0
SINCE 1/1 8 1 7 MM
FREEZE DATES
RECORD
EARLIEST 10/16/1880
LATEST 05/02/1967
EARLIEST 11/23
LATEST 03/19
................................................................
WIND (MPH)
AVERAGE WIND SPEED 9.4
HIGHEST WIND SPEED/DIRECTION 47/270 DATE 02/03
HIGHEST GUST SPEED/DIRECTION 62/250 DATE 02/03
SKY COVER
AVERAGE SKY COVER 0.42
AVERAGE RH (PERCENT) 37
WEATHER CONDITIONS. NUMBER OF DAYS WITH
THUNDERSTORM 1 MIXED PRECIP 0
HEAVY RAIN 0 RAIN 1
LIGHT RAIN 5 FREEZING RAIN 0
LT FREEZING RAIN 0 HAIL 0
HEAVY SNOW 0 SNOW 0
LIGHT SNOW 1 SLEET 0
FOG 1 FOG W/VIS <= 1/4 MILE 0
HAZE 2
- INDICATES NEGATIVE NUMBERS.
R INDICATES RECORD WAS SET OR TIED.
MM INDICATES DATA IS MISSING.
T INDICATES TRACE AMOUNT.
$$