000
CXUS55 KLKN 022128
CLMELY
CLIMATE REPORT
NATIONAL WEATHER SERVICE ELKO, NV
228 PM PDT FRI JUN 02 2023
...................................
...THE ELY AIRPORT NV CLIMATE SUMMARY FOR THE MONTH OF MAY 2023...
CLIMATE NORMAL PERIOD 1991 TO 2020
CLIMATE RECORD PERIOD 1893 TO 2023
WEATHER OBSERVED NORMAL DEPART LAST YEAR`S
VALUE DATE(S) VALUE FROM VALUE DATE(S)
NORMAL
................................................................
TEMPERATURE (F)
RECORD
HIGH 95 05/31/1910
LOW 7 05/04/1950
HIGHEST 78 05/20 82 -4 86 05/26
05/21
LOWEST 29 05/06 21 8 16 05/10
05/08
05/11
AVG. MAXIMUM 67.5 68.9 -1.4 67.3
AVG. MINIMUM 36.1 34.0 2.1 29.6
MEAN 51.8 51.5 0.3 48.5
DAYS MAX >= 90 0 0.2 -0.2 0
DAYS MAX <= 32 0 0.0 0.0 0
DAYS MIN <= 32 9 14.2 -5.2 19
DAYS MIN <= 0 0 0.0 0.0 0
PRECIPITATION (INCHES)
RECORD
MAXIMUM 3.55 1896
MINIMUM T 1948
TOTALS 0.78 1.05 -0.27 0.23
DAILY AVG. 0.03 0.03 -0.00 0.01
DAYS >= .01 13 7.6 5.4 3
DAYS >= .10 4 3.0 1.0 1
DAYS >= .50 0 0.4 -0.4 0
DAYS >= 1.00 0 0.0 0.0 0
GREATEST
24 HR. TOTAL 0.19 05/06 TO 05/07 0.14
SNOWFALL (INCHES)
RECORDS
TOTAL 14.0 1899
TOTALS 0.2 2.0 -1.8 0.7
SINCE 7/1 115.9 54.1 61.8 MM
SNOWDEPTH AVG. T -1
DAYS >= TRACE 2 1.4 0.6 1
DAYS >= 1.0 0 0.6 -0.6 0
DAYS >= 1.0 0 0
GREATEST
SNOW DEPTH MM MM
24 HR TOTAL MM MM
DEGREE DAYS
HEATING TOTAL 399 422 -23 503
SINCE 7/1 7932 7019 913 MM
COOLING TOTAL 0 2 -2 0
SINCE 1/1 0 2 -2 MM
................................................................
WIND (MPH)
AVERAGE WIND SPEED 9.5
HIGHEST WIND SPEED/DIRECTION 41/140 DATE 05/03
HIGHEST GUST SPEED/DIRECTION 56/180 DATE 05/03
AVERAGE RH (PERCENT) 54
WEATHER CONDITIONS. NUMBER OF DAYS WITH
THUNDERSTORM 8 MIXED PRECIP 0
HEAVY RAIN 2 RAIN 3
LIGHT RAIN 16 FREEZING RAIN 0
LT FREEZING RAIN 0 HAIL 0
HEAVY SNOW 0 SNOW 0
LIGHT SNOW 3 SLEET 0
FOG 6 FOG W/VIS <= 1/4 MILE 0
HAZE 1
- INDICATES NEGATIVE NUMBERS.
R INDICATES RECORD WAS SET OR TIED.
MM INDICATES DATA IS MISSING.
T INDICATES TRACE AMOUNT.
======================================================================
...MAY 2023 IN ELY WAS WARMER AND DRIER THAN NORMAL...
$$