000
CXUS55 KLKN 021808
CLSELY
CLIMATE REPORT
NATIONAL WEATHER SERVICE ELKO, NV
1108 AM PDT SAT SEP 02 2023
...................................
...THE ELY AIRPORT NV CLIMATE SUMMARY FOR THE SEASON, FROM
6/1/2023 TO 8/31/2023...
CLIMATE NORMAL PERIOD 1991 TO 2020
CLIMATE RECORD PERIOD 1893 TO 2023
WEATHER OBSERVED NORMAL DEPART LAST YEAR`S
VALUE DATE(S) VALUE FROM VALUE
NORMAL
..............................................................
TEMPERATURE (F)
RECORD
HIGH 101 07/12/2002
07/18/1998
LOW 18 06/14/1976
HIGHEST 100 07/16 96 4 97
LOWEST 31 06/21 28 3 24
AVG. MAXIMUM 82.4 86.0 -3.6 86.7
AVG. MINIMUM 46.6 46.1 0.5 48.7
MEAN 64.5 66.0 -1.5 67.7
DAYS MAX >= 90 22 28.3 -6.3 34
DAYS MAX <= 32 0 0.0 0.0 0
DAYS MIN <= 32 2 3.6 -1.6 6
DAYS MIN <= 0 0 0.0 0.0 0
PRECIPITATION (INCHES)
RECORD
MAXIMUM 4.88 1983
MINIMUM 0.07 2022
TOTALS 3.68 1.98 1.70 2.11
DAILY AVG. T 0.02 -0.02 T
DAYS >= .01 16 15.2 0.8 13
DAYS >= .10 9 5.6 3.4 6
DAYS >= .50 2 0.8 1.2 1
DAYS >= 1.00 0 0.2 -0.2 0
SNOWFALL (INCHES)
RECORDS
TOTAL 1.7 1955
TOTALS 0.0 0.0 0.0 0.0
DAYS >= 1.0 0 0.0 0.0 0
GREATEST
SNOW DEPTH 0 0
DEGREE DAYS
HEATING TOTAL 280 190 90 145
COOLING TOTAL 263 285 -22 425
..............................................................
WIND (MPH)
AVERAGE WIND SPEED 9.5
HIGHEST WIND SPEED/DIRECTION 38/150 DATE 08/21
HIGHEST GUST SPEED/DIRECTION 54/150 DATE 08/21
AVERAGE RH (PERCENT) 48
WEATHER CONDITIONS. NUMBER OF DAYS WITH
THUNDERSTORM 31 MIXED PRECIP 0
HEAVY RAIN 5 RAIN 8
LIGHT RAIN 31 FREEZING RAIN 0
LT FREEZING RAIN 0 HAIL 0
HEAVY SNOW 0 SNOW 0
LIGHT SNOW 0 SLEET 0
FOG 8 FOG W/VIS <= 1/4 MILE 0
HAZE 2
- INDICATES NEGATIVE NUMBERS.
R INDICATES RECORD WAS SET OR TIED.
MM INDICATES DATA IS MISSING.
T INDICATES TRACE AMOUNT.
=====================================================================
...COLDER THAN NORMAL METEOROLOGICAL SUMMER IN ELY...
...WETTER THAN NORMAL METEOROLOGICAL SUMMER IN ELY...
$$