000
CXUS53 KMKX 010810
CF6ENW
PRELIMINARY LOCAL CLIMATOLOGICAL DATA (WS FORM: F-6)
STATION: KENOSHA WI
MONTH: MARCH
YEAR: 2021
LATITUDE: 42 35 N
LONGITUDE: 87 56 W
TEMPERATURE IN F: :PCPN: SNOW: WIND :SUNSHINE: SKY :PK WND
================================================================================
1 2 3 4 5 6A 6B 7 8 9 10 11 12 13 14 15 16 17 18
12Z AVG MX 2MIN
DY MAX MIN AVG DEP HDD CDD WTR SNW DPTH SPD SPD DIR MIN PSBL S-S WX SPD DR
================================================================================
1 33 17 25 -5 40 0 0.00 M M 8.3 18 310 M M 2 27 300
2 41 13 27 -3 38 0 0.00 M M 12.0 25 240 M M 0 35 240
3 52 28 40 9 25 0 0.00 M M 7.2 18 250 M M 0 18 27 240
4 35 23 29 -2 36 0 0.00 M M 8.8 16 20 M M 5 18 22 30
5 47 19 33 2 32 0 0.00 M M 5.0 12 80 M M 1 1 15 310
6 44 21 33 1 32 0 0.00 M M 2.7 12 90 M M 0 18 15 90
7 44 22 33 1 32 0 0.00 M M 6.9 14 150 M M 3 128 19 150
8 59 36 48 16 17 0 0.00 M M 10.7 21 250 M M 1 33 220
9 65 35 50 17 15 0 0.00 M M 7.8 20 190 M M 0 18 26 200
10 67 56 62 29 3 0 T M M 17.8 31 210 M M 8 45 200
11 65 40 53 19 12 0 0.02 M M 18.7 32 240 M M 1 50 210
12 53 29 41 7 24 0 0.00 M M 7.4 17 330 M M 0 25 290
13 59 25 42 8 23 0 0.00 M M 6.7 17 280 M M 0 1 22 270
14 47 34 41 7 24 0 0.00 M M 15.9 24 40 M M 0 33 30
15 38 31 35 0 30 0 0.01 M M 18.1 28 100 M M 5 18 40 110
16 38 33 36 1 29 0 0.03 M M 5.4 10 50 M M 10 1 14 130
17 39 34 37 1 28 0 0.14 M M 11.0 23 30 M M 10 18 35 30
18 45 36 41 5 24 0 0.07 M M 21.9 31 20 M M 4 18 45 40
19 44 28 36 0 29 0 0.00 M M 8.6 20 70 M M 0 26 30
20 56 24 40 4 25 0 0.00 M M 7.1 14 140 M M 0 18 18 160
21 66 34 50 13 15 0 0.00 M M 9.6 21 180 M M 0 29 200
22 68 44 56 19 9 0 T M M 9.0 20 220 M M 3 29 220
23 64 44 54 16 11 0 0.29 M M 10.5 20 140 M M 8 1 29 140
24 59 46 53 15 12 0 0.04 M M 16.1 29 250 M M 9 1 42 210
25 47 37 42 4 23 0 0.05 M M 10.6 24 20 M M 10 36 30
26 41 34 38 0 27 0 0.01 M M 6.4 22 10 M M 10 37 360
27 53 38 46 7 19 0 0.01 M M 7.6 17 130 M M 8 18 24 140
28 50 28 39 0 26 0 0.01 M M 15.2 29 300 M M 6 18 43 290
29 64 26 45 5 20 0 M M M 14.8 28 190 M M 2 47 180
30 68 41 55 15 10 0 0.00 M M 19.4 30 200 M M 4 44 190
31 41 31 36 -4 29 0 0.00 M M 11.0 20 300 M M 6 27 290
================================================================================
SM 1592 987 719 0 0.68 M 338.2 M 116
================================================================================
AV 51.4 31.8 10.9 FASTST M M 4 MAX(MPH)
MISC ----> 32 240 50 210
================================================================================
NOTES:
# LAST OF SEVERAL OCCURRENCES
COLUMN 17 PEAK WIND IN M.P.H.
PRELIMINARY LOCAL CLIMATOLOGICAL DATA (WS FORM: F-6) , PAGE 2
STATION: KENOSHA WI
MONTH: MARCH
YEAR: 2021
LATITUDE: 42 35 N
LONGITUDE: 87 56 W
[TEMPERATURE DATA] [PRECIPITATION DATA] SYMBOLS USED IN COLUMN 16
AVERAGE MONTHLY: 41.6 TOTAL FOR MONTH: 0.68 1 = FOG OR MIST
DPTR FM NORMAL: 6.5 DPTR FM NORMAL: -1.42 2 = FOG REDUCING VISIBILITY
HIGHEST: 68 ON 30,22 GRTST 24HR 0.33 ON 23-24 TO 1/4 MILE OR LESS
LOWEST: 13 ON 2 3 = THUNDER
SNOW, ICE PELLETS, HAIL 4 = ICE PELLETS
TOTAL MONTH: M 5 = HAIL
GRTST 24HR M ON M 6 = FREEZING RAIN OR DRIZZLE
GRTST DEPTH: M ON M 7 = DUSTSTORM OR SANDSTORM:
VSBY 1/2 MILE OR LESS
8 = SMOKE OR HAZE
[NO. OF DAYS WITH] [WEATHER - DAYS WITH] 9 = BLOWING SNOW
X = TORNADO
MAX 32 OR BELOW: 0 0.01 INCH OR MORE: 11
MAX 90 OR ABOVE: 0 0.10 INCH OR MORE: 2
MIN 32 OR BELOW: 15 0.50 INCH OR MORE: 0
MIN 0 OR BELOW: 0 1.00 INCH OR MORE: 0
[HDD (BASE 65) ]
TOTAL THIS MO. 719 CLEAR (SCALE 0-3) 16
DPTR FM NORMAL -206 PTCLDY (SCALE 4-7) 10
TOTAL FM JUL 1 5387 CLOUDY (SCALE 8-10) 5
DPTR FM NORMAL -636
[CDD (BASE 65) ]
TOTAL THIS MO. 0
DPTR FM NORMAL 0 [PRESSURE DATA]
TOTAL FM JAN 1 0 HIGHEST SLP M ON M
DPTR FM NORMAL 0 LOWEST SLP 29.59 ON 24
[REMARKS]
#FINAL-03-21#