245
CXUS53 KMKX 010910
CF6ENW
PRELIMINARY LOCAL CLIMATOLOGICAL DATA (WS FORM: F-6)
STATION: KENOSHA WI
MONTH: JANUARY
YEAR: 2021
LATITUDE: 42 35 N
LONGITUDE: 87 56 W
TEMPERATURE IN F: :PCPN: SNOW: WIND :SUNSHINE: SKY :PK WND
================================================================================
1 2 3 4 5 6A 6B 7 8 9 10 11 12 13 14 15 16 17 18
12Z AVG MX 2MIN
DY MAX MIN AVG DEP HDD CDD WTR SNW DPTH SPD SPD DIR MIN PSBL S-S WX SPD DR
================================================================================
1 35 13 24 2 41 0 0.18 M M 10.6 21 60 M M 9 1268 30 20
2 33 28 31 9 34 0 0.00 0.0 M 5.6 12 340 M M 9 18 17 340
3 34 25 30 8 35 0 T M M 7.1 14 240 M M 10 18 18 250
4 29 22 26 4 39 0 T M M 8.1 14 250 M M 10 128 17 250
5 34 29 32 10 33 0 0.00 M M 5.7 10 280 M M 10 18 15 290
6 35 25 30 8 35 0 0.00 M M 3.5 9 260 M M 9 18 12 250
7 36 30 33 11 32 0 0.00 M M 7.7 12 360 M M 10 18 16 20
8 36 30 33 11 32 0 0.05 M M 9.5 16 340 M M 10 128 24 10
9 37 21 29 8 36 0 0.00 M M 5.0 10 330 M M 6 15 330
10 30 25 28 7 37 0 0.00 M M 6.5 13 250 M M 10 18 16 240
11 31 20 26 5 39 0 T M M 13.2 20 240 M M 8 18 28 230
12 36 25 31 10 34 0 0.00 M M 9.3 15 250 M M 1 18 24 240
13 40 31 36 15 29 0 0.00 M M 8.2 14 240 M M 4 19 240
14 40 27 34 13 31 0 0.22 M M 8.5 18 150 M M 4 128 25 160
15 38 33 36 15 29 0 T M M 6.2 13 190 M M 10 1 18 190
16 38 34 36 15 29 0 0.10 M M 8.2 15 300 M M 10 1 21 300
17 36 25 31 10 34 0 T M M 5.9 12 300 M M 10 8 17 300
18 31 21 26 5 39 0 0.00 M M 8.7 16 290 M M 9 21 280
19 30 19 25 4 40 0 T M M 10.1 18 320 M M 9 18 29 320
20 35 6 21 0 44 0 0.00 M M 14.5 23 200 M M 0 28 210
21 41 28 35 14 30 0 0.00 M M 17.0 30 270 M M 1 43 260
22 28 7 18 -3 47 0 0.00 M M 10.1 18 330 M M 0 27 320
23 30 4 17 -4 48 0 0.00 M M 5.1 10 150 M M 3 15 150
24 33 28 31 10 34 0 T M M 7.1 14 200 M M 10 18 20 160
25 34 21 28 7 37 0 T M M 13.8 30 70 M M 10 39 70
26 33 22 28 7 37 0 M M M 15.7 26 40 M M 10 1 36 50
27 28 7 18 -3 47 0 0.00 M M 8.3 14 330 M M 5 20 340
28 21 2 12 -10 53 0 0.00 M M 5.4 13 310 M M 2 8 15 300
29 33 5 19 -3 46 0 0.00 M M 5.8 13 140 M M 2 17 140
30 35 31 33 11 32 0 T M M 17.6 28 110 M M 7 18 38 100
31 33 28 31 9 34 0 0.18 M M 16.3 26 80 M M 10 128 35 100
================================================================================
SM 1043 672 1147 0 0.73 0.0 284.3 M 218
================================================================================
AV 33.6 21.7 9.2 FASTST M M 7 MAX(MPH)
MISC ----> # 30 270 43 260
================================================================================
NOTES:
# LAST OF SEVERAL OCCURRENCES
COLUMN 17 PEAK WIND IN M.P.H.
PRELIMINARY LOCAL CLIMATOLOGICAL DATA (WS FORM: F-6) , PAGE 2
STATION: KENOSHA WI
MONTH: JANUARY
YEAR: 2021
LATITUDE: 42 35 N
LONGITUDE: 87 56 W
[TEMPERATURE DATA] [PRECIPITATION DATA] SYMBOLS USED IN COLUMN 16
AVERAGE MONTHLY: 27.7 TOTAL FOR MONTH: 0.73 1 = FOG OR MIST
DPTR FM NORMAL: 6.3 DPTR FM NORMAL: -0.41 2 = FOG REDUCING VISIBILITY
HIGHEST: 41 ON 21 GRTST 24HR 0.38 ON 1- 1 TO 1/4 MILE OR LESS
LOWEST: 2 ON 28 3 = THUNDER
SNOW, ICE PELLETS, HAIL 4 = ICE PELLETS
TOTAL MONTH: 0.0 INCH 5 = HAIL
GRTST 24HR 0.0 6 = FREEZING RAIN OR DRIZZLE
GRTST DEPTH: M ON M 7 = DUSTSTORM OR SANDSTORM:
VSBY 1/2 MILE OR LESS
8 = SMOKE OR HAZE
[NO. OF DAYS WITH] [WEATHER - DAYS WITH] 9 = BLOWING SNOW
X = TORNADO
MAX 32 OR BELOW: 9 0.01 INCH OR MORE: 5
MAX 90 OR ABOVE: 0 0.10 INCH OR MORE: 4
MIN 32 OR BELOW: 29 0.50 INCH OR MORE: 0
MIN 0 OR BELOW: 0 1.00 INCH OR MORE: 0
[HDD (BASE 65) ]
TOTAL THIS MO. 1147 CLEAR (SCALE 0-3) 6
DPTR FM NORMAL -204 PTCLDY (SCALE 4-7) 6
TOTAL FM JUL 1 3353 CLOUDY (SCALE 8-10) 19
DPTR FM NORMAL -640
[CDD (BASE 65) ]
TOTAL THIS MO. 0
DPTR FM NORMAL 0 [PRESSURE DATA]
TOTAL FM JAN 1 0 HIGHEST SLP 30.72 ON 28
DPTR FM NORMAL 0 LOWEST SLP 29.41 ON 15
[REMARKS]
#FINAL-01-21#