000
CXUS51 KCLE 051812
CLSERI
CLIMATE REPORT
NATIONAL WEATHER SERVICE CLEVELAND, OH
112 PM EST MON DEC 05 2022
...................................
...THE ERIE PA CLIMATE SUMMARY FOR THE SEASON, FROM
9/1/2022 TO 11/30/2022...
CLIMATE NORMAL PERIOD 1991 TO 2020
CLIMATE RECORD PERIOD 1873 TO 2022
WEATHER OBSERVED NORMAL DEPART
VALUE DATE(S) VALUE FROM
NORMAL
................................................
TEMPERATURE (F)
RECORD
HIGH 99 09/03/1953
LOW 6 11/30/1929
11/22/1880
HIGHEST 85 09/03
LOWEST 20 11/21
AVG. MAXIMUM 61.3 62.1 -0.8
AVG. MINIMUM 45.8 46.6 -0.8
MEAN 53.6 54.4 -0.8
DAYS MAX >= 90 0 0.6
DAYS MAX <= 32 2 1.0
DAYS MIN <= 32 12 9.6
DAYS MIN <= 0 0 0.0
PRECIPITATION (INCHES)
RECORD
MAXIMUM 20.91 1979
MINIMUM 4.52 1908
TOTALS 20.50 12.45 8.05
DAYS >= .01 39 39.3
DAYS >= .10 26 25.4
DAYS >= .50 13 8.1
DAYS >= 1.00 6 2.4
SNOWFALL (INCHES)
RECORDS
TOTAL 46.9 1950
TOTALS 22.9 9.7
DAYS >= TRACE 11
DAYS >= 1.0 6 2.3
DEGREE DAYS
HEATING TOTAL 1105 1072 33
COOLING TOTAL 83 104 -21
................................................
WIND (MPH)
HIGHEST GUST SPEED/DIRECTION 46/250 DATE 11/30
SKY COVER
POSSIBLE SUNSHINE (PERCENT) MM
NUMBER OF DAYS FAIR 41
NUMBER OF DAYS PC 20
NUMBER OF DAYS CLOUDY 30
WEATHER CONDITIONS. NUMBER OF DAYS WITH
THUNDERSTORM 8 MIXED PRECIP 0
HEAVY RAIN 14 RAIN 22
LIGHT RAIN 40 FREEZING RAIN 0
LT FREEZING RAIN 0 HAIL 0
HEAVY SNOW 5 SNOW 6
LIGHT SNOW 11 SLEET 0
FOG 43 FOG W/VIS <= 1/4 MILE 9
HAZE 20
- INDICATES NEGATIVE NUMBERS.
R INDICATES RECORD WAS SET OR TIED.
MM INDICATES DATA IS MISSING.
T INDICATES TRACE AMOUNT.
$$