000
CXUS54 KEWX 132133
CF6ERV
PRELIMINARY LOCAL CLIMATOLOGICAL DATA (WS FORM: F-6)
STATION: KERRVILLE
MONTH: DECEMBER
YEAR: 2020
LATITUDE: 29 58 N
LONGITUDE: 99 5 W
TEMPERATURE IN F: :PCPN: SNOW: WIND :SUNSHINE: SKY :PK WND
================================================================================
1 2 3 4 5 6A 6B 7 8 9 10 11 12 13 14 15 16 17 18
12Z AVG MX 2MIN
DY MAX MIN AVG DEP HDD CDD WTR SNW DPTH SPD SPD DIR MIN PSBL S-S WX SPD DR
================================================================================
1 59 19 39 M 26 0 0.00 M M 7.0 18 150 M M 0 22 180
2 56 37 47 M 18 0 0.00 M M 6.3 12 310 M M 1 M M
3 51 33 42 M 23 0 0.00 M M 10.0 15 350 M M 0 24 350
4 59 26 43 M 22 0 M M M 2.7 9 340 M M 0 M M
5 51 31 41 M 24 0 M M M 1.6 7 340 M M 6 M M
6 64 31 48 M 17 0 0.00 M M 5.1 16 320 M M 0 22 320
7 72 27 50 M 15 0 0.00 M M 3.4 7 360 M M 0 M M
8 78 31 55 M 10 0 0.00 0.0 0 4.0 12 330 M M 0 16 330
9 79 29 54 M 11 0 M M M 3.6 12 160 M M 0 18 170
10 76 31 54 M 11 0 M M M 6.1 15 160 M M 0 20 200
11 72 44 58 M 7 0 M M M 3.6 13 170 M M 5 21 160
12 67 36 52 M 13 0 M M M 4.5 10 110 M M 1 1 16 110
13 72 38 55 M 10 0 M M M 13.1 26 350 M M 5 12 36 310
14 58 28 43 M 22 0 M M M 6.6 20 340 M M 0 32 340
15 67 33 50 M 15 0 M M M 9.8 20 330 M M 4 1 29 330
16 59 28 44 M 21 0 M M M 7.8 23 340 M M 0 32 340
17 63 22 43 M 22 0 M M M 3.6 12 190 M M 0 16 210
18 61 33 47 M 18 0 M M M 8.0 21 150 M M 8 25 170
19 72 36 54 M 11 0 0.62 M M 5.4 15 320 M M 5 1 23 320
20 72 29 51 M 14 0 M M M 4.5 10 280 M M 0 10 280
21 76 28 52 M 13 0 M M M 2.7 10 170 M M 0 16 190
22 69 36 53 M 12 0 M M M 6.0 17 160 M M 6 22 160
23 78 42 60 M 5 0 M M M 9.6 22 350 M M 5 32 360
24 54 29 42 M 23 0 0.00 M M 10.8 27 340 M M 0 32 340
25 72 26 49 M 16 0 0.00 M M 2.9 9 170 M M 0 M M
26 66 28 47 M 18 0 M M M 6.4 18 170 M M 0 23 190
27 74 41 58 M 7 0 M M M 6.9 15 200 M M 0 22 190
28 74 41 58 M 7 0 M M M 9.6 18 150 M M 9 1 27 140
29 72 61 67 M 0 2 0.01 M M 16.7 23 150 M M 10 30 150
30 64 41 53 M 12 0 0.22 M M 11.8 21 150 M M 10 28 350
31 41 32 37 M 28 0 0.29 M M 10.8 22 350 M M 10 13 29 350
================================================================================
SM 2048 1027 471 2 1.14 0.0 210.9 M 85
================================================================================
AV 66.1 33.1 6.8 FASTST M M 3 MAX(MPH)
MISC ----> 27 340 36 310
================================================================================
NOTES:
# LAST OF SEVERAL OCCURRENCES
COLUMN 17 PEAK WIND IN M.P.H.
PRELIMINARY LOCAL CLIMATOLOGICAL DATA (WS FORM: F-6) , PAGE 2
STATION: KERRVILLE
MONTH: DECEMBER
YEAR: 2020
LATITUDE: 29 58 N
LONGITUDE: 99 5 W
[TEMPERATURE DATA] [PRECIPITATION DATA] SYMBOLS USED IN COLUMN 16
AVERAGE MONTHLY: 49.6 TOTAL FOR MONTH: 1.14 1 = FOG OR MIST
DPTR FM NORMAL: 0.0 DPTR FM NORMAL: M 2 = FOG REDUCING VISIBILITY
HIGHEST: 79 ON 9 GRTST 24HR 0.62 ON 19-19 TO 1/4 MILE OR LESS
LOWEST: 19 ON 1 3 = THUNDER
SNOW, ICE PELLETS, HAIL 4 = ICE PELLETS
TOTAL MONTH: 0.0 INCH 5 = HAIL
GRTST 24HR 0.0 6 = FREEZING RAIN OR DRIZZLE
GRTST DEPTH: 0 7 = DUSTSTORM OR SANDSTORM:
VSBY 1/2 MILE OR LESS
8 = SMOKE OR HAZE
[NO. OF DAYS WITH] [WEATHER - DAYS WITH] 9 = BLOWING SNOW
X = TORNADO
MAX 32 OR BELOW: 0 0.01 INCH OR MORE: 4
MAX 90 OR ABOVE: 0 0.10 INCH OR MORE: 3
MIN 32 OR BELOW: 17 0.50 INCH OR MORE: 1
MIN 0 OR BELOW: 0 1.00 INCH OR MORE: 0
[HDD (BASE 65) ]
TOTAL THIS MO. 471 CLEAR (SCALE 0-3) 19
DPTR FM NORMAL M PTCLDY (SCALE 4-7) 8
TOTAL FM JUL 1 735 CLOUDY (SCALE 8-10) 4
DPTR FM NORMAL M
[CDD (BASE 65) ]
TOTAL THIS MO. 2
DPTR FM NORMAL M [PRESSURE DATA]
TOTAL FM JAN 1 2675 HIGHEST SLP M ON M
DPTR FM NORMAL M LOWEST SLP M ON M
[REMARKS]
#FINAL-12-20#