000
CXUS54 KEWX 011010
CF6ERV
PRELIMINARY LOCAL CLIMATOLOGICAL DATA (WS FORM: F-6)
STATION: KERRVILLE
MONTH: AUGUST
YEAR: 2023
LATITUDE: 29 58 N
LONGITUDE: 99 5 W
TEMPERATURE IN F: :PCPN: SNOW: WIND :SUNSHINE: SKY :PK WND
================================================================================
1 2 3 4 5 6A 6B 7 8 9 10 11 12 13 14 15 16 17 18
12Z AVG MX 2MIN
DY MAX MIN AVG DEP HDD CDD WTR SNW DPTH SPD SPD DIR MIN PSBL S-S WX SPD DR
================================================================================
1 101 73 87 M 0 22 M M M 6.2 13 150 M M 0 23 0
2 100 74 87 M 0 22 M M M 8.1 15 150 M M 0 21 160
3 98 74 86 M 0 21 M M M 8.2 16 150 M M 2 20 160
4 102 75 89 M 0 24 M M M 8.8 17 150 M M 0 22 140
5 102 73 88 M 0 23 M M M 8.3 17 150 M M 0 23 170
6 102 74 88 M 0 23 M M M 9.2 15 160 M M 0 25 170
7 103 74 89 M 0 24 M M M 9.2 17 150 M M 0 24 150
8 103 75 89 M 0 24 M M M 10.4 22 140 M M 2 25 140
9 103 75 89 M 0 24 M M M 10.8 17 180 M M 2 28 170
10 104 76 90 M 0 25 M M M 10.4 14 180 M M 2 21 150
11 103 76 90 M 0 25 M M M 10.0 14 170 M M 3 27 160
12 102 76 89 M 0 24 M M M 11.8 20 150 M M 2 24 150
13 101 76 89 M 0 24 M M M 10.9 15 150 M M 3 23 150
14 104 73 89 M 0 24 M M M 6.7 12 180 M M 1 17 160
15 100 74 87 M 0 22 M M M 4.2 10 50 M M 0 18 300
16 102 69 86 M 0 21 M M M 3.8 13 200 M M 1 M M
17 105 74 90 M 0 25 M M M 5.4 14 180 M M 1 17 70
18 103 68 86 M 0 21 M M M 5.4 14 150 M M 0 21 0
19 102 68 85 M 0 20 M M M 5.1 10 150 M M 1 20 120
20 102 70 86 M 0 21 M M M 4.6 12 130 M M 1 23 140
21 105 73 89 M 0 24 M M M 5.7 18 100 M M 2 25 100
22 93 75 84 M 0 19 0.12 M M 5.8 20 70 M M 4 28 50
23 96 75 86 M 0 21 M M M 7.1 15 140 M M 6 21 160
24 100 69 85 M 0 20 M M M 5.5 17 150 M M 2 22 150
25 103 70 87 M 0 22 M M M 3.1 13 120 M M 1 23 120
26 103 70 87 M 0 22 M M M 3.1 12 170 M M 1 23 40
27 105 71 88 M 0 23 M M M 4.5 25 350 M M 2 31 350
28 98 70 84 M 0 19 M M M 4.5 13 210 M M 2 28 180
29 96 66 81 M 0 16 M M M 4.4 15 50 M M 1 22 50
30 98 63 81 M 0 16 M M M 3.9 13 350 M M 2 18 350
31 101 65 83 M 0 18 0.03 M M 3.8 9 100 M M 2 M M
================================================================================
SM 3140 2234 0 679 0.15 M 208.8 M 46
================================================================================
AV101.3 72.1 6.7 FASTST M M 1 MAX(MPH)
MISC ----> 25 350 31 350
================================================================================
NOTES:
# LAST OF SEVERAL OCCURRENCES
COLUMN 17 PEAK WIND IN M.P.H.
PRELIMINARY LOCAL CLIMATOLOGICAL DATA (WS FORM: F-6) , PAGE 2
STATION: KERRVILLE
MONTH: AUGUST
YEAR: 2023
LATITUDE: 29 58 N
LONGITUDE: 99 5 W
[TEMPERATURE DATA] [PRECIPITATION DATA] SYMBOLS USED IN COLUMN 16
AVERAGE MONTHLY: 86.7 TOTAL FOR MONTH: 0.15 1 = FOG OR MIST
DPTR FM NORMAL: 0.0 DPTR FM NORMAL: M 2 = FOG REDUCING VISIBILITY
HIGHEST: 105 ON 27,21 GRTST 24HR 0.12 ON 22-22 TO 1/4 MILE OR LESS
LOWEST: 63 ON 30 3 = THUNDER
SNOW, ICE PELLETS, HAIL 4 = ICE PELLETS
TOTAL MONTH: M 5 = HAIL
GRTST 24HR M ON M 6 = FREEZING RAIN OR DRIZZLE
GRTST DEPTH: M ON M 7 = DUSTSTORM OR SANDSTORM:
VSBY 1/2 MILE OR LESS
8 = SMOKE OR HAZE
[NO. OF DAYS WITH] [WEATHER - DAYS WITH] 9 = BLOWING SNOW
X = TORNADO
MAX 32 OR BELOW: 0 0.01 INCH OR MORE: 2
MAX 90 OR ABOVE: 31 0.10 INCH OR MORE: 1
MIN 32 OR BELOW: 0 0.50 INCH OR MORE: 0
MIN 0 OR BELOW: 0 1.00 INCH OR MORE: 0
[HDD (BASE 65) ]
TOTAL THIS MO. 0 CLEAR (SCALE 0-3) 29
DPTR FM NORMAL M PTCLDY (SCALE 4-7) 2
TOTAL FM JUL 1 0 CLOUDY (SCALE 8-10) 0
DPTR FM NORMAL M
[CDD (BASE 65) ]
TOTAL THIS MO. 679
DPTR FM NORMAL M [PRESSURE DATA]
TOTAL FM JAN 1 2347 HIGHEST SLP M ON M
DPTR FM NORMAL M LOWEST SLP M ON M
[REMARKS]
#FINAL-08-23#